794
CDUS43 KICT 210626
CLIICT


CLIMATE REPORT
NATIONAL WEATHER SERVICE WICHITA KS
126 AM CDT MON MAY 21 2018


...................................

...THE WICHITA EISENHOWER NATIONAL CLIMATE SUMMARY FOR MAY 20 2018...

CLIMATE NORMAL PERIOD 1981 TO 2010
CLIMATE RECORD PERIOD 1888 TO 2018


WEATHER ITEM   OBSERVED TIME   RECORD YEAR NORMAL DEPARTURE LAST
                VALUE   (LST)  VALUE       VALUE  FROM      YEAR
                                                  NORMAL
..................................................................
TEMPERATURE (F)
 YESTERDAY
  MAXIMUM         76    911 PM  98    1956  78     -2       63
  MINIMUM         58   1107 AM  37    1968  57      1       48
  AVERAGE         67                        67      0       56

PRECIPITATION (IN)
  YESTERDAY        0.16          2.46 1899   0.16   0.00      T
  MONTH TO DATE    2.18                      2.82  -0.64     4.23
  SINCE MAR 1      5.06                      8.10  -3.04    15.01
  SINCE JAN 1      5.54                     10.11  -4.57    18.63

SNOWFALL (IN)
  YESTERDAY        0.0           0.0  2007   0.0    0.0      0.0
                                      2001
  MONTH TO DATE    0.0                       0.0    0.0      0.0
  SINCE MAR 1      1.0                       2.5   -1.5       T
  SINCE JUL 1      2.0                      14.9  -12.9      2.0
  SNOW DEPTH       0

DEGREE DAYS
 HEATING
  YESTERDAY        0                         2     -2        9
  MONTH TO DATE    0                        66    -66       54
  SINCE MAR 1    921                       934    -13      719
  SINCE JUL 1   4277                      4574   -297     3563

 COOLING
  YESTERDAY        2                         4     -2        0
  MONTH TO DATE  183                        52    131       62
  SINCE MAR 1    202                        78    124      107
  SINCE JAN 1    202                        78    124      107
..................................................................


WIND (MPH)
  HIGHEST WIND SPEED    23   HIGHEST WIND DIRECTION    NW (330)
  HIGHEST GUST SPEED    28   HIGHEST GUST DIRECTION     N (360)
  AVERAGE WIND SPEED     9.3


SKY COVER
  POSSIBLE SUNSHINE  MM
  AVERAGE SKY COVER 0.9


WEATHER CONDITIONS
 THE FOLLOWING WEATHER WAS RECORDED YESTERDAY.
  HEAVY RAIN
  RAIN
  LIGHT RAIN
  FOG


RELATIVE HUMIDITY (PERCENT)
 HIGHEST    97          1000 PM
 LOWEST     69          1200 AM
 AVERAGE    83

..........................................................


THE WICHITA EISENHOWER NATIONAL CLIMATE NORMALS FOR TODAY
                         NORMAL    RECORD    YEAR
 MAXIMUM TEMPERATURE (F)   78        99      1925
 MINIMUM TEMPERATURE (F)   57        36      1967


SUNRISE AND SUNSET
MAY 21 2018...........SUNRISE   616 AM CDT   SUNSET   837 PM CDT
MAY 22 2018...........SUNRISE   615 AM CDT   SUNSET   838 PM CDT


-  INDICATES NEGATIVE NUMBERS.
R  INDICATES RECORD WAS SET OR TIED.
MM INDICATES DATA IS MISSING.
T  INDICATES TRACE AMOUNT.




$$
