186
CDUS43 KICT 200633
CLIICT


CLIMATE REPORT
NATIONAL WEATHER SERVICE WICHITA KS
133 AM CDT FRI APR 20 2018


...................................

...THE WICHITA EISENHOWER NATIONAL CLIMATE SUMMARY FOR APRIL 19 2018...

CLIMATE NORMAL PERIOD 1981 TO 2010
CLIMATE RECORD PERIOD 1888 TO 2018


WEATHER ITEM   OBSERVED TIME   RECORD YEAR NORMAL DEPARTURE LAST
                VALUE   (LST)  VALUE       VALUE  FROM      YEAR
                                                  NORMAL
..................................................................
TEMPERATURE (F)
 YESTERDAY
  MAXIMUM         61    430 PM  91    1987  69     -8       82
  MINIMUM         31R   306 AM  31    2013  46    -15       61
  AVERAGE         46                        57    -11       72

PRECIPITATION (IN)
  YESTERDAY        0.00          1.82 2003   0.09  -0.09     0.37
  MONTH TO DATE    0.14                      1.48  -1.34     4.17
  SINCE MAR 1      1.26                      4.17  -2.91     7.67
  SINCE JAN 1      1.74                      6.18  -4.44    11.29

SNOWFALL (IN)
  YESTERDAY        0.0           T    1955   0.0    0.0      0.0
  MONTH TO DATE    1.0                       0.2    0.8      0.0
  SINCE MAR 1      1.0                       2.5   -1.5       T
  SINCE JUL 1      2.0                      14.9  -12.9      2.0
  SNOW DEPTH       0

DEGREE DAYS
 HEATING
  YESTERDAY       19                         9     10        0
  MONTH TO DATE  350                       215    135      116
  SINCE MAR 1    832                       792     40      545
  SINCE JUL 1   4188                      4432   -244     3389

 COOLING
  YESTERDAY        0                         1     -1        7
  MONTH TO DATE    8                        12     -4       27
  SINCE MAR 1      8                        14     -6       45
  SINCE JAN 1      8                        14     -6       45
..................................................................


WIND (MPH)
  HIGHEST WIND SPEED    22   HIGHEST WIND DIRECTION     N (20)
  HIGHEST GUST SPEED    24   HIGHEST GUST DIRECTION    NE (30)
  AVERAGE WIND SPEED    10.3


SKY COVER
  POSSIBLE SUNSHINE  MM
  AVERAGE SKY COVER 0.2


WEATHER CONDITIONS
 THE FOLLOWING WEATHER WAS RECORDED YESTERDAY.
  HAZE


RELATIVE HUMIDITY (PERCENT)
 HIGHEST    82           500 AM
 LOWEST     29           300 PM
 AVERAGE    56

..........................................................


THE WICHITA EISENHOWER NATIONAL CLIMATE NORMALS FOR TODAY
                         NORMAL    RECORD    YEAR
 MAXIMUM TEMPERATURE (F)   69        93      1961
 MINIMUM TEMPERATURE (F)   46        31      1978
                                             1966
                                             1918


SUNRISE AND SUNSET
APRIL 20 2018.........SUNRISE   648 AM CDT   SUNSET   810 PM CDT
APRIL 21 2018.........SUNRISE   646 AM CDT   SUNSET   811 PM CDT


-  INDICATES NEGATIVE NUMBERS.
R  INDICATES RECORD WAS SET OR TIED.
MM INDICATES DATA IS MISSING.
T  INDICATES TRACE AMOUNT.




$$
