168
CDUS43 KICT 150630
CLIICT


CLIMATE REPORT
NATIONAL WEATHER SERVICE WICHITA KS
130 AM CDT SUN APR 15 2018


...................................

...THE WICHITA EISENHOWER NATIONAL CLIMATE SUMMARY FOR APRIL 14 2018...

CLIMATE NORMAL PERIOD 1981 TO 2010
CLIMATE RECORD PERIOD 1888 TO 2018


WEATHER ITEM   OBSERVED TIME   RECORD YEAR NORMAL DEPARTURE LAST
                VALUE   (LST)  VALUE       VALUE  FROM      YEAR
                                                  NORMAL
..................................................................
TEMPERATURE (F)
 YESTERDAY
  MAXIMUM         39    129 PM  93    1936  67    -28       79
  MINIMUM         29   1109 PM  25    1928  44    -15       57
  AVERAGE         34                        56    -22       68

PRECIPITATION (IN)
  YESTERDAY        T             1.83 1918   0.08  -0.08      T
  MONTH TO DATE    0.14                      1.06  -0.92     1.75
  SINCE MAR 1      1.26                      3.75  -2.49     5.25
  SINCE JAN 1      1.74                      5.76  -4.02     8.87

SNOWFALL (IN)
  YESTERDAY        T             0.8  2007   0.0    0.0      0.0
  MONTH TO DATE    1.0                       0.2    0.8      0.0
  SINCE MAR 1      1.0                       2.5   -1.5       T
  SINCE JUL 1      2.0                      14.9  -12.9      2.0
  SNOW DEPTH       0

DEGREE DAYS
 HEATING
  YESTERDAY       31                        10     21        0
  MONTH TO DATE  271                       168    103      115
  SINCE MAR 1    753                       745      8      544
  SINCE JUL 1   4109                      4385   -276     3388

 COOLING
  YESTERDAY        0                         1     -1        3
  MONTH TO DATE    7                         7      0       10
  SINCE MAR 1      7                         9     -2       28
  SINCE JAN 1      7                         9     -2       28
..................................................................


WIND (MPH)
  HIGHEST WIND SPEED    38   HIGHEST WIND DIRECTION    NW (320)
  HIGHEST GUST SPEED    47   HIGHEST GUST DIRECTION    NW (320)
  AVERAGE WIND SPEED    27.7


SKY COVER
  POSSIBLE SUNSHINE  MM
  AVERAGE SKY COVER 1.0


WEATHER CONDITIONS
 THE FOLLOWING WEATHER WAS RECORDED YESTERDAY.
  LIGHT SNOW


RELATIVE HUMIDITY (PERCENT)
 HIGHEST    78           400 AM
 LOWEST     56           600 PM
 AVERAGE    67

..........................................................


THE WICHITA EISENHOWER NATIONAL CLIMATE NORMALS FOR TODAY
                         NORMAL    RECORD    YEAR
 MAXIMUM TEMPERATURE (F)   68        95      2006
 MINIMUM TEMPERATURE (F)   44        25      1983


SUNRISE AND SUNSET
APRIL 15 2018.........SUNRISE   655 AM CDT   SUNSET   805 PM CDT
APRIL 16 2018.........SUNRISE   653 AM CDT   SUNSET   806 PM CDT


-  INDICATES NEGATIVE NUMBERS.
R  INDICATES RECORD WAS SET OR TIED.
MM INDICATES DATA IS MISSING.
T  INDICATES TRACE AMOUNT.




$$
