000
CDUS43 KICT 120626
CLIICT


CLIMATE REPORT
NATIONAL WEATHER SERVICE WICHITA KS
126 AM CDT THU APR 12 2018


...................................

...THE WICHITA EISENHOWER NATIONAL CLIMATE SUMMARY FOR APRIL 11 2018...

CLIMATE NORMAL PERIOD 1981 TO 2010
CLIMATE RECORD PERIOD 1888 TO 2018


WEATHER ITEM   OBSERVED TIME   RECORD YEAR NORMAL DEPARTURE LAST
                VALUE   (LST)  VALUE       VALUE  FROM      YEAR
                                                  NORMAL
..................................................................
TEMPERATURE (F)
 YESTERDAY
  MAXIMUM         81    314 PM  87    1996  66     15       71
  MINIMUM         49    634 AM  24    1940  43      6       38
  AVERAGE         65                        55     10       55

PRECIPITATION (IN)
  YESTERDAY        0.00          1.07 1943   0.07  -0.07     0.00
  MONTH TO DATE    0.14                      0.82  -0.68     1.72
  SINCE MAR 1      1.26                      3.51  -2.25     5.22
  SINCE JAN 1      1.74                      5.52  -3.78     8.84

SNOWFALL (IN)
  YESTERDAY        0.0           0.4  1900   0.1   -0.1      0.0
  MONTH TO DATE    1.0                       0.2    0.8      0.0
  SINCE MAR 1      1.0                       2.5   -1.5       T
  SINCE JUL 1      2.0                      14.9  -12.9      2.0
  SNOW DEPTH       0

DEGREE DAYS
 HEATING
  YESTERDAY        0                        11    -11       10
  MONTH TO DATE  234                       137     97      112
  SINCE MAR 1    716                       714      2      541
  SINCE JUL 1   4072                      4354   -282     3385

 COOLING
  YESTERDAY        0                         1     -1        0
  MONTH TO DATE    0                         4     -4        7
  SINCE MAR 1      0                         6     -6       25
  SINCE JAN 1      0                         6     -6       25
..................................................................


WIND (MPH)
  HIGHEST WIND SPEED    36   HIGHEST WIND DIRECTION     S (190)
  HIGHEST GUST SPEED    44   HIGHEST GUST DIRECTION     S (190)
  AVERAGE WIND SPEED    18.8


SKY COVER
  POSSIBLE SUNSHINE  MM
  AVERAGE SKY COVER 0.8


WEATHER CONDITIONS
 THE FOLLOWING WEATHER WAS RECORDED YESTERDAY.
  NO SIGNIFICANT WEATHER WAS OBSERVED.


RELATIVE HUMIDITY (PERCENT)
 HIGHEST    56           600 AM
 LOWEST     28           100 PM
 AVERAGE    42

..........................................................


THE WICHITA EISENHOWER NATIONAL CLIMATE NORMALS FOR TODAY
                         NORMAL    RECORD    YEAR
 MAXIMUM TEMPERATURE (F)   67        96      1972
 MINIMUM TEMPERATURE (F)   43        21      1940


SUNRISE AND SUNSET
APRIL 12 2018.........SUNRISE   659 AM CDT   SUNSET   803 PM CDT
APRIL 13 2018.........SUNRISE   657 AM CDT   SUNSET   803 PM CDT


-  INDICATES NEGATIVE NUMBERS.
R  INDICATES RECORD WAS SET OR TIED.
MM INDICATES DATA IS MISSING.
T  INDICATES TRACE AMOUNT.




$$
