000
CDUS43 KICT 072209
CLIICT


CLIMATE REPORT
NATIONAL WEATHER SERVICE WICHITA KS
509 PM CDT SAT APR 7 2018


...................................

...THE WICHITA EISENHOWER NATIONAL CLIMATE SUMMARY FOR APRIL 7 2018...
VALID TODAY AS OF 0500 PM LOCAL TIME.

CLIMATE NORMAL PERIOD 1981 TO 2010
CLIMATE RECORD PERIOD 1888 TO 2018


WEATHER ITEM   OBSERVED TIME   RECORD YEAR NORMAL DEPARTURE LAST
                VALUE   (LST)  VALUE       VALUE  FROM      YEAR
                                                  NORMAL
..................................................................
TEMPERATURE (F)
 TODAY
  MAXIMUM         45    350 PM  91    1890  65    -20       71
  MINIMUM         18R   541 AM  21    2009  42    -24       36
  AVERAGE         32                        53    -21       54

PRECIPITATION (IN)
  TODAY            0.02          1.15 1913   0.07  -0.05     0.00
  MONTH TO DATE    0.07                      0.53  -0.46     1.72
  SINCE MAR 1      1.19                      3.22  -2.03     5.22
  SINCE JAN 1      1.67                      5.23  -3.56     8.84

SNOWFALL (IN)
  TODAY           MM             5.3  1916   0.0   MM        0.0
  MONTH TO DATE    0.8                       0.1    0.7      0.0
  SINCE MAR 1      0.8                       2.4   -1.6       T
  SINCE JUL 1      1.8                      14.8  -13.0      2.0
  SNOW DEPTH       1

DEGREE DAYS
 HEATING
  TODAY           33                        12     21       11
  MONTH TO DATE  175                        91     84       94
  SINCE MAR 1    657                       668    -11      523
  SINCE JUL 1   4013                      4308   -295     3367

 COOLING
  TODAY            0                         0      0        0
  MONTH TO DATE    0                         0      0        0
  SINCE MAR 1      0                         2     -2       18
  SINCE JAN 1      0                         2     -2       18
..................................................................


WIND (MPH)
  HIGHEST WIND SPEED    24   HIGHEST WIND DIRECTION     N (20)
  HIGHEST GUST SPEED    30   HIGHEST GUST DIRECTION     N (20)
  AVERAGE WIND SPEED    12.2


SKY COVER
  POSSIBLE SUNSHINE  MM
  AVERAGE SKY COVER 0.6


WEATHER CONDITIONS
 THE FOLLOWING WEATHER WAS RECORDED TODAY.
  SNOW
  LIGHT SNOW
  FOG


RELATIVE HUMIDITY (PERCENT)
 HIGHEST   100          1200 AM
 LOWEST     33           300 PM
 AVERAGE    67

..........................................................


THE WICHITA EISENHOWER NATIONAL CLIMATE NORMALS FOR TOMORROW
                         NORMAL    RECORD    YEAR
 MAXIMUM TEMPERATURE (F)   65        89      1905
 MINIMUM TEMPERATURE (F)   42        22      2007


SUNRISE AND SUNSET
APRIL  7 2018.........SUNRISE   706 AM CDT   SUNSET   758 PM CDT
APRIL  8 2018.........SUNRISE   705 AM CDT   SUNSET   759 PM CDT


-  INDICATES NEGATIVE NUMBERS.
R  INDICATES RECORD WAS SET OR TIED.
MM INDICATES DATA IS MISSING.
T  INDICATES TRACE AMOUNT.




$$
