000
CDUS43 KICT 062203
CLIICT


CLIMATE REPORT
NATIONAL WEATHER SERVICE WICHITA KS
503 PM CDT SUN MAY 6 2018


...................................

...THE WICHITA EISENHOWER NATIONAL CLIMATE SUMMARY FOR MAY 6 2018...
VALID TODAY AS OF 0500 PM LOCAL TIME.

CLIMATE NORMAL PERIOD 1981 TO 2010
CLIMATE RECORD PERIOD 1888 TO 2018


WEATHER ITEM   OBSERVED TIME   RECORD YEAR NORMAL DEPARTURE LAST
                VALUE   (LST)  VALUE       VALUE  FROM      YEAR
                                                  NORMAL
..................................................................
TEMPERATURE (F)
 TODAY
  MAXIMUM         88    248 PM  99    2014  74     14       84
  MINIMUM         54    538 AM  33    1944  52      2       49
  AVERAGE         71                        63      8       67

PRECIPITATION (IN)
  TODAY            0.00          1.88 1930   0.14  -0.14     0.00
  MONTH TO DATE    1.09                      0.79   0.30     0.95
  SINCE MAR 1      3.97                      6.07  -2.10    11.73
  SINCE JAN 1      4.45                      8.08  -3.63    15.35

SNOWFALL (IN)
  TODAY            0.0           T    2008   0.0    0.0      0.0
  MONTH TO DATE    0.0                       0.0    0.0      0.0
  SINCE MAR 1      1.0                       2.5   -1.5       T
  SINCE JUL 1      2.0                      14.9  -12.9      2.0
  SNOW DEPTH       0

DEGREE DAYS
 HEATING
  TODAY            0                         4     -4        0
  MONTH TO DATE    0                        27    -27       39
  SINCE MAR 1    921                       895     26      704
  SINCE JUL 1   4277                      4535   -258     3548

 COOLING
  TODAY            6                         2      4        2
  MONTH TO DATE   30                        10     20        2
  SINCE MAR 1     49                        36     13       47
  SINCE JAN 1     49                        36     13       47
..................................................................


WIND (MPH)
  HIGHEST WIND SPEED    15   HIGHEST WIND DIRECTION    SW (210)
  HIGHEST GUST SPEED    18   HIGHEST GUST DIRECTION    SW (220)
  AVERAGE WIND SPEED     7.1


SKY COVER
  POSSIBLE SUNSHINE  MM
  AVERAGE SKY COVER 0.5


WEATHER CONDITIONS
 THE FOLLOWING WEATHER WAS RECORDED TODAY.
  NO SIGNIFICANT WEATHER WAS OBSERVED.


RELATIVE HUMIDITY (PERCENT)
 HIGHEST    77           300 AM
 LOWEST     26           300 PM
 AVERAGE    52

..........................................................


THE WICHITA EISENHOWER NATIONAL CLIMATE NORMALS FOR TOMORROW
                         NORMAL    RECORD    YEAR
 MAXIMUM TEMPERATURE (F)   74        96      2014
 MINIMUM TEMPERATURE (F)   52        37      1908
                                             1890


SUNRISE AND SUNSET
MAY  6 2018...........SUNRISE   629 AM CDT   SUNSET   824 PM CDT
MAY  7 2018...........SUNRISE   628 AM CDT   SUNSET   825 PM CDT


-  INDICATES NEGATIVE NUMBERS.
R  INDICATES RECORD WAS SET OR TIED.
MM INDICATES DATA IS MISSING.
T  INDICATES TRACE AMOUNT.




$$
