000
CXUS55 KPIH 011633
CF6IDA
PRELIMINARY LOCAL CLIMATOLOGICAL DATA (WS FORM: F-6)
STATION: IDAHO FALLS
MONTH: MARCH
YEAR: 2022
LATITUDE: 43 31 N
LONGITUDE: 112 4 W
TEMPERATURE IN F: :PCPN: SNOW: WIND :SUNSHINE: SKY :PK WND
================================================================================
1 2 3 4 5 6A 6B 7 8 9 10 11 12 13 14 15 16 17 18
12Z AVG MX 2MIN
DY MAX MIN AVG DEP HDD CDD WTR SNW DPTH SPD SPD DIR MIN PSBL S-S WX SPD DR
================================================================================
1 40 16 28 -2 37 0 0.00 M M 4.9 9 340 M M 2 11 340
2 48 23 36 6 29 0 0.00 M M 5.4 13 360 M M 0 15 350
3 48 25 37 6 28 0 0.00 M M 4.4 10 350 M M 0 13 350
4 35 28 32 1 33 0 0.00 M M 8.6 24 220 M M 8 12 29 220
5 38 22 30 -2 35 0 0.02 M M 12.7 25 360 M M 8 168 36 350
6 34 15 25 -7 40 0 0.00 M M 13.0 21 340 M M 0 28 360
7 31 7 19 -14 46 0 0.00 M M 8.2 18 220 M M 4 24 220
8 37 21 29 -4 36 0 0.09 M M 11.4 26 220 M M 9 128 34 220
9 24 2 13 -21 52 0 T M M 12.7 22 30 M M 3 31 30
10 23 -7 8 -26 57 0 T M M 7.9 20 210 M M 3 25 210
11 35 6 21 -13 44 0 0.00 M M 5.5 16 220 M M 5 22 230
12 49 19 34 -1 31 0 0.00 M M 5.6 18 200 M M 1 25 200
13 44 26 35 0 30 0 T M M 15.1 32 220 M M 6 1 42 220
14 46 29 38 2 27 0 0.00 M M 10.7 22 220 M M 3 28 220
15 48 28 38 2 27 0 0.07 M M 8.8 24 220 M M 7 33 210
16 41 28 35 -2 30 0 0.01 M M 7.0 15 220 M M 8 12 18 220
17 44 23 34 -3 31 0 0.00 M M 4.7 12 240 M M 1 1 19 230
18 52 29 41 4 24 0 0.00 M M 6.0 18 230 M M 3 25 210
19 58 31 45 7 20 0 0.00 M M 8.6 24 190 M M 1 34 170
20 47 28 38 0 27 0 0.15 M M 12.8 31 210 M M 8 12 41 210
21 40 20 30 -8 35 0 0.00 M M 4.1 12 180 M M 0 17 180
22 51 25 38 -1 27 0 0.00 M M 2.7 10 10 M M 1 14 80
23 58 29 44 5 21 0 0.00 M M 4.8 14 200 M M 0 20 240
24 63 32 48 9 17 0 0.00 M M 9.1 22 220 M M 0 34 220
25 67 33 50 10 15 0 0.00 M M 7.4 16 210 M M 0 22 220
26 67 31 49 9 16 0 0.00 M M 5.2 16 210 M M 0 21 220
27 72 34 53 13 12 0 0.00 M M 5.2 12 270 M M 0 16 260
28 69 40 55 14 10 0 T M M 11.7 30 210 M M 2 36 210
29 59 37 48 7 17 0 T M M 11.5 24 20 M M 7 35 20
30 58 26 42 1 23 0 0.00 M M 9.2 22 200 M M 0 31 200
31 52 32 42 1 23 0 T M M 18.7 29 220 M M 6 38 210
================================================================================
SM 1478 738 900 0 0.34 M 263.6 M 96
================================================================================
AV 47.7 23.8 8.5 FASTST M M 3 MAX(MPH)
MISC ----> 32 220 42 220
================================================================================
NOTES:
# LAST OF SEVERAL OCCURRENCES
COLUMN 17 PEAK WIND IN M.P.H.
PRELIMINARY LOCAL CLIMATOLOGICAL DATA (WS FORM: F-6) , PAGE 2
STATION: IDAHO FALLS
MONTH: MARCH
YEAR: 2022
LATITUDE: 43 31 N
LONGITUDE: 112 4 W
[TEMPERATURE DATA] [PRECIPITATION DATA] SYMBOLS USED IN COLUMN 16
AVERAGE MONTHLY: 35.7 TOTAL FOR MONTH: 0.34 1 = FOG OR MIST
DPTR FM NORMAL: -0.5 DPTR FM NORMAL: -0.47 2 = FOG REDUCING VISIBILITY
HIGHEST: 72 ON 27 GRTST 24HR 0.15 ON 20-20 TO 1/4 MILE OR LESS
LOWEST: -7 ON 10 3 = THUNDER
SNOW, ICE PELLETS, HAIL 4 = ICE PELLETS
TOTAL MONTH: M 5 = HAIL
GRTST 24HR M ON M 6 = FREEZING RAIN OR DRIZZLE
GRTST DEPTH: M ON M 7 = DUSTSTORM OR SANDSTORM:
VSBY 1/2 MILE OR LESS
8 = SMOKE OR HAZE
[NO. OF DAYS WITH] [WEATHER - DAYS WITH] 9 = BLOWING SNOW
X = TORNADO
MAX 32 OR BELOW: 3 0.01 INCH OR MORE: 5
MAX 90 OR ABOVE: 0 0.10 INCH OR MORE: 1
MIN 32 OR BELOW: 27 0.50 INCH OR MORE: 0
MIN 0 OR BELOW: 1 1.00 INCH OR MORE: 0
[HDD (BASE 65) ]
TOTAL THIS MO. 900 CLEAR (SCALE 0-3) 19
DPTR FM NORMAL 9 PTCLDY (SCALE 4-7) 9
TOTAL FM JUL 1 6445 CLOUDY (SCALE 8-10) 3
DPTR FM NORMAL -188
[CDD (BASE 65) ]
TOTAL THIS MO. 0
DPTR FM NORMAL 0 [PRESSURE DATA]
TOTAL FM JAN 1 0 HIGHEST SLP 30.51 ON 11
DPTR FM NORMAL 0 LOWEST SLP 29.54 ON 28
[REMARKS]
9TH: LOW OF 2 BREAKS PREVIOUS RECORD OF 5 SET IN 1969.
10TH: LOW OF -7 BREAKS PREVIOUS RECORD OF 4 SET IN 1969.
27TH: HIGH OF 72 BREAKS PREVIOUS RECORD OF 70 SET IN 1986.
#FINAL-03-22#