000
CXUS53 KUNR 011030
CF6IEN
PRELIMINARY LOCAL CLIMATOLOGICAL DATA (WS FORM: F-6)
STATION: PINE RIDGE SD
MONTH: JANUARY
YEAR: 2022
LATITUDE: 43 1 N
LONGITUDE: 102 31 W
TEMPERATURE IN F: :PCPN: SNOW: WIND :SUNSHINE: SKY :PK WND
================================================================================
1 2 3 4 5 6A 6B 7 8 9 10 11 12 13 14 15 16 17 18
12Z AVG MX 2MIN
DY MAX MIN AVG DEP HDD CDD WTR SNW DPTH SPD SPD DIR MIN PSBL S-S WX SPD DR
================================================================================
1 1 -21 -10 -34 75 0 T M M 3.6 8 240 M M 5 18 13 20
2 36 -20 8 -16 57 0 0.00 M M 6.9 16 250 M M 0 24 240
3 39 4 22 -2 43 0 0.00 M M 4.9 17 180 M M 0 19 180
4 42 -6 18 -6 47 0 T M M 11.4 32 360 M M 4 9 50 360
5 -3 -13 -8 -32 73 0 T M M 5.7 17 350 M M 4 8 27 360
6 10 -22 -6 -30 71 0 T M M 6.1 18 200 M M 3 8 24 200
7 48 9 29 5 36 0 0.00 M M 9.9 30 190 M M 2 41 190
8 42 15 29 5 36 0 0.00 M M 8.5 25 10 M M 4 32 10
9 38 6 22 -2 43 0 0.00 M M 6.1 18 190 M M 1 22 200
10 49 21 35 11 30 0 0.00 M M 7.7 20 240 M M 0 28 240
11 47 28 38 14 27 0 0.00 M M 7.4 14 270 M M 0 20 260
12 49 26 38 14 27 0 0.00 M M 5.7 14 280 M M 2 18 280
13 53 26 40 16 25 0 0.00 M M 4.4 15 200 M M 2 21 180
14 44 21 33 9 32 0 T M M 14.1 36 360 M M 9 54 340
15 44 18 31 7 34 0 0.00 M M 8.2 21 200 M M 3 26 200
16 45 20 33 9 32 0 0.00 M M 6.7 23 350 M M 2 35 350
17 54 22 38 14 27 0 0.00 M M 6.3 17 280 M M 0 23 270
18 52 14 33 9 32 0 T M M 10.3 22 10 M M 6 1 30 30
19 14 -5 5 -19 60 0 T M M 7.6 18 20 M M 7 23 30
20 30 -4 13 -11 52 0 0.00 M M 13.8 30 190 M M 2 39 200
21 45 21 33 9 32 0 0.10 M M 6.5 25 190 M M 5 1 33 190
22 44 21 33 9 32 0 0.00 M M 8.0 24 270 M M 4 35 270
23 47 32 40 16 25 0 0.00 M M 8.4 18 280 M M 9 27 280
24 39 25 32 8 33 0 T M M 7.0 17 340 M M 9 24 330
25 29 16 23 -1 42 0 T M M 6.1 16 190 M M 8 22 190
26 45 19 32 8 33 0 0.00 M M 9.2 22 280 M M 1 28 280
27 M 15 M M M M T M M 6.2 22 340 M M 6 8 32 320
28 M 14 M M M M 0.00 M M 8.7 22 300 M M 2 8 32 280
29 M M M M M M 0.00 M M 5.0 16 290 M M 0 20 300
30 M M M M M M 0.00 M M 3.9 15 250 M M 0 20 240
31 57 28 43 18 22 0 0.00 M M 9.4 38 270 M M 2 8 55 280
================================================================================
SM 1040 330 1078 0 0.10 M 233.7 M 102
================================================================================
AV 38.5 11.4 7.5 FASTST M M 3 MAX(MPH)
MISC ----> 38 270 55 280
================================================================================
NOTES:
# LAST OF SEVERAL OCCURRENCES
COLUMN 17 PEAK WIND IN M.P.H.
PRELIMINARY LOCAL CLIMATOLOGICAL DATA (WS FORM: F-6) , PAGE 2
STATION: PINE RIDGE SD
MONTH: JANUARY
YEAR: 2022
LATITUDE: 43 1 N
LONGITUDE: 102 31 W
[TEMPERATURE DATA] [PRECIPITATION DATA] SYMBOLS USED IN COLUMN 16
AVERAGE MONTHLY: 24.9 TOTAL FOR MONTH: 0.10 1 = FOG OR MIST
DPTR FM NORMAL: 0.7 DPTR FM NORMAL: -0.23 2 = FOG REDUCING VISIBILITY
HIGHEST: 57 ON 31 GRTST 24HR 0.10 ON 21-21 TO 1/4 MILE OR LESS
LOWEST: -22 ON 6 3 = THUNDER
SNOW, ICE PELLETS, HAIL 4 = ICE PELLETS
TOTAL MONTH: M 5 = HAIL
GRTST 24HR M ON M 6 = FREEZING RAIN OR DRIZZLE
GRTST DEPTH: M ON M 7 = DUSTSTORM OR SANDSTORM:
VSBY 1/2 MILE OR LESS
8 = SMOKE OR HAZE
[NO. OF DAYS WITH] [WEATHER - DAYS WITH] 9 = BLOWING SNOW
X = TORNADO
MAX 32 OR BELOW: 6 0.01 INCH OR MORE: 1
MAX 90 OR ABOVE: 0 0.10 INCH OR MORE: 1
MIN 32 OR BELOW: 29 0.50 INCH OR MORE: 0
MIN 0 OR BELOW: 7 1.00 INCH OR MORE: 0
[HDD (BASE 65) ]
TOTAL THIS MO. 1078 CLEAR (SCALE 0-3) 17
DPTR FM NORMAL -188 PTCLDY (SCALE 4-7) 11
TOTAL FM JUL 1 3472 CLOUDY (SCALE 8-10) 3
DPTR FM NORMAL -665
[CDD (BASE 65) ]
TOTAL THIS MO. 0
DPTR FM NORMAL 0 [PRESSURE DATA]
TOTAL FM JAN 1 0 HIGHEST SLP 30.72 ON 19
DPTR FM NORMAL 0 LOWEST SLP 29.49 ON 7
[REMARKS]
#FINAL-01-22#