000
CXUS54 KFWD 010141
CF6ILE
PRELIMINARY LOCAL CLIMATOLOGICAL DATA (WS FORM: F-6)
STATION: KILLEEN SKYLARK
MONTH: DECEMBER
YEAR: 2020
LATITUDE: 31 4 N
LONGITUDE: 97 41 W
TEMPERATURE IN F: :PCPN: SNOW: WIND :SUNSHINE: SKY :PK WND
================================================================================
1 2 3 4 5 6A 6B 7 8 9 10 11 12 13 14 15 16 17 18
12Z AVG MX 2MIN
DY MAX MIN AVG DEP HDD CDD WTR SNW DPTH SPD SPD DIR MIN PSBL S-S WX SPD DR
================================================================================
1 M M M M M M 0.00 M M 9.1 17 180 M M 0 24 180
2 62 39 51 0 14 0 0.00 M M 7.2 14 330 M M 3 21 330
3 51 36 44 -7 21 0 0.00 M M 9.6 15 320 M M 3 22 320
4 56 28 42 -9 23 0 0.00 M M 3.5 8 350 M M 0 M M
5 58 31 45 -5 20 0 T M M 3.5 9 160 M M 5 M M
6 63 36 50 0 15 0 0.00 M M 6.9 13 330 M M 2 20 340
7 66 37 52 2 13 0 0.00 M M 4.8 10 340 M M 0 M M
8 75 36 56 6 9 0 0.00 M M 3.9 8 320 M M 0 M M
9 80 36 58 9 7 0 0.00 M M 4.0 9 260 M M 0 M M
10 77 41 59 10 6 0 0.00 M M 9.5 20 190 M M 0 25 190
11 67 53 60 11 5 0 0.11 M M 5.5 12 180 M M 6 1 M M
12 58 41 50 1 15 0 0.00 M M 6.6 13 360 M M 0 M M
13 50 39 45 -3 20 0 0.05 M M 11.2 24 320 M M 9 1 38 320
14 50 33 42 -6 23 0 0.00 M M 7.0 17 340 M M 4 21 310
15 48 36 42 -6 23 0 0.00 M M 5.0 10 310 M M 6 1 18 310
16 50 29 40 -8 25 0 0.00 M M 7.5 14 340 M M 0 22 320
17 M 25 M M M M 0.00 M M 2.3 7 190 M M 0 M M
18 M M M M M M M M M M M M M M 0 M M
19 M M M M M M M M M M M M M M 0 M M
20 M M M M M M M M M M M M M M 0 M M
21 M M M M M M M M M M M M M M 0 M M
22 M M M M M M M M M M M M M M 0 M M
23 M M M M M M M M M M M M M M 0 M M
24 M M M M M M M M M M M M M M 0 M M
25 M M M M M M M M M M M M M M 0 M M
26 M M M M M M M M M M M M M M 0 M M
27 M M M M M M M M M M M M M M 0 M M
28 M M M M M M M M M M M M M M 0 M M
29 M M M M M M M M M M M M M M 0 M M
30 M M M M M M M M M M M M M M 0 M M
31 M M M M M M M M M M M M M M 0 M M
================================================================================
SM 911 576 239 0 0.16 M 107.1 M 38
================================================================================
AV 60.7 36.0 6.3 FASTST M M 1 MAX(MPH)
MISC ----> 24 320 38 320
================================================================================
NOTES:
# LAST OF SEVERAL OCCURRENCES
COLUMN 17 PEAK WIND IN M.P.H.
PRELIMINARY LOCAL CLIMATOLOGICAL DATA (WS FORM: F-6) , PAGE 2
STATION: KILLEEN SKYLARK
MONTH: DECEMBER
YEAR: 2020
LATITUDE: 31 4 N
LONGITUDE: 97 41 W
[TEMPERATURE DATA] [PRECIPITATION DATA] SYMBOLS USED IN COLUMN 16
AVERAGE MONTHLY: 48.4 TOTAL FOR MONTH: 0.16 1 = FOG OR MIST
DPTR FM NORMAL: 0.0 DPTR FM NORMAL: -2.37 2 = FOG REDUCING VISIBILITY
HIGHEST: 80 ON 9 GRTST 24HR 0.11 ON 11-11 TO 1/4 MILE OR LESS
LOWEST: 25 ON 17 3 = THUNDER
SNOW, ICE PELLETS, HAIL 4 = ICE PELLETS
TOTAL MONTH: M 5 = HAIL
GRTST 24HR M ON M 6 = FREEZING RAIN OR DRIZZLE
GRTST DEPTH: M ON M 7 = DUSTSTORM OR SANDSTORM:
VSBY 1/2 MILE OR LESS
8 = SMOKE OR HAZE
[NO. OF DAYS WITH] [WEATHER - DAYS WITH] 9 = BLOWING SNOW
X = TORNADO
MAX 32 OR BELOW: 0 0.01 INCH OR MORE: 2
MAX 90 OR ABOVE: 0 0.10 INCH OR MORE: 1
MIN 32 OR BELOW: 4 0.50 INCH OR MORE: 0
MIN 0 OR BELOW: 0 1.00 INCH OR MORE: 0
[HDD (BASE 65) ]
TOTAL THIS MO. 239 CLEAR (SCALE 0-3) 25
DPTR FM NORMAL -280 PTCLDY (SCALE 4-7) 5
TOTAL FM JUL 1 464 CLOUDY (SCALE 8-10) 1
DPTR FM NORMAL -386
[CDD (BASE 65) ]
TOTAL THIS MO. 0
DPTR FM NORMAL -5 [PRESSURE DATA]
TOTAL FM JAN 1 2921 HIGHEST SLP M ON M
DPTR FM NORMAL 373 LOWEST SLP M ON M
[REMARKS]
#FINAL-12-20#