000
CXUS51 KPHI 012032
CLMILG
CLIMATE REPORT
NATIONAL WEATHER SERVICE MOUNT HOLLY NJ
432 PM EDT MON MAY 01 2023
...................................
...THE WILMINGTON DE CLIMATE SUMMARY FOR THE MONTH OF APRIL 2023...
CLIMATE NORMAL PERIOD: 1991 TO 2020
CLIMATE RECORD PERIOD: 1894 TO 2023
WEATHER OBSERVED NORMAL DEPART LAST YEAR`S
VALUE DATE(S) VALUE FROM VALUE DATE(S)
NORMAL
................................................................
TEMPERATURE (F)
RECORD
HIGH 97 04/18/1896
04/17/1896
LOW 11 04/01/1923
HIGHEST 88 82 6 83
LOWEST 32 29 3 32
AVG. MAXIMUM 70.3 64.2 6.1 63.1
AVG. MINIMUM 47.8 43.5 4.3 43.1
MEAN 59.0 53.9 5.1 53.1
DAYS MAX >= 90 0 0.1 -0.1 0
DAYS MAX <= 32 0 0.0 0.0 0
DAYS MIN <= 32 1 2.0 -1.0 1
DAYS MIN <= 0 0 0.0 0.0 0
PRECIPITATION (INCHES)
RECORD
MAXIMUM 8.55 2007
MINIMUM 0.35 1985
TOTALS 4.55 3.51 1.04 5.71
DAILY AVG. 0.15 0.12 0.03 0.19
DAYS >= .01 10 11.1 -1.1 13
DAYS >= .10 8 6.5 1.5 9
DAYS >= .50 3 2.1 0.9 3
DAYS >= 1.00 2 0.8 1.2 3
GREATEST
24 HR. TOTAL 1.76 04/28 TO 04/29 1.69
SNOWFALL (INCHES)
RECORDS
TOTAL 12.0 1915
24 HR TOTAL MM
TOTALS 0.0 0.1 -0.1 0.0
SINCE 7/1 0.4 20.2 -19.8 MM
SNOWDEPTH AVG. 0 0
DAYS >= 1.0 0 0.1 -0.1 0
GREATEST
SNOW DEPTH 0 0 MM
24 HR TOTAL 0.0 MM
DEGREE DAYS
HEATING TOTAL 209 347 -138 356
SINCE 7/1 3806 4512 -706 MM
COOLING TOTAL 38 12 26 6
SINCE 1/1 38 13 25 MM
................................................................
WIND (MPH)
AVERAGE WIND SPEED 9.2
HIGHEST WIND SPEED/DIRECTION 39/290 DATE 04/01
HIGHEST GUST SPEED/DIRECTION 54/230 DATE 04/01
SKY COVER
POSSIBLE SUNSHINE (PERCENT) MM
AVERAGE SKY COVER 0.34
NUMBER OF DAYS FAIR 17
NUMBER OF DAYS PC 7
NUMBER OF DAYS CLOUDY 6
AVERAGE RH (PERCENT) 61
WEATHER CONDITIONS. NUMBER OF DAYS WITH
THUNDERSTORM 4 MIXED PRECIP 0
HEAVY RAIN 5 RAIN 6
LIGHT RAIN 10 FREEZING RAIN 0
LT FREEZING RAIN 0 HEAVY SNOW 0
SNOW 0 LIGHT SNOW 0
SLEET 0 FOG 11
FOG W/VIS <= 1/4 MILE 2 HAZE 2
- INDICATES NEGATIVE NUMBERS.
R INDICATES RECORD WAS SET OR TIED.
MM INDICATES DATA IS MISSING.
T INDICATES TRACE AMOUNT.
$$