000
CXUS52 KILM 011531
CF6ILM
PRELIMINARY LOCAL CLIMATOLOGICAL DATA (WS FORM: F-6)
STATION: WILMINGTON NORTH CAROLINA
MONTH: JUNE
YEAR: 2022
LATITUDE: 34 16 N
LONGITUDE: 77 55 W
TEMPERATURE IN F: :PCPN: SNOW: WIND :SUNSHINE: SKY :PK WND
================================================================================
1 2 3 4 5 6A 6B 7 8 9 10 11 12 13 14 15 16 17 18
12Z AVG MX 2MIN
DY MAX MIN AVG DEP HDD CDD WTR SNW DPTH SPD SPD DIR MIN PSBL S-S WX SPD DR
================================================================================
1 97 72 85 10 0 20 0.00 0.0 0 7.8 14 190 M M 1 19 140
2 98 75 87 12 0 22 0.57 0.0 0 8.9 36 190 M M 0 3 50 180
3 96 69 83 8 0 18 2.92 0.0 0 7.7 24 230 M M 4 138 30 350
4 80 69 75 -1 0 10 T 0.0 0 7.2 14 50 M M 7 1 19 60
5 87 65 76 0 0 11 0.00 0.0 0 10.6 20 90 M M 2 27 100
6 84 59 72 -4 0 7 0.00 0.0 0 8.0 14 100 M M 1 18 110
7 85 65 75 -1 0 10 0.00 0.0 0 5.6 13 120 M M 2 17 140
8 91 71 81 4 0 16 0.01 0.0 0 5.9 16 190 M M 2 3 20 170
9 92 74 83 6 0 18 0.37 0.0 0 10.4 21 240 M M 4 13 28 230
10 83 69 76 -1 0 11 0.29 0.0 0 7.7 17 360 M M 7 13 23 10
11 85 68 77 0 0 12 0.00 0.0 0 4.7 14 110 M M 1 18 120
12 87 72 80 2 0 15 0.51 0.0 0 5.3 15 230 M M 4 138 19 230
13 94 77 86 8 0 21 0.00 0.0 0 8.7 17 210 M M 2 22 220
14 96 79 88 10 0 23 T 0.0 0 7.7 17 280 M M 2 21 330
15 90 75 83 5 0 18 0.00 0.0 0 7.7 16 30 M M 1 20 30
16 88 72 80 2 0 15 0.03 0.0 0 6.1 21 240 M M 2 38 25 240
17 97 71 84 5 0 19 0.06 0.0 0 7.3 24 280 M M 1 3 34 270
18 94 71 83 4 0 18 0.00 0.0 0 10.3 18 320 M M 0 23 280
19 84 61 73 -6 0 8 0.00 0.0 0 6.7 17 30 M M 0 24 340
20 88 56 72 -7 0 7 0.00 0.0 0 3.2 15 290 M M 0 18 19 290
21 89 62 76 -4 0 11 0.00 0.0 0 3.2 12 30 M M 1 17 30
22 95 64 80 0 0 15 0.01 0.0 0 7.6 17 10 M M 1 22 210
23 90 73 82 2 0 17 0.02 0.0 0 6.8 13 100 M M 2 18 10
24 84 69 77 -3 0 12 0.00 0.0 0 8.6 14 100 M M 1 18 100
25 87 65 76 -4 0 11 0.00 0.0 0 7.4 16 130 M M 0 20 120
26 87 67 77 -3 0 12 0.00 0.0 0 5.7 15 120 M M 1 21 150
27 90 67 79 -1 0 14 0.02 0.0 0 4.7 17 220 M M 3 21 220
28 84 75 80 -1 0 15 T 0.0 0 6.3 15 130 M M 5 20 140
29 83 72 78 -3 0 13 0.02 0.0 0 4.5 13 60 M M 3 15 60
30 87 70 79 -2 0 14 T 0.0 0 5.4 14 130 M M 1 1 19 130
================================================================================
SM 2672 2074 0 433 4.83 0.0 207.7 M 61
================================================================================
AV 89.1 69.1 6.9 FASTST M M 2 MAX(MPH)
MISC ----> 36 190 50 180
================================================================================
NOTES:
# LAST OF SEVERAL OCCURRENCES
COLUMN 17 PEAK WIND IN M.P.H.
PRELIMINARY LOCAL CLIMATOLOGICAL DATA (WS FORM: F-6) , PAGE 2
STATION: WILMINGTON NORTH CAROLINA
MONTH: JUNE
YEAR: 2022
LATITUDE: 34 16 N
LONGITUDE: 77 55 W
[TEMPERATURE DATA] [PRECIPITATION DATA] SYMBOLS USED IN COLUMN 16
AVERAGE MONTHLY: 79.1 TOTAL FOR MONTH: 4.83 1 = FOG OR MIST
DPTR FM NORMAL: 0.9 DPTR FM NORMAL: -0.84 2 = FOG REDUCING VISIBILITY
HIGHEST: 98 ON 2 GRTST 24HR 2.92 ON 3- 3 TO 1/4 MILE OR LESS
LOWEST: 56 ON 20 3 = THUNDER
SNOW, ICE PELLETS, HAIL 4 = ICE PELLETS
TOTAL MONTH: 0.0 INCH 5 = HAIL
GRTST 24HR 0.0 6 = FREEZING RAIN OR DRIZZLE
GRTST DEPTH: 0 7 = DUSTSTORM OR SANDSTORM:
VSBY 1/2 MILE OR LESS
8 = SMOKE OR HAZE
[NO. OF DAYS WITH] [WEATHER - DAYS WITH] 9 = BLOWING SNOW
X = TORNADO
MAX 32 OR BELOW: 0 0.01 INCH OR MORE: 12
MAX 90 OR ABOVE: 13 0.10 INCH OR MORE: 5
MIN 32 OR BELOW: 0 0.50 INCH OR MORE: 3
MIN 0 OR BELOW: 0 1.00 INCH OR MORE: 1
[HDD (BASE 65) ]
TOTAL THIS MO. 0 CLEAR (SCALE 0-3) 23
DPTR FM NORMAL -1 PTCLDY (SCALE 4-7) 7
TOTAL FM JUL 1 1888 CLOUDY (SCALE 8-10) 0
DPTR FM NORMAL -436
[CDD (BASE 65) ]
TOTAL THIS MO. 433
DPTR FM NORMAL 37 [PRESSURE DATA]
TOTAL FM JAN 1 904 HIGHEST SLP 30.27 ON 29
DPTR FM NORMAL 195 LOWEST SLP 29.73 ON 3
[REMARKS]
#FINAL-06-22#