000
CXUS53 KILX 250758
CF6ILX
PRELIMINARY LOCAL CLIMATOLOGICAL DATA (WS FORM: F-6)
STATION: LINCOLN IL
MONTH: SEPTEMBER
YEAR: 2021
LATITUDE: 40 9 N
LONGITUDE: 89 20 W
TEMPERATURE IN F: :PCPN: SNOW: WIND :SUNSHINE: SKY :PK WND
================================================================================
1 2 3 4 5 6A 6B 7 8 9 10 11 12 13 14 15 16 17 18
12Z AVG MX 2MIN
DY MAX MIN AVG DEP HDD CDD WTR SNW DPTH SPD SPD DIR MIN PSBL S-S WX SPD DR
================================================================================
1 80 56 68 -3 0 3 T 0.0 0 M M M M M M M M
2 80 53 67 -3 0 2 0.00 0.0 0 M M M M M M M M
3 74 56 65 -5 0 0 T 0.0 0 M M M M M M M M
4 74 63 69 -1 0 4 0.03 0.0 0 M M M M M M 1 M M
5 81 57 69 -1 0 4 0.00 0.0 0 M M M M M M M M
6 86 57 72 2 0 7 T 0.0 0 M M M M M M M M
7 88 61 75 6 0 10 0.08 0.0 0 M M M M M M 3 M M
8 80 59 70 1 0 5 0.00 0.0 0 M M M M M M M M
9 78 53 66 -3 0 1 0.00 0.0 0 M M M M M M M M
10 82 48 65 -3 0 0 0.00 0.0 0 M M M M M M M M
11 87 65 76 8 0 11 0.00 0.0 0 M M M M M M M M
12 88 66 77 9 0 12 0.00 0.0 0 M M M M M M M M
13 88 62 75 7 0 10 0.00 0.0 0 M M M M M M M M
14 88 64 76 9 0 11 T 0.0 0 M M M M M M M M
15 81 55 68 1 0 3 0.00 0.0 0 M M M M M M M M
16 84 50 67 1 0 2 0.00 0.0 0 M M M M M M M M
17 90 55 73 7 0 8 0.00 0.0 0 M M M M M M 1 M M
18 91 59 75 9 0 10 0.00 0.0 0 M M M M M M M M
19 90 60 75 10 0 10 0.00 0.0 0 M M M M M M 1 M M
20 87 66 77 12 0 12 1.13 0.0 0 M M M M M M 3 M M
21 70 59 65 1 0 0 0.87 0.0 0 M M M M M M 13 M M
22 71 50 61 -3 4 0 0.00 0.0 0 M M M M M M M M
23 72 46 59 -5 6 0 0.00 0.0 0 M M M M M M M M
24 80 43 62 -1 3 0 0.06 0.0 0 M M M M M M M M
25 71 45 58 -5 7 0 0.09 0.0 0 M M M M M M 12 M M
26 83 47 65 3 0 0 0.00 0.0 0 M M M M M M M M
27 90 64 77 15 0 12 0.00 0.0 0 M M M M M M M M
28 88 57 73 11 0 8 0.00 0.0 0 M M M M M M 1 M M
29 89 56 73 12 0 8 0.00 0.0 0 M M M M M M 1 M M
30 89 59 74 13 0 9 0.00 0.0 0 M M M M M M M M
================================================================================
SM 2480 1691 20 162 2.26 0.0 M M M
================================================================================
AV 82.7 56.4 M FASTST M M M MAX(MPH)
MISC ----> M M M M
================================================================================
NOTES:
# LAST OF SEVERAL OCCURRENCES
COLUMN 17 PEAK WIND IN M.P.H.
PRELIMINARY LOCAL CLIMATOLOGICAL DATA (WS FORM: F-6) , PAGE 2
STATION: LINCOLN IL
MONTH: SEPTEMBER
YEAR: 2021
LATITUDE: 40 9 N
LONGITUDE: 89 20 W
[TEMPERATURE DATA] [PRECIPITATION DATA] SYMBOLS USED IN COLUMN 16
AVERAGE MONTHLY: 69.5 TOTAL FOR MONTH: 2.26 1 = FOG OR MIST
DPTR FM NORMAL: 3.2 DPTR FM NORMAL: -1.04 2 = FOG REDUCING VISIBILITY
HIGHEST: 91 ON 18 GRTST 24HR 1.13 ON 20-20 TO 1/4 MILE OR LESS
LOWEST: 43 ON 24 3 = THUNDER
SNOW, ICE PELLETS, HAIL 4 = ICE PELLETS
TOTAL MONTH: 0.0 INCH 5 = HAIL
GRTST 24HR 0.0 6 = FREEZING RAIN OR DRIZZLE
GRTST DEPTH: 0 7 = DUSTSTORM OR SANDSTORM:
VSBY 1/2 MILE OR LESS
8 = SMOKE OR HAZE
[NO. OF DAYS WITH] [WEATHER - DAYS WITH] 9 = BLOWING SNOW
X = TORNADO
MAX 32 OR BELOW: 0 0.01 INCH OR MORE: 6
MAX 90 OR ABOVE: 4 0.10 INCH OR MORE: 2
MIN 32 OR BELOW: 0 0.50 INCH OR MORE: 2
MIN 0 OR BELOW: 0 1.00 INCH OR MORE: 1
[HDD (BASE 65) ]
TOTAL THIS MO. 20 CLEAR (SCALE 0-3) 0
DPTR FM NORMAL -58 PTCLDY (SCALE 4-7) 0
TOTAL FM JUL 1 21 CLOUDY (SCALE 8-10) 30
DPTR FM NORMAL -67
[CDD (BASE 65) ]
TOTAL THIS MO. 162
DPTR FM NORMAL 45 [PRESSURE DATA]
TOTAL FM JAN 1 1141 HIGHEST SLP M ON M
DPTR FM NORMAL 145 LOWEST SLP M ON M
[REMARKS]
#FINAL-09-21#