000
CXUS53 KILX 011000
CF6ILX
PRELIMINARY LOCAL CLIMATOLOGICAL DATA (WS FORM: F-6)
STATION: LINCOLN IL
MONTH: FEBRUARY
YEAR: 2021
LATITUDE: 40 9 N
LONGITUDE: 89 20 W
TEMPERATURE IN F: :PCPN: SNOW: WIND :SUNSHINE: SKY :PK WND
================================================================================
1 2 3 4 5 6A 6B 7 8 9 10 11 12 13 14 15 16 17 18
12Z AVG MX 2MIN
DY MAX MIN AVG DEP HDD CDD WTR SNW DPTH SPD SPD DIR MIN PSBL S-S WX SPD DR
================================================================================
1 36 28 32 5 33 0 T T 0 M M M M M M M M
2 33 25 29 2 36 0 T T 0 M M M M M M M M
3 37 20 29 2 36 0 0.00 0.0 0 M M M M M M M M
4 38 21 30 3 35 0 0.46 0.0 0 M M M M M M M M
5 29 17 23 -5 42 0 T T 0 M M M M M M M M
6 23 4 14 -14 51 0 0.07 0.9 0 M M M M M M M M
7 5 -6 0 -28 65 0 0.04 1.0 1 M M M M M M M M
8 13 5 9 -19 56 0 0.03 0.2 2 M M M M M M M M
9 13 8 11 -17 54 0 T T 2 M M M M M M M M
10 16 8 12 -17 53 0 0.19 2.2 2 M M M M M M M M
11 18 8 13 -16 52 0 0.01 0.2 4 M M M M M M M M
12 14 6 10 -19 55 0 T T 4 M M M M M M M M
13 7 -5 1 -29 64 0 0.06 2.5 4 M M M M M M M M
14 4 -6 -1 -31 66 0 T 0.1 5 M M M M M M M M
15 4 -1 2 -28 63 0 0.46 5.3 5 M M M M M M 9 M M
16 12 -13 0 -31 65 0 T T 7 M M M M M M M M
17 17 -13 2 -29 63 0 0.01 0.3 7 M M M M M M 1 M M
18 21 6 14 -17 51 0 0.02 0.9 7 M M M M M M M M
19 24 -12 6 -26 59 0 0.00 0.0 6 M M M M M M M M
20 29 12 21 -11 44 0 0.00 0.0 6 M M M M M M M M
21 40 18 29 -3 36 0 0.02 0.0 5 M M M M M M M M
22 45 30 38 5 27 0 0.00 0.0 4 M M M M M M M M
23 55 37 46 13 19 0 0.00 0.0 2 M M M M M M M M
24 50 31 41 7 24 0 0.00 0.0 0 M M M M M M M M
25 44 26 35 1 30 0 0.00 0.0 0 M M M M M M M M
26 47 27 37 3 28 0 0.01 0.0 0 M M M M M M M M
27 58 28 43 8 22 0 0.00 0.0 0 M M M M M M M M
28 56 32 44 9 21 0 0.40 0.0 0 M M M M M M 1 M M
================================================================================
SM 788 341 1250 0 1.78 13.6 M M M
================================================================================
AV 28.1 12.2 M FASTST M M M MAX(MPH)
MISC ----> M M M M
================================================================================
NOTES:
# LAST OF SEVERAL OCCURRENCES
COLUMN 17 PEAK WIND IN M.P.H.
PRELIMINARY LOCAL CLIMATOLOGICAL DATA (WS FORM: F-6) , PAGE 2
STATION: LINCOLN IL
MONTH: FEBRUARY
YEAR: 2021
LATITUDE: 40 9 N
LONGITUDE: 89 20 W
[TEMPERATURE DATA] [PRECIPITATION DATA] SYMBOLS USED IN COLUMN 16
AVERAGE MONTHLY: 20.2 TOTAL FOR MONTH: 1.78 1 = FOG OR MIST
DPTR FM NORMAL: -10.2 DPTR FM NORMAL: -0.04 2 = FOG REDUCING VISIBILITY
HIGHEST: 58 ON 27 GRTST 24HR 0.46 ON 4- 4 TO 1/4 MILE OR LESS
LOWEST: -13 ON 17,16 3 = THUNDER
SNOW, ICE PELLETS, HAIL 4 = ICE PELLETS
TOTAL MONTH: 14.5 INCHES 5 = HAIL
GRTST 24HR 5.3 ON 15-15 6 = FREEZING RAIN OR DRIZZLE
GRTST DEPTH: 7 ON 18,17 7 = DUSTSTORM OR SANDSTORM:
VSBY 1/2 MILE OR LESS
8 = SMOKE OR HAZE
[NO. OF DAYS WITH] [WEATHER - DAYS WITH] 9 = BLOWING SNOW
X = TORNADO
MAX 32 OR BELOW: 16 0.01 INCH OR MORE: 13
MAX 90 OR ABOVE: 0 0.10 INCH OR MORE: 4
MIN 32 OR BELOW: 27 0.50 INCH OR MORE: 0
MIN 0 OR BELOW: 7 1.00 INCH OR MORE: 0
[HDD (BASE 65) ]
TOTAL THIS MO. 1250 CLEAR (SCALE 0-3) 0
DPTR FM NORMAL 281 PTCLDY (SCALE 4-7) 0
TOTAL FM JUL 1 4395 CLOUDY (SCALE 8-10) 28
DPTR FM NORMAL -27
[CDD (BASE 65) ]
TOTAL THIS MO. 0
DPTR FM NORMAL 0 [PRESSURE DATA]
TOTAL FM JAN 1 0 HIGHEST SLP M ON M
DPTR FM NORMAL 0 LOWEST SLP M ON M
[REMARKS]
#FINAL-02-21#