000
CXUS55 KLBF 011510
CF6IML
PRELIMINARY LOCAL CLIMATOLOGICAL DATA (WS FORM: F-6)
STATION: IMPERIAL
MONTH: FEBRUARY
YEAR: 2021
LATITUDE: 40 31 N
LONGITUDE: 101 37 W
TEMPERATURE IN F: :PCPN: SNOW: WIND :SUNSHINE: SKY :PK WND
================================================================================
1 2 3 4 5 6A 6B 7 8 9 10 11 12 13 14 15 16 17 18
12Z AVG MX 2MIN
DY MAX MIN AVG DEP HDD CDD WTR SNW DPTH SPD SPD DIR MIN PSBL S-S WX SPD DR
================================================================================
1 48 20 34 5 31 0 0.00 M M 4.8 12 130 M M 0 14 130
2 61 21 41 12 24 0 0.00 M M 4.8 10 220 M M 2 12 12 210
3 62 26 44 15 21 0 T M M 7.4 30 350 M M 3 1 40 350
4 44 27 36 6 29 0 0.00 M M 14.5 28 350 M M 3 35 340
5 43 25 34 4 31 0 T M M 10.4 22 320 M M 5 1 34 330
6 26 12 19 -11 46 0 T M M 14.0 24 130 M M 10 1 35 150
7 15 -5 5 -25 60 0 T M M 14.0 20 160 M M 9 1 30 200
8 6 -11 -2 -32 67 0 T M M 5.3 13 120 M M 9 8 16 130
9 9 4 7 -23 58 0 T M M 7.9 15 120 M M 10 18 110
10 10 4 7 -23 58 0 0.00 M M 9.7 15 130 M M 10 18 140
11 7 0 4 -26 61 0 0.00 M M 10.7 18 140 M M 10 27 130
12 4 -4 0 -31 65 0 T M M 12.7 20 120 M M 10 8 29 120
13 1 -5 -2 -33 67 0 0.01 M M 7.4 16 60 M M 10 20 50
14 -1 -17 -9 -40 74 0 T M M 5.1 12 60 M M 8 1 15 60
15 0 -27 -13 -44 78 0 0.00 M M 8.1 18 140 M M 3 28 140
16 11 -5 3 -29 62 0 0.00 M M 14.3 23 160 M M 6 8 34 150
17 19 -10 5 -27 60 0 0.00 M M 4.2 9 340 M M 6 12 340
18 22 6 14 -18 51 0 T M M 6.4 14 340 M M 8 18 340
19 35 -1 17 -15 48 0 0.00 M M 4.3 13 290 M M 3 15 290
20 43 12 28 -5 37 0 0.01 M M 7.8 16 10 M M 3 19 10
21 40 27 34 1 31 0 0.00 M M 15.4 24 320 M M 2 36 320
22 53 29 41 8 24 0 0.00 M M 13.3 23 300 M M 0 36 300
23 64 29 47 13 18 0 0.00 M M 12.5 32 350 M M 0 43 350
24 46 25 36 2 29 0 0.00 M M 8.6 18 330 M M 2 25 330
25 40 26 33 -1 32 0 T M M 7.2 17 180 M M 7 22 180
26 53 21 37 3 28 0 0.00 M M 10.9 24 310 M M 2 38 300
27 52 18 35 0 30 0 0.00 M M 11.0 31 320 M M 0 48 330
28 43 22 33 -2 32 0 0.00 M M 13.1 26 340 M M 2 35 330
================================================================================
SM 856 269 1252 0 0.02 M 265.8 M 143
================================================================================
AV 30.6 9.6 9.5 FASTST M M 5 MAX(MPH)
MISC ----> 32 350 48 330
================================================================================
NOTES:
# LAST OF SEVERAL OCCURRENCES
COLUMN 17 PEAK WIND IN M.P.H.
PRELIMINARY LOCAL CLIMATOLOGICAL DATA (WS FORM: F-6) , PAGE 2
STATION: IMPERIAL
MONTH: FEBRUARY
YEAR: 2021
LATITUDE: 40 31 N
LONGITUDE: 101 37 W
[TEMPERATURE DATA] [PRECIPITATION DATA] SYMBOLS USED IN COLUMN 16
AVERAGE MONTHLY: 20.1 TOTAL FOR MONTH: 0.02 1 = FOG OR MIST
DPTR FM NORMAL: -11.4 DPTR FM NORMAL: -0.36 2 = FOG REDUCING VISIBILITY
HIGHEST: 64 ON 23 GRTST 24HR 0.01 ON 12-13 TO 1/4 MILE OR LESS
LOWEST: -27 ON 15 3 = THUNDER
SNOW, ICE PELLETS, HAIL 4 = ICE PELLETS
TOTAL MONTH: M 5 = HAIL
GRTST 24HR M ON M 6 = FREEZING RAIN OR DRIZZLE
GRTST DEPTH: M ON M 7 = DUSTSTORM OR SANDSTORM:
VSBY 1/2 MILE OR LESS
8 = SMOKE OR HAZE
[NO. OF DAYS WITH] [WEATHER - DAYS WITH] 9 = BLOWING SNOW
X = TORNADO
MAX 32 OR BELOW: 13 0.01 INCH OR MORE: 2
MAX 90 OR ABOVE: 0 0.10 INCH OR MORE: 0
MIN 32 OR BELOW: 28 0.50 INCH OR MORE: 0
MIN 0 OR BELOW: 10 1.00 INCH OR MORE: 0
[HDD (BASE 65) ]
TOTAL THIS MO. 1252 CLEAR (SCALE 0-3) 13
DPTR FM NORMAL 316 PTCLDY (SCALE 4-7) 6
TOTAL FM JUL 1 4624 CLOUDY (SCALE 8-10) 9
DPTR FM NORMAL 34
[CDD (BASE 65) ]
TOTAL THIS MO. 0
DPTR FM NORMAL 0 [PRESSURE DATA]
TOTAL FM JAN 1 0 HIGHEST SLP 30.67 ON 14
DPTR FM NORMAL 0 LOWEST SLP 29.54 ON 3
[REMARKS]
#FINAL-02-21#