000
CXUS53 KIND 011950
CF6IND
PRELIMINARY LOCAL CLIMATOLOGICAL DATA (WS FORM: F-6)
STATION: INDIANAPOLIS IN
MONTH: JULY
YEAR: 2023
LATITUDE: 39 43 N
LONGITUDE: 86 17 W
TEMPERATURE IN F: :PCPN: SNOW: WIND :SUNSHINE: SKY :PK WND
================================================================================
1 2 3 4 5 6A 6B 7 8 9 10 11 12 13 14 15 16 17 18
12Z AVG MX 2MIN
DY MAX MIN AVG DEP HDD CDD WTR SNW DPTH SPD SPD DIR MIN PSBL S-S WX SPD DR
================================================================================
1 86 68 77 2 0 12 0.84 0.0 0 9.7 30 260 M M 8 13 39 270
2 86 68 77 1 0 12 0.73 0.0 0 9.6 40 290 M M 8 13 63 270
3 86 68 77 1 0 12 0.01 0.0 0 9.5 15 280 M M 7 1 23 280
4 90 66 78 2 0 13 0.26 0.0 0 5.7 26 150 M M 6 8 39 170
5 90 69 80 4 0 15 T 0.0 0 7.2 20 190 M M 5 138 27 200
6 86 71 79 3 0 14 T 0.0 0 8.4 18 300 M M 7 24 300
7 85 66 76 0 0 11 0.00 0.0 0 5.5 14 320 M M 5 18 310
8 79 65 72 -4 0 7 1.59 0.0 0 8.0 20 330 M M 8 13 24 360
9 81 60 71 -5 0 6 0.00 0.0 0 6.5 14 320 M M 5 19 330
10 84 62 73 -3 0 8 0.00 0.0 0 6.6 15 270 M M 3 22 270
11 86 64 75 -1 0 10 0.00 0.0 0 10.4 21 240 M M 2 27 250
12 87 67 77 1 0 12 0.00 0.0 0 10.1 23 190 M M 5 30 190
13 83 70 77 1 0 12 0.00 0.0 0 6.8 14 230 M M 6 17 250
14 88 65 77 1 0 12 0.00 0.0 0 5.7 14 210 M M 4 1 19 200
15 84 69 77 1 0 12 0.10 0.0 0 7.9 17 30 M M 7 13 22 290
16 84 65 75 -1 0 10 0.60 0.0 0 9.0 29 310 M M 5 138 39 310
17 83 64 74 -2 0 9 0.96 0.0 0 8.6 26 360 M M 9 138 38 360
18 82 64 73 -3 0 8 T 0.0 0 5.3 15 340 M M 8 13 18 330
19 85 66 76 0 0 11 0.00 0.0 0 5.5 14 210 M M 5 17 210
20 87 70 79 3 0 14 0.13 0.0 0 8.4 28 240 M M 8 13 35 240
21 80 64 72 -4 0 7 0.00 0.0 0 8.5 16 330 M M 5 20 340
22 84 63 74 -2 0 9 T 0.0 0 3.7 12 340 M M 5 14 310
23 84 63 74 -2 0 9 T 0.0 0 8.0 18 230 M M 4 3 24 220
24 88 67 78 2 0 13 0.15 0.0 0 5.4 24 10 M M 5 3 34 10
25 87 66 77 1 0 12 0.00 0.0 0 4.8 15 190 M M 2 18 19 190
26 89 72 81 5 0 16 0.11 0.0 0 14.1 28 190 M M 7 13 38 200
27 88 75 82 6 0 17 T 0.0 0 6.7 16 230 M M 6 13 23 210
28 91 72 82 6 0 17 0.28 0.0 0 11.3 29 310 M M 4 13 40 310
29 85 70 78 2 0 13 0.30 0.0 0 9.8 44 340 M M 6 13 59 330
30 86 67 77 1 0 12 0.00 0.0 0 7.6 16 350 M M 5 22 280
31 82 63 73 -3 0 8 0.00 0.0 0 7.6 14 30 M M 3 18 10
================================================================================
SM 2646 2069 0 353 6.06 0.0 241.9 M 173
================================================================================
AV 85.4 66.7 7.8 FASTST M M 6 MAX(MPH)
MISC ----> 44 340 63 270
================================================================================
NOTES:
# LAST OF SEVERAL OCCURRENCES
COLUMN 17 PEAK WIND IN M.P.H.
PRELIMINARY LOCAL CLIMATOLOGICAL DATA (WS FORM: F-6) , PAGE 2
STATION: INDIANAPOLIS IN
MONTH: JULY
YEAR: 2023
LATITUDE: 39 43 N
LONGITUDE: 86 17 W
[TEMPERATURE DATA] [PRECIPITATION DATA] SYMBOLS USED IN COLUMN 16
AVERAGE MONTHLY: 76.0 TOTAL FOR MONTH: 6.06 1 = FOG OR MIST
DPTR FM NORMAL: 0.2 DPTR FM NORMAL: 1.64 2 = FOG REDUCING VISIBILITY
HIGHEST: 91 ON 28 GRTST 24HR 1.59 ON 8- 8 TO 1/4 MILE OR LESS
LOWEST: 60 ON 9 3 = THUNDER
SNOW, ICE PELLETS, HAIL 4 = ICE PELLETS
TOTAL MONTH: 0.0 INCH 5 = HAIL
GRTST 24HR 0.0 6 = FREEZING RAIN OR DRIZZLE
GRTST DEPTH: 0 7 = DUSTSTORM OR SANDSTORM:
VSBY 1/2 MILE OR LESS
8 = SMOKE OR HAZE
[NO. OF DAYS WITH] [WEATHER - DAYS WITH] 9 = BLOWING SNOW
X = TORNADO
MAX 32 OR BELOW: 0 0.01 INCH OR MORE: 13
MAX 90 OR ABOVE: 3 0.10 INCH OR MORE: 12
MIN 32 OR BELOW: 0 0.50 INCH OR MORE: 5
MIN 0 OR BELOW: 0 1.00 INCH OR MORE: 1
[HDD (BASE 65) ]
TOTAL THIS MO. 0 CLEAR (SCALE 0-3) 4
DPTR FM NORMAL -1 PTCLDY (SCALE 4-7) 24
TOTAL FM JUL 1 0 CLOUDY (SCALE 8-10) 3
DPTR FM NORMAL 0
[CDD (BASE 65) ]
TOTAL THIS MO. 353
DPTR FM NORMAL 17 [PRESSURE DATA]
TOTAL FM JAN 1 674 HIGHEST SLP 30.15 ON 31
DPTR FM NORMAL -1 LOWEST SLP 29.73 ON 2
[REMARKS]
#FINAL-07-23#