000
CXUS54 KFWD 072133
CF6INJ
PRELIMINARY LOCAL CLIMATOLOGICAL DATA (WS FORM: F-6)
STATION: HILLSBORO
MONTH: MARCH
YEAR: 2022
LATITUDE: 32 0 N
LONGITUDE: 97 6 W
TEMPERATURE IN F: :PCPN: SNOW: WIND :SUNSHINE: SKY :PK WND
================================================================================
1 2 3 4 5 6A 6B 7 8 9 10 11 12 13 14 15 16 17 18
12Z AVG MX 2MIN
DY MAX MIN AVG DEP HDD CDD WTR SNW DPTH SPD SPD DIR MIN PSBL S-S WX SPD DR
================================================================================
1 73 35 54 0 11 0 0.00 M M 4.2 9 130 M M 0 M M
2 76 43 60 6 5 0 0.00 M M 3.9 9 150 M M 0 M M
3 78 44 61 7 4 0 0.00 M M 5.6 10 170 M M 0 M M
4 74 57 66 12 0 1 0.00 M M 12.7 21 150 M M 6 1 23 150
5 77 64 71 16 0 6 0.00 M M 16.4 24 170 M M 8 32 170
6 79 43 61 6 4 0 M M M 16.4 27 310 M M 9 33 160
7 52 37 45 -10 20 0 0.00 M M 15.2 22 340 M M 7 29 340
8 50 35 43 -13 22 0 0.00 M M 7.6 10 10 M M 5 16 30
9 60 24 42 -14 23 0 0.00 M M 6.3 14 360 M M 0 1 17 350
10 70 35 53 -3 12 0 0.00 M M 7.8 16 160 M M 0 18 150
11 54 31 43 -13 22 0 0.01 M M 18.7 30 330 M M 8 33 330
12 56 19 38 -19 27 0 0.00 M M 4.9 10 150 M M 0 M M
13 65 33 49 -8 16 0 0.00 M M 13.6 23 150 M M 0 31 170
14 80 49 65 8 0 0 0.00 M M 15.6 24 160 M M 6 33 170
15 73 45 59 2 6 0 0.00 M M 10.9 22 320 M M 1 29 330
16 80 41 61 3 4 0 0.00 M M 7.2 14 150 M M 0 1 24 140
17 74 54 64 6 1 0 0.00 M M 15.4 26 170 M M 6 32 170
18 67 42 55 -3 10 0 0.00 M M 16.2 25 300 M M 1 35 310
19 76 32 54 -4 11 0 0.00 M M 4.1 12 180 M M 0 M M
20 79 46 63 4 2 0 0.00 M M 12.6 22 150 M M 1 29 170
21 75 55 65 6 0 0 0.27 M M 14.9 31 150 M M 8 38 150
22 59 38 49 -10 16 0 0.01 M M 14.5 25 290 M M 5 31 290
23 64 33 49 -11 16 0 0.00 M M 9.5 29 290 M M 1 35 290
24 69 32 51 -9 14 0 0.00 M M 6.0 18 290 M M 0 26 310
25 82 36 59 -1 6 0 0.00 M M 3.2 13 120 M M 0 M M
26 86 46 66 6 0 1 0.00 M M 8.0 14 70 M M 0 16 210
27 91 53 72 11 0 7 0.00 M M 12.0 20 140 M M 1 25 180
28 84 58 71 10 0 6 0.00 M M 16.7 24 160 M M 0 30 170
29 77 67 72 11 0 7 0.00 M M 21.1 29 160 M M 8 37 160
30 70 42 56 -5 9 0 0.01 M M 16.2 29 300 M M 1 36 300
31 71 41 56 -6 9 0 0.00 M M 5.3 15 310 M M 2 22 300
================================================================================
SM 2221 1310 270 28 0.30 M 342.8 M 84
================================================================================
AV 71.6 42.3 11.1 FASTST M M 3 MAX(MPH)
MISC ----> 31 150 38 150
================================================================================
NOTES:
# LAST OF SEVERAL OCCURRENCES
COLUMN 17 PEAK WIND IN M.P.H.
PRELIMINARY LOCAL CLIMATOLOGICAL DATA (WS FORM: F-6) , PAGE 2
STATION: HILLSBORO
MONTH: MARCH
YEAR: 2022
LATITUDE: 32 0 N
LONGITUDE: 97 6 W
[TEMPERATURE DATA] [PRECIPITATION DATA] SYMBOLS USED IN COLUMN 16
AVERAGE MONTHLY: 57.0 TOTAL FOR MONTH: 0.30 1 = FOG OR MIST
DPTR FM NORMAL: -0.7 DPTR FM NORMAL: -3.48 2 = FOG REDUCING VISIBILITY
HIGHEST: 91 ON 27 GRTST 24HR 0.27 ON 21-21 TO 1/4 MILE OR LESS
LOWEST: 19 ON 12 3 = THUNDER
SNOW, ICE PELLETS, HAIL 4 = ICE PELLETS
TOTAL MONTH: M 5 = HAIL
GRTST 24HR M ON M 6 = FREEZING RAIN OR DRIZZLE
GRTST DEPTH: M ON M 7 = DUSTSTORM OR SANDSTORM:
VSBY 1/2 MILE OR LESS
8 = SMOKE OR HAZE
[NO. OF DAYS WITH] [WEATHER - DAYS WITH] 9 = BLOWING SNOW
X = TORNADO
MAX 32 OR BELOW: 0 0.01 INCH OR MORE: 4
MAX 90 OR ABOVE: 1 0.10 INCH OR MORE: 1
MIN 32 OR BELOW: 5 0.50 INCH OR MORE: 0
MIN 0 OR BELOW: 0 1.00 INCH OR MORE: 0
[HDD (BASE 65) ]
TOTAL THIS MO. 270 CLEAR (SCALE 0-3) 20
DPTR FM NORMAL 13 PTCLDY (SCALE 4-7) 8
TOTAL FM JUL 1 1674 CLOUDY (SCALE 8-10) 3
DPTR FM NORMAL -443
[CDD (BASE 65) ]
TOTAL THIS MO. 28
DPTR FM NORMAL -1 [PRESSURE DATA]
TOTAL FM JAN 1 34 HIGHEST SLP M ON M
DPTR FM NORMAL -3 LOWEST SLP M ON M
[REMARKS]
#FINAL-03-22#