000
CXUS54 KFWD 010830
CF6INJ
PRELIMINARY LOCAL CLIMATOLOGICAL DATA (WS FORM: F-6)
STATION: HILLSBORO
MONTH: JANUARY
YEAR: 2021
LATITUDE: 32 0 N
LONGITUDE: 97 6 W
TEMPERATURE IN F: :PCPN: SNOW: WIND :SUNSHINE: SKY :PK WND
================================================================================
1 2 3 4 5 6A 6B 7 8 9 10 11 12 13 14 15 16 17 18
12Z AVG MX 2MIN
DY MAX MIN AVG DEP HDD CDD WTR SNW DPTH SPD SPD DIR MIN PSBL S-S WX SPD DR
================================================================================
1 41 35 38 -8 27 0 M M M 12.9 18 290 M M 10 1 24 290
2 56 31 44 -2 21 0 0.00 M M 5.9 12 310 M M 2 16 310
3 68 37 53 7 12 0 0.00 M M 8.1 17 190 M M 0 22 200
4 69 36 53 7 12 0 0.00 M M 4.1 12 30 M M 0 M M
5 66 38 52 6 13 0 0.00 M M 8.3 14 120 M M 1 20 120
6 61 46 54 8 11 0 0.00 M M 15.7 28 300 M M 7 36 300
7 54 36 45 -1 20 0 0.00 M M 13.5 25 330 M M 7 32 330
8 50 35 43 -3 22 0 0.00 M M 6.6 10 340 M M 6 16 340
9 49 27 38 -9 27 0 0.00 M M 5.4 9 30 M M 1 M M
10 41 33 37 -10 28 0 0.38 M M 5.8 12 340 M M 10 1 M M
11 43 28 36 -11 29 0 0.00 M M 4.0 9 330 M M 3 1 M M
12 51 25 38 -9 27 0 0.00 M M 2.3 12 220 M M 0 1 M M
13 62 30 46 -1 19 0 0.00 M M 7.0 14 170 M M 0 17 200
14 65 32 49 2 16 0 0.00 M M 12.1 37 340 M M 0 45 340
15 55 27 41 -6 24 0 0.00 M M 10.4 30 290 M M 1 37 290
16 58 25 42 -5 23 0 0.00 M M 2.9 9 310 M M 1 8 17 310
17 62 31 47 0 18 0 0.00 M M 3.6 14 330 M M 0 18 360
18 70 32 51 4 14 0 0.00 M M 10.2 21 170 M M 3 30 190
19 61 48 55 8 10 0 0.69 M M 9.7 16 10 M M 10 24 10
20 52 46 49 2 16 0 0.03 M M 4.3 9 360 M M 10 1 M M
21 56 46 51 4 14 0 0.07 M M 5.5 10 180 M M 7 M M
22 54 49 52 5 13 0 M M M 7.1 16 50 M M 9 1 22 50
23 55 49 52 5 13 0 0.04 M M 4.0 7 90 M M 10 1 M M
24 68 55 62 15 3 0 0.02 M M 9.4 17 150 M M 10 12 26 150
25 69 45 57 9 8 0 0.29 M M 9.4 18 150 M M 3 3 32 170
26 61 37 49 1 16 0 0.00 M M 7.8 18 340 M M 2 23 330
27 53 33 43 -5 22 0 0.00 M M 10.0 20 320 M M 2 28 340
28 49 31 40 -8 25 0 0.00 M M 4.5 8 50 M M 0 M M
29 62 39 51 3 14 0 0.00 M M 9.8 17 150 M M 0 22 170
30 77 53 65 17 0 0 0.00 M M 14.6 24 230 M M 7 18 33 230
31 59 38 49 1 16 0 0.00 M M 15.2 28 330 M M 0 33 340
================================================================================
SM 1797 1153 533 0 1.52 M 250.1 M 122
================================================================================
AV 58.0 37.2 8.1 FASTST M M 4 MAX(MPH)
MISC ----> 37 340 45 340
================================================================================
NOTES:
# LAST OF SEVERAL OCCURRENCES
COLUMN 17 PEAK WIND IN M.P.H.
PRELIMINARY LOCAL CLIMATOLOGICAL DATA (WS FORM: F-6) , PAGE 2
STATION: HILLSBORO
MONTH: JANUARY
YEAR: 2021
LATITUDE: 32 0 N
LONGITUDE: 97 6 W
[TEMPERATURE DATA] [PRECIPITATION DATA] SYMBOLS USED IN COLUMN 16
AVERAGE MONTHLY: 47.6 TOTAL FOR MONTH: 1.52 1 = FOG OR MIST
DPTR FM NORMAL: 0.6 DPTR FM NORMAL: -0.87 2 = FOG REDUCING VISIBILITY
HIGHEST: 77 ON 30 GRTST 24HR 0.69 ON 19-19 TO 1/4 MILE OR LESS
LOWEST: 25 ON 16,12 3 = THUNDER
SNOW, ICE PELLETS, HAIL 4 = ICE PELLETS
TOTAL MONTH: M 5 = HAIL
GRTST 24HR M ON M 6 = FREEZING RAIN OR DRIZZLE
GRTST DEPTH: M ON M 7 = DUSTSTORM OR SANDSTORM:
VSBY 1/2 MILE OR LESS
8 = SMOKE OR HAZE
[NO. OF DAYS WITH] [WEATHER - DAYS WITH] 9 = BLOWING SNOW
X = TORNADO
MAX 32 OR BELOW: 0 0.01 INCH OR MORE: 7
MAX 90 OR ABOVE: 0 0.10 INCH OR MORE: 3
MIN 32 OR BELOW: 11 0.50 INCH OR MORE: 1
MIN 0 OR BELOW: 0 1.00 INCH OR MORE: 0
[HDD (BASE 65) ]
TOTAL THIS MO. 533 CLEAR (SCALE 0-3) 16
DPTR FM NORMAL -27 PTCLDY (SCALE 4-7) 8
TOTAL FM JUL 1 1311 CLOUDY (SCALE 8-10) 7
DPTR FM NORMAL -136
[CDD (BASE 65) ]
TOTAL THIS MO. 0
DPTR FM NORMAL -2 [PRESSURE DATA]
TOTAL FM JAN 1 0 HIGHEST SLP M ON M
DPTR FM NORMAL -2 LOWEST SLP M ON M
[REMARKS]
#FINAL-01-21#