000
CXUS55 KDVN 011000
CF6IOW
PRELIMINARY LOCAL CLIMATOLOGICAL DATA (WS FORM: F-6)
STATION: IOWA CITY IA
MONTH: AUGUST
YEAR: 2022
LATITUDE: 41 37 N
LONGITUDE: 91 33 W
TEMPERATURE IN F: :PCPN: SNOW: WIND :SUNSHINE: SKY :PK WND
================================================================================
1 2 3 4 5 6A 6B 7 8 9 10 11 12 13 14 15 16 17 18
12Z AVG MX 2MIN
DY MAX MIN AVG DEP HDD CDD WTR SNW DPTH SPD SPD DIR MIN PSBL S-S WX SPD DR
================================================================================
1 89 66 78 2 0 13 0.03 M M 7.5 21 20 M M 1 3 29 20
2 90 69 80 5 0 15 0.51 M M 12.0 35 330 M M 1 3 51 300
3 86 75 81 6 0 16 0.10 M M 7.8 18 260 M M 3 3 25 270
4 88 67 78 3 0 13 0.00 M M 7.1 14 40 M M 1 18 10
5 88 68 78 3 0 13 0.00 M M 6.3 14 160 M M 4 17 160
6 96 72 84 9 0 19 0.00 M M 7.2 17 140 M M 1 1 23 140
7 84 74 79 4 0 14 0.22 M M 6.2 17 90 M M 5 13 26 90
8 81 67 74 -1 0 9 0.01 M M 7.3 18 330 M M 9 25 330
9 82 60 71 -4 0 6 0.00 M M 3.5 10 60 M M 2 14 40
10 86 57 72 -3 0 7 0.00 M M 1.1 10 190 M M 0 12 15 230
11 82 64 73 -1 0 8 0.00 M M 5.2 13 50 M M 4 17 40
12 76 62 69 -5 0 4 T M M 8.2 18 80 M M 5 26 70
13 91 63 77 3 0 12 0.00 M M 9.4 18 330 M M 1 32 330
14 78 68 73 -1 0 8 0.00 M M 8.9 14 10 M M 9 8 20 340
15 79 63 71 -3 0 6 0.00 M M 5.8 9 50 M M 2 17 110
16 82 64 73 -1 0 8 0.00 M M 6.7 14 50 M M 2 20 50
17 83 58 71 -3 0 6 0.00 M M 3.0 13 20 M M 1 17 30
18 86 55 71 -3 0 6 0.00 M M 4.6 13 150 M M 1 17 150
19 85 64 75 2 0 10 0.63 M M 7.2 17 290 M M 5 13 29 280
20 78 64 71 -2 0 6 0.31 M M 5.6 20 280 M M 7 18 22 280
21 80 64 72 -1 0 7 0.00 M M 6.0 13 10 M M 4 18 20
22 82 61 72 -1 0 7 0.00 M M 2.1 10 360 M M 4 14 360
23 83 62 73 0 0 8 0.00 M M 2.3 10 140 M M 5 14 130
24 86 61 74 2 0 9 0.07 M M 4.3 12 140 M M 3 38 16 190
25 85 68 77 5 0 12 0.02 M M 8.0 15 320 M M 4 3 22 320
26 81 65 73 1 0 8 0.00 M M 6.2 13 130 M M 1 18 140
27 88 65 77 5 0 12 0.00 M M 8.9 18 130 M M 1 25 140
28 86 69 78 6 0 13 0.10 M M 8.5 16 170 M M 2 1 25 240
29 85 63 74 3 0 9 T M M 6.1 16 290 M M 2 3 22 280
30 82 57 70 -1 0 5 0.00 M M 8.8 21 320 M M 0 30 320
31 89 56 73 2 0 8 0.00 M M 3.6 14 300 M M 0 19 270
================================================================================
SM 2617 1991 0 297 2.00 M 195.4 M 90
================================================================================
AV 84.4 64.2 6.3 FASTST M M 3 MAX(MPH)
MISC ----> 35 330 51 300
================================================================================
NOTES:
# LAST OF SEVERAL OCCURRENCES
COLUMN 17 PEAK WIND IN M.P.H.
PRELIMINARY LOCAL CLIMATOLOGICAL DATA (WS FORM: F-6) , PAGE 2
STATION: IOWA CITY IA
MONTH: AUGUST
YEAR: 2022
LATITUDE: 41 37 N
LONGITUDE: 91 33 W
[TEMPERATURE DATA] [PRECIPITATION DATA] SYMBOLS USED IN COLUMN 16
AVERAGE MONTHLY: 74.3 TOTAL FOR MONTH: 2.00 1 = FOG OR MIST
DPTR FM NORMAL: 0.8 DPTR FM NORMAL: -1.94 2 = FOG REDUCING VISIBILITY
HIGHEST: 96 ON 6 GRTST 24HR 0.68 ON 19-20 TO 1/4 MILE OR LESS
LOWEST: 55 ON 18 3 = THUNDER
SNOW, ICE PELLETS, HAIL 4 = ICE PELLETS
TOTAL MONTH: M 5 = HAIL
GRTST 24HR M ON M 6 = FREEZING RAIN OR DRIZZLE
GRTST DEPTH: M ON M 7 = DUSTSTORM OR SANDSTORM:
VSBY 1/2 MILE OR LESS
8 = SMOKE OR HAZE
[NO. OF DAYS WITH] [WEATHER - DAYS WITH] 9 = BLOWING SNOW
X = TORNADO
MAX 32 OR BELOW: 0 0.01 INCH OR MORE: 10
MAX 90 OR ABOVE: 3 0.10 INCH OR MORE: 6
MIN 32 OR BELOW: 0 0.50 INCH OR MORE: 2
MIN 0 OR BELOW: 0 1.00 INCH OR MORE: 0
[HDD (BASE 65) ]
TOTAL THIS MO. 0 CLEAR (SCALE 0-3) 19
DPTR FM NORMAL -4 PTCLDY (SCALE 4-7) 10
TOTAL FM JUL 1 0 CLOUDY (SCALE 8-10) 2
DPTR FM NORMAL -2
[CDD (BASE 65) ]
TOTAL THIS MO. 297
DPTR FM NORMAL 28 [PRESSURE DATA]
TOTAL FM JAN 1 1044 HIGHEST SLP 30.30 ON 12
DPTR FM NORMAL 125 LOWEST SLP 29.70 ON 28
[REMARKS]
#FINAL-08-22#