000
CXUS53 KDVN 011458
CLSIOW
CLIMATE REPORT
NATIONAL WEATHER SERVICE QUAD CITIES IA IL
858 AM CST FRI MAR 01 2024
...................................
...THE IOWA CITY IA CLIMATE SUMMARY FOR THE SEASON, FROM
12/1/2023 TO 2/29/2024...
CLIMATE NORMAL PERIOD 1991 TO 2020
CLIMATE RECORD PERIOD 9999 TO 9999
WEATHER OBSERVED NORMAL DEPART LAST YEAR`S
VALUE DATE(S) VALUE FROM VALUE
NORMAL
..............................................................
TEMPERATURE (F)
HIGHEST 77 02/27 40 37
LOWEST -20 01/15 14 -34
AVG. MAXIMUM 41.4 34.2 7.2
AVG. MINIMUM 23.6 17.7 5.9
MEAN 32.5 26.0 6.5
DAYS MAX >= 90 0
DAYS MAX <= 32 16
DAYS MIN <= 32 69
DAYS MIN <= 0 8
PRECIPITATION (INCHES)
TOTALS 3.99 3.70 0.29
DAILY AVG. 0.04
DAYS >= .01 25
DAYS >= .10 14
DAYS >= .50 2
DAYS >= 1.00 0
GREATEST
24 HR. TOTAL 0.76 01/08 TO 01/09
DEGREE DAYS
HEATING TOTAL 2948 3514 -566
SINCE 7/1 4032 4811 -779
COOLING TOTAL 0 0 0
SINCE 1/1 0 0 0
..............................................................
WIND (MPH)
AVERAGE WIND SPEED 7.8
HIGHEST WIND SPEED/DIRECTION 37/300 DATE 02/27
HIGHEST GUST SPEED/DIRECTION 50/300 DATE 02/27
SKY COVER
AVERAGE SKY COVER 0.48
NUMBER OF DAYS FAIR 41
NUMBER OF DAYS PC 16
NUMBER OF DAYS CLOUDY 34
AVERAGE RH (PERCENT) 74
WEATHER CONDITIONS. NUMBER OF DAYS WITH
THUNDERSTORM 0 HAIL 0
SLEET 0 FOG 40
FOG W/VIS <= 1/4 MILE 11 HAZE 6
- INDICATES NEGATIVE NUMBERS.
R INDICATES RECORD WAS SET OR TIED.
MM INDICATES DATA IS MISSING.
T INDICATES TRACE AMOUNT.
$$
===================================================================
NOTE: SUPPLEMENTAL CLIMATE DATA WAS USED FROM A NEARBY
CLIMATOLOGICALLY REPRESENTATIVE STATION.
===================================================================
PARAMETER DATE
--------- ----
WTR 1/9, 1/10, 1/12, 1/13, 1/18