000
CXUS55 KPSR 011005
CF6IPL
PRELIMINARY LOCAL CLIMATOLOGICAL DATA (WS FORM: F-6)
STATION: IMPERIAL CA
MONTH: MAY
YEAR: 2023
LATITUDE: 32 50 N
LONGITUDE: 115 35 W
TEMPERATURE IN F: :PCPN: SNOW: WIND :SUNSHINE: SKY :PK WND
================================================================================
1 2 3 4 5 6A 6B 7 8 9 10 11 12 13 14 15 16 17 18
12Z AVG MX 2MIN
DY MAX MIN AVG DEP HDD CDD WTR SNW DPTH SPD SPD DIR MIN PSBL S-S WX SPD DR
================================================================================
1 87 60 74 0 0 9 0.00 0.0 M 18.5 39 270 M M 0 8 55 270
2 81 55 68 -6 0 3 0.00 M M 10.8 25 280 M M 0 38 270
3 82 55 69 -6 0 4 0.00 M M 14.5 30 270 M M 0 39 270
4 76 57 67 -8 0 2 0.00 M M 18.4 32 270 M M 0 46 270
5 80 54 67 -8 0 2 0.00 0.0 M 12.2 23 260 M M 0 35 290
6 85 53 69 -7 0 4 0.00 0.0 M 8.1 22 250 M M 0 29 230
7 89 55 72 -4 0 7 0.00 0.0 M 9.3 18 260 M M 0 26 260
8 92 57 75 -1 0 10 0.00 M M 6.8 15 300 M M 0 20 280
9 90 58 74 -2 0 9 0.00 M M 18.2 45 260 M M 0 8 62 250
10 82 57 70 -7 0 5 0.00 M M 13.9 32 260 M M 0 47 250
11 88 55 72 -5 0 7 0.00 M M 4.7 10 260 M M 0 8 13 270
12 96 61 79 2 0 14 0.00 M M 4.4 10 280 M M 0 17 270
13 103 64 84 7 0 19 0.00 M M 6.5 18 360 M M 0 25 360
14 101 67 84 6 0 19 0.00 M M 10.0 22 120 M M 0 31 130
15 98 65 82 4 0 17 0.00 M M 5.7 15 110 M M 0 22 110
16 102 67 85 7 0 20 0.00 M M 4.7 12 110 M M 0 8 20 70
17 101 68 85 7 0 20 0.00 M M 7.6 21 70 M M 0 26 70
18 99 70 85 6 0 20 0.00 M M 11.1 20 150 M M 0 28 160
19 98 69 84 5 0 19 0.00 M M 9.9 20 130 M M 0 27 140
20 97 73 85 6 0 20 0.00 M M 7.4 20 130 M M 1 26 120
21 100 67 84 4 0 19 0.00 M M 5.6 16 130 M M 0 21 120
22 100 68 84 4 0 19 0.00 0.0 0 6.6 16 130 M M 0 8 20 130
23 99 70 85 5 0 20 0.00 M M 6.7 15 260 M M 0 21 250
24 98 67 83 3 0 18 0.00 M M 8.3 20 270 M M 0 29 280
25 94 65 80 -1 0 15 0.00 M M 12.5 24 260 M M 0 8 35 260
26 92 62 77 -4 0 12 0.00 0.0 0 12.0 25 260 M M 0 37 260
27 94 62 78 -3 0 13 0.00 0.0 0 6.3 17 270 M M 0 23 280
28 96 64 80 -2 0 15 0.00 M M 7.0 14 260 M M 0 20 260
29 94 64 79 -3 0 14 0.00 M M 7.1 20 270 M M 0 27 270
30 92 63 78 -4 0 13 0.00 0.0 0 12.9 37 260 M M 1 8 54 260
31 86 62 74 -8 0 9 0.00 M M 13.9 24 270 M M 0 35 260
================================================================================
SM 2872 1934 0 397 0.00 0.0 301.6 M 2
================================================================================
AV 92.6 62.4 9.7 FASTST M M 0 MAX(MPH)
MISC ----> 45 260 62 250
================================================================================
NOTES:
# LAST OF SEVERAL OCCURRENCES
COLUMN 17 PEAK WIND IN M.P.H.
PRELIMINARY LOCAL CLIMATOLOGICAL DATA (WS FORM: F-6) , PAGE 2
STATION: IMPERIAL CA
MONTH: MAY
YEAR: 2023
LATITUDE: 32 50 N
LONGITUDE: 115 35 W
[TEMPERATURE DATA] [PRECIPITATION DATA] SYMBOLS USED IN COLUMN 16
AVERAGE MONTHLY: 77.5 TOTAL FOR MONTH: 0.00 1 = FOG OR MIST
DPTR FM NORMAL: -0.7 DPTR FM NORMAL: -0.07 2 = FOG REDUCING VISIBILITY
HIGHEST: 103 ON 13 GRTST 24HR T ON 25-25 TO 1/4 MILE OR LESS
LOWEST: 53 ON 6 3 = THUNDER
SNOW, ICE PELLETS, HAIL 4 = ICE PELLETS
TOTAL MONTH: 0.0 INCH 5 = HAIL
GRTST 24HR 0.0 6 = FREEZING RAIN OR DRIZZLE
GRTST DEPTH: 0 7 = DUSTSTORM OR SANDSTORM:
VSBY 1/2 MILE OR LESS
8 = SMOKE OR HAZE
[NO. OF DAYS WITH] [WEATHER - DAYS WITH] 9 = BLOWING SNOW
X = TORNADO
MAX 32 OR BELOW: 0 0.01 INCH OR MORE: 0
MAX 90 OR ABOVE: 21 0.10 INCH OR MORE: 0
MIN 32 OR BELOW: 0 0.50 INCH OR MORE: 0
MIN 0 OR BELOW: 0 1.00 INCH OR MORE: 0
[HDD (BASE 65) ]
TOTAL THIS MO. 0 CLEAR (SCALE 0-3) 31
DPTR FM NORMAL -1 PTCLDY (SCALE 4-7) 0
TOTAL FM JUL 1 1137 CLOUDY (SCALE 8-10) 0
DPTR FM NORMAL 172
[CDD (BASE 65) ]
TOTAL THIS MO. 397
DPTR FM NORMAL -13 [PRESSURE DATA]
TOTAL FM JAN 1 664 HIGHEST SLP M ON M
DPTR FM NORMAL -37 LOWEST SLP 29.59 ON 1
[REMARKS]
#FINAL-05-23#