000
CXUS55 KPSR 011005
CF6IPL
PRELIMINARY LOCAL CLIMATOLOGICAL DATA (WS FORM: F-6)
STATION: IMPERIAL CA
MONTH: MAY
YEAR: 2022
LATITUDE: 32 50 N
LONGITUDE: 115 35 W
TEMPERATURE IN F: :PCPN: SNOW: WIND :SUNSHINE: SKY :PK WND
================================================================================
1 2 3 4 5 6A 6B 7 8 9 10 11 12 13 14 15 16 17 18
12Z AVG MX 2MIN
DY MAX MIN AVG DEP HDD CDD WTR SNW DPTH SPD SPD DIR MIN PSBL S-S WX SPD DR
================================================================================
1 96 66 81 7 0 16 0.00 M M 12.5 23 270 M M 0 34 280
2 93 58 76 2 0 11 0.00 M M 4.8 12 260 M M 0 17 140
3 92 63 78 3 0 13 0.00 M M 5.1 13 350 M M 0 21 340
4 93 56 75 0 0 10 0.00 M M 4.0 10 330 M M 0 15 320
5 98 62 80 5 0 15 0.00 M M 6.3 18 280 M M 0 27 270
6 102 63 83 7 0 18 0.00 M M 8.2 18 270 M M 0 27 280
7 102 66 84 8 0 19 0.00 M M 13.5 31 250 M M 0 8 42 260
8 90 63 77 1 0 12 0.00 M M 20.4 36 260 M M 0 8 49 260
9 85 57 71 -5 0 6 0.00 M M 12.7 28 270 M M 0 37 270
10 87 58 73 -4 0 8 0.00 M M 13.0 33 260 M M 0 45 270
11 82 56 69 -8 0 4 0.00 M M 10.9 23 280 M M 0 34 270
12 85 49 67 -10 0 2 0.00 M M 6.0 14 10 M M 0 8 21 20
13 96 53 75 -2 0 10 0.00 M M 6.1 10 280 M M 0 17 20
14 103 60 82 4 0 17 0.00 M M 4.0 9 10 M M 0 15 30
15 107 66 87 9 0 22 0.00 M M 10.7 25 270 M M 0 8 37 270
16 103 74 89 11 0 24 0.00 M M 10.0 22 240 M M 0 30 250
17 102 69 86 8 0 21 0.00 M M 8.9 16 270 M M 0 8 24 120
18 96 67 82 3 0 17 0.00 M M 4.7 14 140 M M 0 19 170
19 100 65 83 4 0 18 0.00 M M 7.4 22 130 M M 0 31 130
20 95 66 81 2 0 16 0.00 M M 10.1 28 270 M M 0 8 39 270
21 90 64 77 -3 0 12 0.00 M M 3.6 13 260 M M 0 16 120
22 93 63 78 -2 0 13 0.00 M M 5.4 16 260 M M 0 21 250
23 96 67 82 2 0 17 0.00 M M 5.2 14 140 M M 0 18 200
24 100 66 83 3 0 18 0.00 M M 5.3 14 140 M M 0 8 18 140
25 103 68 86 5 0 21 0.00 M M 7.1 14 140 M M 0 21 130
26 103 69 86 5 0 21 0.00 M M 7.0 16 110 M M 0 21 120
27 103 63 83 2 0 18 0.00 M M 7.3 21 270 M M 0 30 270
28 96 67 82 0 0 17 0.00 M M 17.3 35 250 M M 1 8 50 250
29 95 65 80 -2 0 15 0.00 M M 12.9 28 250 M M 0 8 38 250
30 96 62 79 -3 0 14 0.00 M M 8.0 28 240 M M 0 35 240
31 95 63 79 -3 0 14 0.00 M M 5.8 13 350 M M 0 23 300
================================================================================
SM 2977 1954 0 459 0.00 M 264.2 M 1
================================================================================
AV 96.0 63.0 8.5 FASTST M M 0 MAX(MPH)
MISC ----> 36 260 50 250
================================================================================
NOTES:
# LAST OF SEVERAL OCCURRENCES
COLUMN 17 PEAK WIND IN M.P.H.
PRELIMINARY LOCAL CLIMATOLOGICAL DATA (WS FORM: F-6) , PAGE 2
STATION: IMPERIAL CA
MONTH: MAY
YEAR: 2022
LATITUDE: 32 50 N
LONGITUDE: 115 35 W
[TEMPERATURE DATA] [PRECIPITATION DATA] SYMBOLS USED IN COLUMN 16
AVERAGE MONTHLY: 79.5 TOTAL FOR MONTH: 0.00 1 = FOG OR MIST
DPTR FM NORMAL: 1.3 DPTR FM NORMAL: -0.07 2 = FOG REDUCING VISIBILITY
HIGHEST: 107 ON 15 GRTST 24HR T ON 30- 1 TO 1/4 MILE OR LESS
LOWEST: 49 ON 12 3 = THUNDER
SNOW, ICE PELLETS, HAIL 4 = ICE PELLETS
TOTAL MONTH: M 5 = HAIL
GRTST 24HR M ON M 6 = FREEZING RAIN OR DRIZZLE
GRTST DEPTH: M ON M 7 = DUSTSTORM OR SANDSTORM:
VSBY 1/2 MILE OR LESS
8 = SMOKE OR HAZE
[NO. OF DAYS WITH] [WEATHER - DAYS WITH] 9 = BLOWING SNOW
X = TORNADO
MAX 32 OR BELOW: 0 0.01 INCH OR MORE: 0
MAX 90 OR ABOVE: 27 0.10 INCH OR MORE: 0
MIN 32 OR BELOW: 0 0.50 INCH OR MORE: 0
MIN 0 OR BELOW: 0 1.00 INCH OR MORE: 0
[HDD (BASE 65) ]
TOTAL THIS MO. 0 CLEAR (SCALE 0-3) 31
DPTR FM NORMAL -1 PTCLDY (SCALE 4-7) 0
TOTAL FM JUL 1 776 CLOUDY (SCALE 8-10) 0
DPTR FM NORMAL -189
[CDD (BASE 65) ]
TOTAL THIS MO. 459
DPTR FM NORMAL 49 [PRESSURE DATA]
TOTAL FM JAN 1 811 HIGHEST SLP M ON M
DPTR FM NORMAL 110 LOWEST SLP 29.52 ON 20
[REMARKS]
#FINAL-05-22#