000
CXUS55 KPSR 011005
CF6IPL
PRELIMINARY LOCAL CLIMATOLOGICAL DATA (WS FORM: F-6)
STATION: IMPERIAL CA
MONTH: DECEMBER
YEAR: 2020
LATITUDE: 32 50 N
LONGITUDE: 115 35 W
TEMPERATURE IN F: :PCPN: SNOW: WIND :SUNSHINE: SKY :PK WND
================================================================================
1 2 3 4 5 6A 6B 7 8 9 10 11 12 13 14 15 16 17 18
12Z AVG MX 2MIN
DY MAX MIN AVG DEP HDD CDD WTR SNW DPTH SPD SPD DIR MIN PSBL S-S WX SPD DR
================================================================================
1 78 39 59 2 6 0 0.00 M M 3.2 8 240 M M 0 9 260
2 74 42 58 2 7 0 0.00 M M 7.3 17 40 M M 0 8 21 70
3 69 40 55 -1 10 0 0.00 M M 8.4 17 30 M M 0 8 23 30
4 71 37 54 -2 11 0 0.00 M M 2.2 9 280 M M 0 8 10 270
5 71 34 53 -3 12 0 0.00 M M 3.1 8 220 M M 0 10 260
6 74 38 56 1 9 0 0.00 M M 4.0 9 360 M M 0 11 260
7 72 43 58 3 7 0 0.00 M M 5.0 12 330 M M 0 15 340
8 76 48 62 7 3 0 0.00 M M 4.8 12 230 M M 0 12 230
9 73 44 59 4 6 0 0.00 M M 3.5 12 80 M M 0 8 19 80
10 74 44 59 4 6 0 0.00 M M 2.1 12 270 M M 1 8 12 170
11 68 39 54 0 11 0 0.00 M M 2.4 8 280 M M 0 13 70
12 71 39 55 1 10 0 0.00 M M 5.3 13 330 M M 1 16 330
13 63 38 51 -3 14 0 0.00 M M 2.7 12 30 M M 0 14 20
14 70 39 55 1 10 0 0.00 M M 3.8 13 330 M M 0 19 290
15 67 37 52 -2 13 0 0.00 M M 4.3 15 360 M M 0 19 360
16 69 37 53 -1 12 0 0.00 M M 3.3 9 260 M M 0 11 210
17 64 39 52 -2 13 0 0.00 M M 4.4 14 170 M M 0 8 20 130
18 71 38 55 1 10 0 0.00 M M 4.9 15 10 M M 0 19 10
19 70 35 53 -1 12 0 0.00 M M 4.5 10 260 M M 0 12 10
20 74 36 55 1 10 0 0.00 M M 2.5 8 260 M M 0 10 270
21 77 40 59 5 6 0 0.00 M M 1.7 7 280 M M 0 8 270
22 73 43 58 4 7 0 0.00 M M 3.1 12 150 M M 0 8 13 140
23 70 40 55 1 10 0 0.00 M M 6.9 21 50 M M 0 8 27 40
24 62 40 51 -3 14 0 T M M 4.5 10 250 M M 2 13 10
25 69 37 53 -1 12 0 0.00 M M 3.2 8 20 M M 0 12 330
26 73 40 57 3 8 0 0.00 M M 2.9 8 230 M M 0 13 210
27 72 42 57 3 8 0 0.00 M M 3.1 12 300 M M 0 14 300
28 66 53 60 6 5 0 0.00 M M 16.3 33 260 M M 4 8 44 270
29 64 42 53 -1 12 0 0.00 M M 6.9 17 330 M M 3 22 340
30 68 36 52 -2 13 0 0.00 M M 5.0 14 10 M M 0 18 360
31 65 34 50 -4 15 0 0.00 M M 6.0 14 330 M M 0 17 350
================================================================================
SM 2178 1233 302 0 T M 141.3 M 11
================================================================================
AV 70.3 39.8 4.6 FASTST M M 0 MAX(MPH)
MISC ----> 33 260 44 270
================================================================================
NOTES:
# LAST OF SEVERAL OCCURRENCES
COLUMN 17 PEAK WIND IN M.P.H.
PRELIMINARY LOCAL CLIMATOLOGICAL DATA (WS FORM: F-6) , PAGE 2
STATION: IMPERIAL CA
MONTH: DECEMBER
YEAR: 2020
LATITUDE: 32 50 N
LONGITUDE: 115 35 W
[TEMPERATURE DATA] [PRECIPITATION DATA] SYMBOLS USED IN COLUMN 16
AVERAGE MONTHLY: 55.0 TOTAL FOR MONTH: T 1 = FOG OR MIST
DPTR FM NORMAL: 0.5 DPTR FM NORMAL: -0.54 2 = FOG REDUCING VISIBILITY
HIGHEST: 78 ON 1 GRTST 24HR T ON 24-24 TO 1/4 MILE OR LESS
LOWEST: 34 ON 31, 5 3 = THUNDER
SNOW, ICE PELLETS, HAIL 4 = ICE PELLETS
TOTAL MONTH: M 5 = HAIL
GRTST 24HR M ON M 6 = FREEZING RAIN OR DRIZZLE
GRTST DEPTH: M ON M 7 = DUSTSTORM OR SANDSTORM:
VSBY 1/2 MILE OR LESS
8 = SMOKE OR HAZE
[NO. OF DAYS WITH] [WEATHER - DAYS WITH] 9 = BLOWING SNOW
X = TORNADO
MAX 32 OR BELOW: 0 0.01 INCH OR MORE: 0
MAX 90 OR ABOVE: 0 0.10 INCH OR MORE: 0
MIN 32 OR BELOW: 0 0.50 INCH OR MORE: 0
MIN 0 OR BELOW: 0 1.00 INCH OR MORE: 0
[HDD (BASE 65) ]
TOTAL THIS MO. 302 CLEAR (SCALE 0-3) 30
DPTR FM NORMAL -24 PTCLDY (SCALE 4-7) 1
TOTAL FM JUL 1 410 CLOUDY (SCALE 8-10) 0
DPTR FM NORMAL -42
[CDD (BASE 65) ]
TOTAL THIS MO. 0
DPTR FM NORMAL -1 [PRESSURE DATA]
TOTAL FM JAN 1 4649 HIGHEST SLP M ON M
DPTR FM NORMAL 672 LOWEST SLP 29.77 ON 28
[REMARKS]
#FINAL-12-20#