000
CXUS51 KCTP 010900
CF6IPT
PRELIMINARY LOCAL CLIMATOLOGICAL DATA (WS FORM: F-6)
STATION: WILLIAMSPORT PA
MONTH: DECEMBER
YEAR: 2022
LATITUDE: 41 15 N
LONGITUDE: 76 55 W
TEMPERATURE IN F: :PCPN: SNOW: WIND :SUNSHINE: SKY :PK WND
================================================================================
1 2 3 4 5 6A 6B 7 8 9 10 11 12 13 14 15 16 17 18
12Z AVG MX 2MIN
DY MAX MIN AVG DEP HDD CDD WTR SNW DPTH SPD SPD DIR MIN PSBL S-S WX SPD DR
================================================================================
1 39 27 33 -4 32 0 0.00 0.0 0 11.9 24 290 M M 8 30 290
2 41 21 31 -5 34 0 0.00 0.0 0 5.8 18 60 M M 4 32 80
3 53 37 45 9 20 0 0.19 0.0 0 11.0 29 300 M M 9 1 40 310
4 42 24 33 -3 32 0 0.00 0.0 0 6.5 16 300 M M 2 21 290
5 45 19 32 -4 33 0 0.00 0.0 0 3.9 17 140 M M 0 24 150
6 48 31 40 5 25 0 0.76 0.0 0 3.7 14 90 M M 9 13 18 80
7 50 45 48 13 17 0 T 0.0 0 2.0 9 80 M M 10 1 13 240
8 48 36 42 7 23 0 0.00 0.0 0 3.1 14 10 M M 9 1 18 20
9 44 26 35 1 30 0 0.00 0.0 0 3.6 12 350 M M 1 15 360
10 43 22 33 -1 32 0 0.00 0.0 0 1.2 15 70 M M 2 18 70
11 37 34 36 2 29 0 0.17 0.2 0 6.2 16 60 M M 10 1 23 60
12 36 28 32 -2 33 0 0.00 0.0 0 6.7 14 350 M M 10 1 17 330
13 37 21 29 -4 36 0 0.00 0.0 0 4.9 12 270 M M 0 16 280
14 39 21 30 -3 35 0 0.00 0.0 0 4.1 15 260 M M 0 18 260
15 35 25 30 -3 35 0 1.35 2.5 T 7.7 18 110 M M 7 14 25 100
16 38 33 36 3 29 0 0.31 T 3 6.8 14 270 M M 10 14 16 280
17 39 28 34 2 31 0 0.00 T 2 6.9 17 270 M M 7 23 250
18 36 26 31 -1 34 0 T T 2 7.8 18 280 M M 8 1 24 260
19 32 28 30 -2 35 0 T T 1 10.3 18 260 M M 10 23 270
20 36 22 29 -3 36 0 0.00 0.0 1 5.2 14 310 M M 7 18 310
21 36 18 27 -4 38 0 0.00 0.0 1 0.3 5 110 M M 0 7 90
22 42 26 34 3 31 0 1.35 3.8 1 7.5 21 100 M M 8 12 26 110
23 43 2 23 -8 42 0 0.95 0.1 1 17.8 43 250 M M 10 18 53 250
24 13 2 8 -23 57 0 0.00 0.0 1 15.5 31 260 M M 9 41 260
25 23 13 18 -12 47 0 0.00 0.0 1 14.3 25 260 M M 8 33 260
26 25 15 20 -10 45 0 T 0.1 1 7.0 17 260 M M 7 8 23 260
27 29 22 26 -4 39 0 0.00 0.0 1 2.4 8 280 M M 10 10 250
28 44 26 35 5 30 0 0.00 0.0 1 1.3 9 70 M M 2 18 12 60
29 46 21 34 4 31 0 0.00 0.0 1 0.6 6 220 M M 2 1 7 200
30 56 34 45 15 20 0 T 0.0 T 0.8 7 250 M M 7 18 8 250
31 55 34 45 16 20 0 0.07 0.0 T 1.7 7 280 M M 8 128 9 280
================================================================================
SM 1230 767 1011 0 5.15 6.7 188.5 M 194
================================================================================
AV 39.7 24.7 6.1 FASTST M M 6 MAX(MPH)
MISC ----> 43 250 53 250
================================================================================
NOTES:
# LAST OF SEVERAL OCCURRENCES
COLUMN 17 PEAK WIND IN M.P.H.
PRELIMINARY LOCAL CLIMATOLOGICAL DATA (WS FORM: F-6) , PAGE 2
STATION: WILLIAMSPORT PA
MONTH: DECEMBER
YEAR: 2022
LATITUDE: 41 15 N
LONGITUDE: 76 55 W
[TEMPERATURE DATA] [PRECIPITATION DATA] SYMBOLS USED IN COLUMN 16
AVERAGE MONTHLY: 32.2 TOTAL FOR MONTH: 5.15 1 = FOG OR MIST
DPTR FM NORMAL: -0.6 DPTR FM NORMAL: 1.88 2 = FOG REDUCING VISIBILITY
HIGHEST: 56 ON 30 GRTST 24HR 2.26 ON 22-23 TO 1/4 MILE OR LESS
LOWEST: 2 ON 24,23 3 = THUNDER
SNOW, ICE PELLETS, HAIL 4 = ICE PELLETS
TOTAL MONTH: 6.7 INCHES 5 = HAIL
GRTST 24HR 3.8 ON 22-22 6 = FREEZING RAIN OR DRIZZLE
GRTST DEPTH: 3 ON 16 7 = DUSTSTORM OR SANDSTORM:
VSBY 1/2 MILE OR LESS
8 = SMOKE OR HAZE
[NO. OF DAYS WITH] [WEATHER - DAYS WITH] 9 = BLOWING SNOW
X = TORNADO
MAX 32 OR BELOW: 5 0.01 INCH OR MORE: 8
MAX 90 OR ABOVE: 0 0.10 INCH OR MORE: 7
MIN 32 OR BELOW: 24 0.50 INCH OR MORE: 4
MIN 0 OR BELOW: 0 1.00 INCH OR MORE: 2
[HDD (BASE 65) ]
TOTAL THIS MO. 1011 CLEAR (SCALE 0-3) 9
DPTR FM NORMAL 11 PTCLDY (SCALE 4-7) 9
TOTAL FM JUL 1 2094 CLOUDY (SCALE 8-10) 13
DPTR FM NORMAL -79
[CDD (BASE 65) ]
TOTAL THIS MO. 0
DPTR FM NORMAL 0 [PRESSURE DATA]
TOTAL FM JAN 1 1005 HIGHEST SLP 30.54 ON 2
DPTR FM NORMAL 207 LOWEST SLP 29.05 ON 23
[REMARKS]
#FINAL-12-22#