000
CXUS53 KEAX 010736
CF6IRK
PRELIMINARY LOCAL CLIMATOLOGICAL DATA (WS FORM: F-6)
STATION: KIRKSVILLE MO
MONTH: JULY
YEAR: 2023
LATITUDE: 40 5 N
LONGITUDE: 92 33 W
TEMPERATURE IN F: :PCPN: SNOW: WIND :SUNSHINE: SKY :PK WND
================================================================================
1 2 3 4 5 6A 6B 7 8 9 10 11 12 13 14 15 16 17 18
12Z AVG MX 2MIN
DY MAX MIN AVG DEP HDD CDD WTR SNW DPTH SPD SPD DIR MIN PSBL S-S WX SPD DR
================================================================================
1 83 66 75 0 0 10 2.58 M M 5.5 30 260 M M 7 1238 43 270
2 85 65 75 0 0 10 T M M 5.5 14 330 M M 6 1 21 330
3 88 63 76 1 0 11 0.00 M M 2.9 7 280 M M 0 1 12 70
4 91 64 78 3 0 13 0.00 M M 3.4 12 180 M M 0 1 17 180
5 86 67 77 2 0 12 0.00 M M 7.9 17 330 M M 3 25 320
6 77 59 68 -7 0 3 0.00 M M 6.6 13 340 M M 0 18 340
7 77 56 67 -8 0 2 0.41 M M 6.3 17 340 M M 5 138 25 330
8 77 58 68 -7 0 3 T M M 7.8 16 10 M M 5 1 25 20
9 82 54 68 -7 0 3 0.00 M M 3.5 10 310 M M 1 1 14 290
10 85 52 69 -6 0 4 0.00 M M 3.9 12 260 M M 0 1 16 280
11 91 62 77 2 0 12 0.00 M M 4.6 14 230 M M 0 20 250
12 85 69 77 1 0 12 0.20 M M 8.2 26 320 M M 1 138 37 320
13 87 65 76 0 0 11 0.00 M M 4.6 13 310 M M 1 1 20 330
14 93 60 77 1 0 12 0.00 M M 4.9 20 190 M M 1 13 28 190
15 85 63 74 -2 0 9 0.00 M M 5.8 14 300 M M 3 18 19 320
16 82 63 73 -3 0 8 0.00 M M 4.7 15 290 M M 2 18 24 300
17 79 61 70 -6 0 5 0.09 M M 4.3 14 340 M M 3 138 22 280
18 80 59 70 -6 0 5 0.02 M M 6.1 14 100 M M 4 1 20 70
19 88 63 76 0 0 11 0.00 M M 6.3 15 140 M M 2 1 19 130
20 86 65 76 0 0 11 0.00 M M 6.6 16 320 M M 2 12 25 310
21 81 59 70 -6 0 5 0.00 M M 3.9 13 30 M M 2 16 30
22 87 55 71 -5 0 6 0.00 M M 3.7 12 310 M M 1 1 15 270
23 92 59 76 0 0 11 0.00 M M 4.8 15 330 M M 1 13 20 210
24 92 61 77 1 0 12 0.00 M M 3.2 13 260 M M 0 1 23 250
25 90 65 78 2 0 13 T M M 6.5 14 130 M M 1 3 18 130
26 99 76 88 12 0 23 0.00 M M 8.9 18 230 M M 1 3 29 210
27 98 72 85 9 0 20 0.00 M M 4.5 14 200 M M 1 12 21 200
28 100 77 89 13 0 24 0.00 M M 9.1 17 210 M M 0 26 270
29 89 66 78 2 0 13 0.12 M M 5.2 29 290 M M 1 13 43 260
30 91 63 77 1 0 12 0.00 M M 4.5 10 30 M M 1 12 14 40
31 77 65 71 -5 0 6 0.01 M M 4.9 10 150 M M 4 1 15 130
================================================================================
SM 2683 1952 0 312 3.43 M 168.6 M 59
================================================================================
AV 86.5 63.0 5.4 FASTST M M 2 MAX(MPH)
MISC ----> 30 260 # 43 270
================================================================================
NOTES:
# LAST OF SEVERAL OCCURRENCES
COLUMN 17 PEAK WIND IN M.P.H.
PRELIMINARY LOCAL CLIMATOLOGICAL DATA (WS FORM: F-6) , PAGE 2
STATION: KIRKSVILLE MO
MONTH: JULY
YEAR: 2023
LATITUDE: 40 5 N
LONGITUDE: 92 33 W
[TEMPERATURE DATA] [PRECIPITATION DATA] SYMBOLS USED IN COLUMN 16
AVERAGE MONTHLY: 74.8 TOTAL FOR MONTH: 3.43 1 = FOG OR MIST
DPTR FM NORMAL: -0.6 DPTR FM NORMAL: -0.92 2 = FOG REDUCING VISIBILITY
HIGHEST: 100 ON 28 GRTST 24HR 2.58 ON 1- 1 TO 1/4 MILE OR LESS
LOWEST: 52 ON 10 3 = THUNDER
SNOW, ICE PELLETS, HAIL 4 = ICE PELLETS
TOTAL MONTH: M 5 = HAIL
GRTST 24HR M ON M 6 = FREEZING RAIN OR DRIZZLE
GRTST DEPTH: M ON M 7 = DUSTSTORM OR SANDSTORM:
VSBY 1/2 MILE OR LESS
8 = SMOKE OR HAZE
[NO. OF DAYS WITH] [WEATHER - DAYS WITH] 9 = BLOWING SNOW
X = TORNADO
MAX 32 OR BELOW: 0 0.01 INCH OR MORE: 7
MAX 90 OR ABOVE: 10 0.10 INCH OR MORE: 4
MIN 32 OR BELOW: 0 0.50 INCH OR MORE: 1
MIN 0 OR BELOW: 0 1.00 INCH OR MORE: 1
[HDD (BASE 65) ]
TOTAL THIS MO. 0 CLEAR (SCALE 0-3) 25
DPTR FM NORMAL -2 PTCLDY (SCALE 4-7) 6
TOTAL FM JUL 1 0 CLOUDY (SCALE 8-10) 0
DPTR FM NORMAL 0
[CDD (BASE 65) ]
TOTAL THIS MO. 312
DPTR FM NORMAL -12 [PRESSURE DATA]
TOTAL FM JAN 1 595 HIGHEST SLP M ON M
DPTR FM NORMAL -17 LOWEST SLP 29.75 ON 12
[REMARKS]
#FINAL-07-23#