000
CXUS53 KEAX 010736
CF6IRK
PRELIMINARY LOCAL CLIMATOLOGICAL DATA (WS FORM: F-6)
STATION: KIRKSVILLE MO
MONTH: JULY
YEAR: 2021
LATITUDE: 40 5 N
LONGITUDE: 92 33 W
TEMPERATURE IN F: :PCPN: SNOW: WIND :SUNSHINE: SKY :PK WND
================================================================================
1 2 3 4 5 6A 6B 7 8 9 10 11 12 13 14 15 16 17 18
12Z AVG MX 2MIN
DY MAX MIN AVG DEP HDD CDD WTR SNW DPTH SPD SPD DIR MIN PSBL S-S WX SPD DR
================================================================================
1 86 64 75 0 0 10 0.00 M M 5.8 16 40 M M 3 12 21 50
2 86 61 74 -1 0 9 0.00 M M 3.5 15 90 M M 3 1 18 340
3 85 62 74 -1 0 9 0.00 M M 2.8 8 150 M M 1 12 12 130
4 87 63 75 0 0 10 0.00 M M 5.7 10 220 M M 0 17 200
5 88 68 78 3 0 13 0.00 M M 6.1 13 200 M M 0 17 190
6 88 64 76 1 0 11 0.00 M M 5.3 13 170 M M 1 12 18 200
7 86 66 76 1 0 11 0.01 M M 4.7 14 350 M M 4 1 20 260
8 80 66 73 -2 0 8 0.00 M M 5.3 13 350 M M 6 1 17 360
9 88 64 76 1 0 11 1.39 M M 7.9 25 70 M M 2 13 43 60
10 81 65 73 -2 0 8 2.61 M M 8.4 26 160 M M 8 13 36 190
11 67 64 66 -9 0 1 1.77 M M 11.5 21 20 M M 10 12 29 20
12 72 64 68 -8 0 3 0.06 M M 6.0 13 40 M M 10 1 17 50
13 83 67 75 -1 0 10 0.00 M M 4.4 10 190 M M 5 1 15 260
14 88 67 78 2 0 13 0.00 M M 9.8 18 200 M M 1 31 190
15 77 68 73 -3 0 8 1.13 M M 4.3 12 310 M M 6 123 19 220
16 83 68 76 0 0 11 0.00 M M 4.4 12 50 M M 7 12 15 70
17 81 62 72 -4 0 7 0.00 M M 5.8 13 70 M M 1 1 19 110
18 83 61 72 -4 0 7 0.00 M M 6.3 14 40 M M 1 1 17 70
19 85 65 75 -1 0 10 0.00 M M 5.1 13 90 M M 2 12 19 80
20 86 63 75 -1 0 10 0.00 M M 3.8 12 30 M M 1 12 15 10
21 87 62 75 -1 0 10 0.00 M M 2.1 7 130 M M 3 12 11 290
22 87 65 76 0 0 11 0.00 M M 5.1 13 190 M M 1 128 18 180
23 90 70 80 4 0 15 0.00 M M 5.8 12 220 M M 1 18 16 220
24 93 73 83 7 0 18 0.93 M M 8.0 20 300 M M 1 138 27 310
25 88 67 78 2 0 13 0.00 M M 3.6 10 50 M M 0 12 13 60
26 88 63 76 0 0 11 0.00 M M 4.0 10 120 M M 0 12 13 130
27 90 66 78 2 0 13 0.00 M M 3.1 10 170 M M 0 18 13 160
28 92 69 81 5 0 16 0.00 M M 3.7 9 230 M M 0 1 12 220
29 95 72 84 8 0 19 M M M 7.2 15 250 M M 1 3 24 220
30 85 71 78 2 0 13 0.01 M M 7.3 13 140 M M 5 13 19 100
31 73 63 68 -8 0 3 2.48 M M 6.5 15 310 M M 7 123 22 290
================================================================================
SM 2628 2033 0 322 10.39 M 173.3 M 91
================================================================================
AV 84.8 65.6 5.6 FASTST M M 3 MAX(MPH)
MISC ----> 26 160 43 60
================================================================================
NOTES:
# LAST OF SEVERAL OCCURRENCES
COLUMN 17 PEAK WIND IN M.P.H.
PRELIMINARY LOCAL CLIMATOLOGICAL DATA (WS FORM: F-6) , PAGE 2
STATION: KIRKSVILLE MO
MONTH: JULY
YEAR: 2021
LATITUDE: 40 5 N
LONGITUDE: 92 33 W
[TEMPERATURE DATA] [PRECIPITATION DATA] SYMBOLS USED IN COLUMN 16
AVERAGE MONTHLY: 75.2 TOTAL FOR MONTH: 10.39 1 = FOG OR MIST
DPTR FM NORMAL: -0.2 DPTR FM NORMAL: 6.04 2 = FOG REDUCING VISIBILITY
HIGHEST: 95 ON 29 GRTST 24HR 3.69 ON 9-10 TO 1/4 MILE OR LESS
LOWEST: 61 ON 18, 2 3 = THUNDER
SNOW, ICE PELLETS, HAIL 4 = ICE PELLETS
TOTAL MONTH: M 5 = HAIL
GRTST 24HR M ON M 6 = FREEZING RAIN OR DRIZZLE
GRTST DEPTH: M ON M 7 = DUSTSTORM OR SANDSTORM:
VSBY 1/2 MILE OR LESS
8 = SMOKE OR HAZE
[NO. OF DAYS WITH] [WEATHER - DAYS WITH] 9 = BLOWING SNOW
X = TORNADO
MAX 32 OR BELOW: 0 0.01 INCH OR MORE: 9
MAX 90 OR ABOVE: 5 0.10 INCH OR MORE: 6
MIN 32 OR BELOW: 0 0.50 INCH OR MORE: 6
MIN 0 OR BELOW: 0 1.00 INCH OR MORE: 5
[HDD (BASE 65) ]
TOTAL THIS MO. 0 CLEAR (SCALE 0-3) 21
DPTR FM NORMAL -2 PTCLDY (SCALE 4-7) 8
TOTAL FM JUL 1 0 CLOUDY (SCALE 8-10) 2
DPTR FM NORMAL 0
[CDD (BASE 65) ]
TOTAL THIS MO. 322
DPTR FM NORMAL -2 [PRESSURE DATA]
TOTAL FM JAN 1 679 HIGHEST SLP M ON M
DPTR FM NORMAL 67 LOWEST SLP 29.81 ON 10
[REMARKS]
#FINAL-07-21#