000
CXUS51 KOKX 010910
CF6ISP
PRELIMINARY LOCAL CLIMATOLOGICAL DATA (WS FORM: F-6)
STATION: ISLIP NY
MONTH: MARCH
YEAR: 2024
LATITUDE: 40 47 N
LONGITUDE: 73 6 W
TEMPERATURE IN F: :PCPN: SNOW: WIND :SUNSHINE: SKY :PK WND
================================================================================
1 2 3 4 5 6A 6B 7 8 9 10 11 12 13 14 15 16 17 18
12Z AVG MX 2MIN
DY MAX MIN AVG DEP HDD CDD WTR SNW DPTH SPD SPD DIR MIN PSBL S-S WX SPD DR
================================================================================
1 40 25 33 -3 32 0 0.00 0.0 0 8.0 15 220 M M 4 22 170
2 53 39 46 10 19 0 1.65 0.0 0 9.9 25 120 M M 10 12 36 110
3 64 45 55 19 10 0 T 0.0 0 8.9 20 340 M M 5 1 26 350
4 58 39 49 12 16 0 0.00 0.0 0 8.6 20 120 M M 6 1 26 100
5 49 41 45 8 20 0 0.22 0.0 0 9.7 16 200 M M 10 12 25 100
6 53 46 50 13 15 0 1.73 0.0 0 6.7 21 130 M M 10 1 27 120
7 54 45 50 13 15 0 0.32 0.0 0 13.8 25 30 M M 10 18 38 20
8 54 38 46 8 19 0 0.00 0.0 0 10.6 20 40 M M 5 30 10
9 50 39 45 7 20 0 1.15 0.0 0 16.8 33 120 M M 10 1 47 120
10 52 36 44 6 21 0 0.40 0.0 0 17.2 29 300 M M 9 1 44 130
11 51 34 43 5 22 0 0.00 0.0 0 22.1 37 290 M M 5 51 280
12 63 37 50 11 15 0 0.00 0.0 0 12.0 23 290 M M 2 33 300
13 57 37 47 8 18 0 0.00 0.0 0 5.4 14 170 M M 4 19 160
14 68 38 53 14 12 0 0.00 0.0 0 4.8 12 160 M M 5 22 170
15 73 46 60 21 5 0 T 0.0 0 9.7 24 340 M M 8 33 330
16 55 39 47 7 18 0 0.00 0.0 0 8.4 21 200 M M 4 27 230
17 63 46 55 15 10 0 0.04 0.0 0 10.8 23 260 M M 7 1 32 260
18 50 37 44 4 21 0 0.00 0.0 0 12.2 23 330 M M 7 32 320
19 47 34 41 1 24 0 T 0.0 0 13.6 28 300 M M 4 38 270
20 56 34 45 4 20 0 0.02 0.0 0 12.5 29 310 M M 8 1 40 280
21 41 29 35 -6 30 0 0.00 0.0 0 17.1 29 290 M M 2 41 310
22 40 24 32 -9 33 0 T 0.0 0 7.6 16 200 M M 5 23 310
23 52 35 44 2 21 0 2.27 0.0 0 17.4 33 340 M M 10 1 48 340
24 46 30 38 -4 27 0 0.00 0.0 0 14.4 33 340 M M 2 46 320
25 51 33 42 0 23 0 0.00 0.0 0 13.9 23 50 M M 3 31 20
26 49 36 43 0 22 0 T 0.0 0 11.7 21 40 M M 9 1 27 30
27 55 39 47 4 18 0 0.01 0.0 0 5.0 13 240 M M 9 18 16 240
28 50 41 46 3 19 0 1.63 0.0 0 9.4 23 340 M M 10 1 29 330
29 55 40 48 4 17 0 T 0.0 0 19.9 32 310 M M 6 50 310
30 60 39 50 6 15 0 0.07 0.0 0 12.3 24 290 M M 5 1 33 300
31 61 40 51 7 14 0 0.03 0.0 0 8.0 20 290 M M 7 1 26 300
================================================================================
SM 1670 1161 591 0 9.54 0.0 358.4 M 201
================================================================================
AV 53.9 37.5 11.6 FASTST M M 6 MAX(MPH)
MISC ----> 37 290 51 280
================================================================================
NOTES:
# LAST OF SEVERAL OCCURRENCES
COLUMN 17 PEAK WIND IN M.P.H.
PRELIMINARY LOCAL CLIMATOLOGICAL DATA (WS FORM: F-6) , PAGE 2
STATION: ISLIP NY
MONTH: MARCH
YEAR: 2024
LATITUDE: 40 47 N
LONGITUDE: 73 6 W
[TEMPERATURE DATA] [PRECIPITATION DATA] SYMBOLS USED IN COLUMN 16
AVERAGE MONTHLY: 45.7 TOTAL FOR MONTH: 9.54 1 = FOG OR MIST
DPTR FM NORMAL: 5.8 DPTR FM NORMAL: 5.03 2 = FOG REDUCING VISIBILITY
HIGHEST: 73 ON 15 GRTST 24HR 2.27 ON 22-23 TO 1/4 MILE OR LESS
LOWEST: 24 ON 22 3 = THUNDER
SNOW, ICE PELLETS, HAIL 4 = ICE PELLETS
TOTAL MONTH: 0.0 INCH 5 = HAIL
GRTST 24HR 0.0 6 = FREEZING RAIN OR DRIZZLE
GRTST DEPTH: 0 7 = DUSTSTORM OR SANDSTORM:
VSBY 1/2 MILE OR LESS
8 = SMOKE OR HAZE
[NO. OF DAYS WITH] [WEATHER - DAYS WITH] 9 = BLOWING SNOW
X = TORNADO
MAX 32 OR BELOW: 0 0.01 INCH OR MORE: 13
MAX 90 OR ABOVE: 0 0.10 INCH OR MORE: 8
MIN 32 OR BELOW: 4 0.50 INCH OR MORE: 5
MIN 0 OR BELOW: 0 1.00 INCH OR MORE: 5
[HDD (BASE 65) ]
TOTAL THIS MO. 591 CLEAR (SCALE 0-3) 4
DPTR FM NORMAL -189 PTCLDY (SCALE 4-7) 16
TOTAL FM JUL 1 3930 CLOUDY (SCALE 8-10) 11
DPTR FM NORMAL -569
[CDD (BASE 65) ]
TOTAL THIS MO. 0
DPTR FM NORMAL 0 [PRESSURE DATA]
TOTAL FM JAN 1 0 HIGHEST SLP M ON M
DPTR FM NORMAL 0 LOWEST SLP 29.30 ON 10
[REMARKS]
#FINAL-03-24#