000
CXUS51 KOKX 012046
CF6ISP
PRELIMINARY LOCAL CLIMATOLOGICAL DATA (WS FORM: F-6)
STATION: ISLIP NY
MONTH: MARCH
YEAR: 2020
LATITUDE: 40 47 N
LONGITUDE: 73 6 W
TEMPERATURE IN F: :PCPN: SNOW: WIND :SUNSHINE: SKY :PK WND
================================================================================
1 2 3 4 5 6A 6B 7 8 9 10 11 12 13 14 15 16 17 18
12Z AVG MX 2MIN
DY MAX MIN AVG DEP HDD CDD WTR SNW DPTH SPD SPD DIR MIN PSBL S-S WX SPD DR
================================================================================
1 42 21 32 -3 33 0 0.00 0.0 0 9.4 25 320 M M 1 30 330
2 53 25 39 3 26 0 T 0.0 0 12.2 23 200 M M 7 32 210
3 54 42 48 12 17 0 0.47 0.0 0 8.3 20 220 M M 9 123 28 300
4 56 43 50 14 15 0 T 0.0 0 15.8 30 280 M M 4 1 40 260
5 51 34 43 7 22 0 0.00 0.0 0 9.2 18 330 M M 4 25 310
6 47 31 39 3 26 0 0.04 0.0 0 9.9 26 60 M M 7 33 60
7 45 31 38 1 27 0 T 0.0 0 16.9 30 340 M M 5 39 340
8 53 27 40 3 25 0 0.00 0.0 0 8.0 17 210 M M 5 22 220
9 63 39 51 14 14 0 0.00 0.0 0 10.0 17 210 M M 4 23 210
10 59 44 52 14 13 0 T 0.0 0 11.3 20 210 M M 7 26 210
11 56 37 47 9 18 0 0.00 0.0 0 7.0 21 320 M M 6 26 310
12 48 32 40 2 25 0 0.31 0.0 0 8.1 17 90 M M 7 1 24 90
13 70 45 58 20 7 0 0.32 0.0 0 15.9 26 280 M M 8 12 38 180
14 55 40 48 9 17 0 0.00 0.0 0 12.1 25 300 M M 4 33 300
15 52 36 44 5 21 0 0.00 0.0 0 9.8 18 330 M M 5 23 330
16 44 30 37 -2 28 0 T 0.0 0 12.0 18 120 M M 6 24 140
17 51 40 46 7 19 0 0.33 0.0 0 7.2 18 130 M M 10 1 23 130
18 53 30 42 2 23 0 T 0.0 0 6.2 16 170 M M 6 19 170
19 49 42 46 6 19 0 0.89 0.0 0 8.4 21 30 M M 10 1 27 30
20 68 46 57 17 8 0 T 0.0 0 8.4 17 220 M M 9 128 22 220
21 67 39 53 12 12 0 0.00 0.0 0 12.0 25 320 M M 4 34 320
22 43 33 38 -3 27 0 0.00 0.0 0 13.1 21 30 M M 7 26 40
23 43 35 39 -2 26 0 1.32 T 0 16.2 26 90 M M 9 1 37 90
24 53 35 44 2 21 0 0.00 0.0 0 12.0 22 330 M M 6 28 350
25 46 38 42 0 23 0 T 0.0 0 13.3 25 40 M M 7 32 40
26 56 35 46 4 19 0 0.00 0.0 0 10.4 18 230 M M 3 24 220
27 65 42 54 11 11 0 T 0.0 0 9.4 23 320 M M 5 29 330
28 52 40 46 3 19 0 0.46 0.0 0 9.9 24 90 M M 8 1 31 90
29 50 44 47 4 18 0 0.06 0.0 0 11.7 21 80 M M 8 13 26 100
30 52 40 46 2 19 0 T 0.0 0 8.7 21 30 M M 10 25 20
31 48 36 42 -2 23 0 0.00 0.0 0 7.8 13 50 M M 8 M M
================================================================================
SM 1644 1132 621 0 4.20 T 330.6 M 199
================================================================================
AV 53.0 36.5 10.7 FASTST M M 6 MAX(MPH)
MISC ----> # 30 280 # 40 260
================================================================================
NOTES:
# LAST OF SEVERAL OCCURRENCES
COLUMN 17 PEAK WIND IN M.P.H.
PRELIMINARY LOCAL CLIMATOLOGICAL DATA (WS FORM: F-6) , PAGE 2
STATION: ISLIP NY
MONTH: MARCH
YEAR: 2020
LATITUDE: 40 47 N
LONGITUDE: 73 6 W
[TEMPERATURE DATA] [PRECIPITATION DATA] SYMBOLS USED IN COLUMN 16
AVERAGE MONTHLY: 44.8 TOTAL FOR MONTH: 4.20 1 = FOG OR MIST
DPTR FM NORMAL: 5.5 DPTR FM NORMAL: -0.24 2 = FOG REDUCING VISIBILITY
HIGHEST: 70 ON 13 GRTST 24HR 1.32 ON 23-23 TO 1/4 MILE OR LESS
LOWEST: 21 ON 1 3 = THUNDER
SNOW, ICE PELLETS, HAIL 4 = ICE PELLETS
TOTAL MONTH: T 5 = HAIL
GRTST 24HR T ON 23-23 6 = FREEZING RAIN OR DRIZZLE
GRTST DEPTH: 0 7 = DUSTSTORM OR SANDSTORM:
VSBY 1/2 MILE OR LESS
8 = SMOKE OR HAZE
[NO. OF DAYS WITH] [WEATHER - DAYS WITH] 9 = BLOWING SNOW
X = TORNADO
MAX 32 OR BELOW: 0 0.01 INCH OR MORE: 9
MAX 90 OR ABOVE: 0 0.10 INCH OR MORE: 7
MIN 32 OR BELOW: 8 0.50 INCH OR MORE: 2
MIN 0 OR BELOW: 0 1.00 INCH OR MORE: 1
[HDD (BASE 65) ]
TOTAL THIS MO. 621 CLEAR (SCALE 0-3) 2
DPTR FM NORMAL -176 PTCLDY (SCALE 4-7) 22
TOTAL FM JUL 1 4051 CLOUDY (SCALE 8-10) 7
DPTR FM NORMAL -641
[CDD (BASE 65) ]
TOTAL THIS MO. 0
DPTR FM NORMAL 0 [PRESSURE DATA]
TOTAL FM JAN 1 0 HIGHEST SLP 30.71 ON 22
DPTR FM NORMAL 0 LOWEST SLP 29.41 ON 3
[REMARKS]
#FINAL-03-20#