000
CXUS52 TJSJ 010438
CF6IST
PRELIMINARY LOCAL CLIMATOLOGICAL DATA (WS FORM: F-6)
STATION: CYRIL E. KING AP/ST THOMAS
MONTH: FEBRUARY
YEAR: 2022
LATITUDE: 18 19 N
LONGITUDE: 64 58 W
TEMPERATURE IN F: :PCPN: SNOW: WIND :SUNSHINE: SKY :PK WND
================================================================================
1 2 3 4 5 6A 6B 7 8 9 10 11 12 13 14 15 16 17 18
12Z AVG MX 2MIN
DY MAX MIN AVG DEP HDD CDD WTR SNW DPTH SPD SPD DIR MIN PSBL S-S WX SPD DR
================================================================================
1 83 73 78 -1 0 13 T M M 7.3 14 140 M M 4 18 50
2 85 74 80 1 0 15 0.19 M M 8.7 17 90 M M 3 25 90
3 82 73 78 -1 0 13 0.00 M M 9.3 20 40 M M 2 26 60
4 79 70 75 -4 0 10 0.22 M M 11.0 24 80 M M 5 1 33 90
5 77 71 74 -5 0 9 0.54 M M 10.4 22 70 M M 5 18 28 80
6 81 71 76 -3 0 11 1.27 M M 12.4 22 80 M M 8 18 29 60
7 82 73 78 -1 0 13 0.00 M M 12.7 23 90 M M 4 30 80
8 83 72 78 -1 0 13 T M M 9.8 20 70 M M 3 25 60
9 84 73 79 0 0 14 0.11 M M 10.3 22 100 M M 5 8 29 90
10 84 71 78 -1 0 13 0.02 M M 10.5 20 80 M M 5 27 120
11 83 74 79 0 0 14 0.01 M M 13.2 23 100 M M 5 27 90
12 83 71 77 -2 0 12 0.11 M M 12.2 23 90 M M 7 18 29 90
13 82 72 77 -2 0 12 0.24 M M 10.5 24 120 M M 7 18 31 110
14 82 71 77 -2 0 12 T M M 8.3 16 50 M M 3 1 21 40
15 84 72 78 -1 0 13 0.00 M M 9.8 18 70 M M 1 26 70
16 85 75 80 1 0 15 T M M 13.2 22 110 M M 2 29 110
17 85 74 80 1 0 15 T M M 14.3 22 80 M M 1 29 90
18 81 72 77 -2 0 12 0.28 M M 10.6 25 120 M M 4 1 31 120
19 83 72 78 -1 0 13 0.00 M M 9.1 18 40 M M 1 24 30
20 83 73 78 -1 0 13 0.00 M M 12.2 21 70 M M 2 27 40
21 85 73 79 0 0 14 0.00 M M 10.9 18 80 M M 3 27 80
22 84 75 80 1 0 15 T M M 12.4 20 40 M M 3 25 50
23 80 73 77 -2 0 12 0.20 M M 10.6 22 40 M M 5 8 30 50
24 82 74 78 -1 0 13 0.00 M M 9.3 21 10 M M 3 29 50
25 81 71 76 -3 0 11 0.08 M M 7.8 18 50 M M 2 24 50
26 84 72 78 -1 0 13 0.00 M M 9.6 16 80 M M 1 24 30
27 84 74 79 0 0 14 0.02 M M 9.3 16 90 M M 2 20 60
28 83 74 79 0 0 14 0.00 0.0 0 9.5 20 130 M M 1 23 130
================================================================================
SM 2314 2033 0 361 3.29 0.0 295.2 M 97
================================================================================
AV 82.6 72.6 10.5 FASTST M M 3 MAX(MPH)
MISC ----> 25 120 33 90
================================================================================
NOTES:
# LAST OF SEVERAL OCCURRENCES
COLUMN 17 PEAK WIND IN M.P.H.
PRELIMINARY LOCAL CLIMATOLOGICAL DATA (WS FORM: F-6) , PAGE 2
STATION: CYRIL E. KING AP/ST THOMAS
MONTH: FEBRUARY
YEAR: 2022
LATITUDE: 18 19 N
LONGITUDE: 64 58 W
[TEMPERATURE DATA] [PRECIPITATION DATA] SYMBOLS USED IN COLUMN 16
AVERAGE MONTHLY: 77.6 TOTAL FOR MONTH: 3.29 1 = FOG OR MIST
DPTR FM NORMAL: -1.3 DPTR FM NORMAL: 1.39 2 = FOG REDUCING VISIBILITY
HIGHEST: 85 ON 21,17 GRTST 24HR 1.49 ON 5- 6 TO 1/4 MILE OR LESS
LOWEST: 70 ON 4 3 = THUNDER
SNOW, ICE PELLETS, HAIL 4 = ICE PELLETS
TOTAL MONTH: 0.0 INCH 5 = HAIL
GRTST 24HR 0.0 6 = FREEZING RAIN OR DRIZZLE
GRTST DEPTH: 0 7 = DUSTSTORM OR SANDSTORM:
VSBY 1/2 MILE OR LESS
8 = SMOKE OR HAZE
[NO. OF DAYS WITH] [WEATHER - DAYS WITH] 9 = BLOWING SNOW
X = TORNADO
MAX 32 OR BELOW: 0 0.01 INCH OR MORE: 13
MAX 90 OR ABOVE: 0 0.10 INCH OR MORE: 9
MIN 32 OR BELOW: 0 0.50 INCH OR MORE: 2
MIN 0 OR BELOW: 0 1.00 INCH OR MORE: 1
[HDD (BASE 65) ]
TOTAL THIS MO. 0 CLEAR (SCALE 0-3) 14
DPTR FM NORMAL 0 PTCLDY (SCALE 4-7) 13
TOTAL FM JUL 1 0 CLOUDY (SCALE 8-10) 1
DPTR FM NORMAL 0
[CDD (BASE 65) ]
TOTAL THIS MO. 361
DPTR FM NORMAL -28 [PRESSURE DATA]
TOTAL FM JAN 1 778 HIGHEST SLP M ON M
DPTR FM NORMAL -43 LOWEST SLP 29.94 ON 1
[REMARKS]
#FINAL-02-22#