000
CXUS53 KGRB 100416
CF6ISW
PRELIMINARY LOCAL CLIMATOLOGICAL DATA (WS FORM: F-6)
STATION: WISCONSIN RAPIDS ASOS
MONTH: MARCH
YEAR: 2021
LATITUDE: 44 22 N
LONGITUDE: 89 50 W
TEMPERATURE IN F: :PCPN: SNOW: WIND :SUNSHINE: SKY :PK WND
================================================================================
1 2 3 4 5 6A 6B 7 8 9 10 11 12 13 14 15 16 17 18
12Z AVG MX 2MIN
DY MAX MIN AVG DEP HDD CDD WTR SNW DPTH SPD SPD DIR MIN PSBL S-S WX SPD DR
================================================================================
1 25 9 17 -8 48 0 T T 4 8.9 20 330 M M 2 28 310
2 44 9 27 2 38 0 0.00 0.0 4 10.6 22 210 M M 2 36 230
3 45 22 34 9 31 0 0.00 0.0 3 4.9 15 320 M M 1 1 21 320
4 41 22 32 6 33 0 0.00 0.0 2 4.1 10 90 M M 1 15 100
5 46 18 32 6 33 0 0.00 0.0 2 3.6 14 350 M M 3 18 320
6 47 18 33 6 32 0 0.00 0.0 1 2.5 13 10 M M 0 16 360
7 49 21 35 8 30 0 0.00 0.0 1 8.4 15 150 M M 3 25 130
8 58 28 43 16 22 0 0.00 0.0 1 5.3 16 300 M M 0 24 300
9 66 30 48 20 17 0 0.00 0.0 1 8.1 21 170 M M 2 34 140
10 61 50 56 28 9 0 0.96 0.0 0 9.4 20 200 M M 8 13 33 200
11 55 33 44 15 21 0 0.00 0.0 0 14.7 32 220 M M 5 50 220
12 42 20 31 2 34 0 0.00 0.0 0 6.4 20 330 M M 0 28 330
13 59 18 39 9 26 0 0.00 0.0 0 7.6 23 260 M M 0 33 270
14 47 26 37 7 28 0 0.00 0.0 0 10.1 18 100 M M 0 29 110
15 35 24 30 0 35 0 0.14 2.0 2 12.6 22 80 M M 4 1 31 80
16 36 28 32 1 33 0 0.01 0.1 1 3.2 9 80 M M 10 1 15 80
17 40 31 36 5 29 0 T T 1 4.6 16 20 M M 7 1 23 10
18 54 30 42 10 23 0 0.00 0.0 0 11.1 25 50 M M 0 37 50
19 54 21 38 6 27 0 0.00 0.0 0 4.8 10 160 M M 0 15 170
20 60 27 44 11 21 0 0.00 0.0 0 8.3 21 200 M M 0 28 220
21 65 37 51 18 14 0 0.00 0.0 0 11.6 25 210 M M 0 37 200
22 64 45 55 21 10 0 T 0.0 0 6.1 17 200 M M 6 27 190
23 65 43 54 20 11 0 0.43 0.0 0 9.3 20 90 M M 7 1 29 130
24 54 36 45 11 20 0 0.44 0.0 0 10.1 22 240 M M 10 1 34 250
25 43 33 38 3 27 0 0.00 0.0 0 7.8 15 90 M M 10 21 100
26 49 28 39 3 26 0 0.00 0.0 0 5.5 15 30 M M 5 21 40
27 44 27 36 0 29 0 0.17 0.0 0 3.5 13 100 M M 7 1 18 100
28 41 24 33 -3 32 0 0.09 0.0 0 13.4 26 320 M M 4 1 38 320
29 68 25 47 10 18 0 0.00 0.0 0 13.1 22 190 M M 2 41 220
30 57 32 45 8 20 0 0.00 0.0 0 14.4 24 270 M M 2 37 270
31 36 22 29 -9 36 0 0.00 0.0 0 13.2 23 350 M M 6 34 280
================================================================================
SM 1550 837 813 0 2.24 2.1 257.2 M 107
================================================================================
AV 50.0 27.0 8.3 FASTST M M 3 MAX(MPH)
MISC ----> 32 220 50 220
================================================================================
NOTES:
# LAST OF SEVERAL OCCURRENCES
COLUMN 17 PEAK WIND IN M.P.H.
PRELIMINARY LOCAL CLIMATOLOGICAL DATA (WS FORM: F-6) , PAGE 2
STATION: WISCONSIN RAPIDS ASOS
MONTH: MARCH
YEAR: 2021
LATITUDE: 44 22 N
LONGITUDE: 89 50 W
[TEMPERATURE DATA] [PRECIPITATION DATA] SYMBOLS USED IN COLUMN 16
AVERAGE MONTHLY: 38.5 TOTAL FOR MONTH: 2.24 1 = FOG OR MIST
DPTR FM NORMAL: 7.5 DPTR FM NORMAL: 0.59 2 = FOG REDUCING VISIBILITY
HIGHEST: 68 ON 29 GRTST 24HR 0.96 ON 10-10 TO 1/4 MILE OR LESS
LOWEST: 9 ON 2, 1 3 = THUNDER
SNOW, ICE PELLETS, HAIL 4 = ICE PELLETS
TOTAL MONTH: 2.1 INCHES 5 = HAIL
GRTST 24HR 2.0 ON 15-15 6 = FREEZING RAIN OR DRIZZLE
GRTST DEPTH: 4 ON 2, 1 7 = DUSTSTORM OR SANDSTORM:
VSBY 1/2 MILE OR LESS
8 = SMOKE OR HAZE
[NO. OF DAYS WITH] [WEATHER - DAYS WITH] 9 = BLOWING SNOW
X = TORNADO
MAX 32 OR BELOW: 1 0.01 INCH OR MORE: 7
MAX 90 OR ABOVE: 0 0.10 INCH OR MORE: 5
MIN 32 OR BELOW: 24 0.50 INCH OR MORE: 1
MIN 0 OR BELOW: 0 1.00 INCH OR MORE: 0
[HDD (BASE 65) ]
TOTAL THIS MO. 813 CLEAR (SCALE 0-3) 18
DPTR FM NORMAL -241 PTCLDY (SCALE 4-7) 10
TOTAL FM JUL 1 6563 CLOUDY (SCALE 8-10) 3
DPTR FM NORMAL -455
[CDD (BASE 65) ]
TOTAL THIS MO. 0
DPTR FM NORMAL 0 [PRESSURE DATA]
TOTAL FM JAN 1 0 HIGHEST SLP 30.61 ON 19
DPTR FM NORMAL 0 LOWEST SLP 29.45 ON 24
[REMARKS]
#FINAL-03-21#