000
CXUS52 TJSJ 010433
CF6ISX
PRELIMINARY LOCAL CLIMATOLOGICAL DATA (WS FORM: F-6)
STATION: HENRY E. ROHLSEN AP/ST CROIX
MONTH: JUNE
YEAR: 2021
LATITUDE: 17 42 N
LONGITUDE: 64 48 W
TEMPERATURE IN F: :PCPN: SNOW: WIND :SUNSHINE: SKY :PK WND
================================================================================
1 2 3 4 5 6A 6B 7 8 9 10 11 12 13 14 15 16 17 18
12Z AVG MX 2MIN
DY MAX MIN AVG DEP HDD CDD WTR SNW DPTH SPD SPD DIR MIN PSBL S-S WX SPD DR
================================================================================
1 89 77 83 1 0 18 T M M 13.1 28 90 M M 4 33 90
2 87 77 82 0 0 17 T M M 11.5 20 100 M M 3 25 100
3 89 76 83 1 0 18 0.01 M M 13.8 26 100 M M 4 33 100
4 89 77 83 1 0 18 T M M 14.7 23 90 M M 5 28 80
5 89 77 83 1 0 18 0.02 M M 15.7 24 90 M M 5 1 30 100
6 86 76 81 -1 0 16 0.48 M M 12.3 23 70 M M 5 8 28 60
7 87 76 82 0 0 17 0.31 M M 10.9 24 90 M M 5 31 90
8 86 78 82 0 0 17 0.00 M M 11.8 24 100 M M 6 28 90
9 88 78 83 1 0 18 T M M 11.9 21 100 M M 4 26 110
10 88 78 83 0 0 18 0.00 M M 11.0 20 110 M M 7 26 90
11 88 76 82 -1 0 17 0.02 M M 9.5 20 100 M M 5 1 24 100
12 89 74 82 -1 0 17 0.00 M M 10.0 16 100 M M 2 21 110
13 89 76 83 0 0 18 T M M 12.1 22 100 M M 5 25 100
14 90 79 85 2 0 20 T M M 14.8 23 100 M M 6 27 100
15 90 79 85 2 0 20 0.00 M M 15.3 24 90 M M 8 8 29 80
16 91 79 85 2 0 20 T M M 14.6 25 100 M M 7 8 30 90
17 90 78 84 1 0 19 0.26 M M 15.7 31 100 M M 7 18 37 110
18 90 79 85 2 0 20 0.00 M M 17.2 25 90 M M 6 29 100
19 89 79 84 1 0 19 0.01 M M 12.9 26 100 M M 7 18 36 90
20 91 80 86 3 0 21 0.00 M M 15.7 23 100 M M 6 27 90
21 88 79 84 1 0 19 0.00 M M 14.3 23 80 M M 7 29 100
22 88 76 82 -1 0 17 0.11 M M 11.4 26 90 M M 6 18 33 90
23 91 76 84 1 0 19 0.01 M M 12.0 22 70 M M 5 1 31 50
24 89 75 82 -1 0 17 0.01 M M 11.1 22 100 M M 3 26 100
25 91 75 83 0 0 18 T M M 11.6 21 110 M M 3 27 90
26 90 77 84 1 0 19 0.32 M M 11.1 18 120 M M 5 1 25 120
27 88 76 82 -1 0 17 0.14 M M 11.1 20 100 M M 5 1 26 100
28 89 78 84 1 0 19 T M M 12.6 20 90 M M 3 24 110
29 89 79 84 1 0 19 0.00 M M 12.8 20 100 M M 4 25 110
30 90 79 85 2 0 20 0.03 M M 15.1 26 90 M M 4 18 37 80
================================================================================
SM 2668 2319 0 550 1.73 M 387.6 M 152
================================================================================
AV 88.9 77.3 12.9 FASTST M M 5 MAX(MPH)
MISC ----> 31 100 # 37 110
================================================================================
NOTES:
# LAST OF SEVERAL OCCURRENCES
COLUMN 17 PEAK WIND IN M.P.H.
PRELIMINARY LOCAL CLIMATOLOGICAL DATA (WS FORM: F-6) , PAGE 2
STATION: HENRY E. ROHLSEN AP/ST CROIX
MONTH: JUNE
YEAR: 2021
LATITUDE: 17 42 N
LONGITUDE: 64 48 W
[TEMPERATURE DATA] [PRECIPITATION DATA] SYMBOLS USED IN COLUMN 16
AVERAGE MONTHLY: 83.1 TOTAL FOR MONTH: 1.73 1 = FOG OR MIST
DPTR FM NORMAL: 0.3 DPTR FM NORMAL: -0.19 2 = FOG REDUCING VISIBILITY
HIGHEST: 91 ON 25,23 GRTST 24HR 0.49 ON 6- 7 TO 1/4 MILE OR LESS
LOWEST: 74 ON 12 3 = THUNDER
SNOW, ICE PELLETS, HAIL 4 = ICE PELLETS
TOTAL MONTH: M 5 = HAIL
GRTST 24HR M ON M 6 = FREEZING RAIN OR DRIZZLE
GRTST DEPTH: M ON M 7 = DUSTSTORM OR SANDSTORM:
VSBY 1/2 MILE OR LESS
8 = SMOKE OR HAZE
[NO. OF DAYS WITH] [WEATHER - DAYS WITH] 9 = BLOWING SNOW
X = TORNADO
MAX 32 OR BELOW: 0 0.01 INCH OR MORE: 13
MAX 90 OR ABOVE: 10 0.10 INCH OR MORE: 6
MIN 32 OR BELOW: 0 0.50 INCH OR MORE: 0
MIN 0 OR BELOW: 0 1.00 INCH OR MORE: 0
[HDD (BASE 65) ]
TOTAL THIS MO. 0 CLEAR (SCALE 0-3) 4
DPTR FM NORMAL 0 PTCLDY (SCALE 4-7) 25
TOTAL FM JUL 1 0 CLOUDY (SCALE 8-10) 1
DPTR FM NORMAL 0
[CDD (BASE 65) ]
TOTAL THIS MO. 550
DPTR FM NORMAL 16 [PRESSURE DATA]
TOTAL FM JAN 1 2833 HIGHEST SLP M ON M
DPTR FM NORMAL 185 LOWEST SLP 29.92 ON 25
[REMARKS]
#FINAL-06-21#