000
CXUS54 KJAN 190956
CF6JAN
PRELIMINARY LOCAL CLIMATOLOGICAL DATA (WS FORM: F-6)
STATION: JACKSON
MONTH: JANUARY
YEAR: 2023
LATITUDE: 32 19 N
LONGITUDE: 90 5 W
TEMPERATURE IN F: :PCPN: SNOW: WIND :SUNSHINE: SKY :PK WND
================================================================================
1 2 3 4 5 6A 6B 7 8 9 10 11 12 13 14 15 16 17 18
12Z AVG MX 2MIN
DY MAX MIN AVG DEP HDD CDD WTR SNW DPTH SPD SPD DIR MIN PSBL S-S WX SPD DR
================================================================================
1 77 49 63 16 2 0 0.00 0.0 0 8.1 17 180 M M 5 12 22 200
2 78 69 74 27 0 9 0.12 0.0 0 11.7 23 180 M M 9 1 32 170
3 78 66 72 25 0 7 0.20 0.0 0 11.3 25 170 M M 7 13 37 180
4 71 45 58 11 7 0 0.00 0.0 0 3.7 18 270 M M 2 1 24 260
5 64 39 52 5 13 0 0.00 0.0 0 4.2 16 270 M M 0 22 260
6 66 33 50 3 15 0 0.00 0.0 0 2.9 13 160 M M 0 16 160
7 76 41 59 12 6 0 0.00 0.0 0 8.2 18 190 M M 2 25 190
8 64 42 53 6 12 0 1.33 0.0 0 6.9 16 170 M M 8 123 20 190
9 57 36 47 0 18 0 0.00 0.0 0 2.4 9 60 M M 6 12 13 30
10 66 36 51 4 14 0 0.00 0.0 0 6.1 14 150 M M 3 17 190
11 78 61 70 23 0 5 0.00 0.0 0 11.5 22 210 M M 6 30 210
12 72 45 59 12 6 0 T 0.0 0 16.4 26 190 M M 7 3 41 280
13 48 33 41 -6 24 0 0.00 0.0 0 12.9 23 340 M M 7 31 350
14 53 27 40 -7 25 0 0.00 0.0 0 2.8 12 20 M M 0 16 350
15 62 28 45 -2 20 0 0.00 0.0 0 7.4 16 160 M M 0 1 21 160
16 68 50 59 12 6 0 0.17 0.0 0 12.6 23 180 M M 8 1 31 170
17 77 58 68 21 0 3 0.30 0.0 0 6.2 15 210 M M 6 1 21 220
18 79 58 69 22 0 4 1.13 0.0 0 13.4 30 180 M M 7 13 37 190
19 69 45 57 10 8 0 0.00 0.0 0 8.2 20 260 M M 2 32 260
20 57 40 49 2 16 0 T 0.0 0 5.4 14 360 M M 5 22 350
21 54 46 50 3 15 0 0.85 0.0 0 6.2 14 140 M M 9 1 17 100
22 54 43 49 2 16 0 0.01 0.0 0 6.2 18 270 M M 9 1 27 270
23 54 38 46 -1 19 0 0.00 0.0 0 5.8 13 350 M M 5 18 360
24 55 37 46 -1 19 0 1.38 0.0 0 10.0 24 120 M M 7 13 36 110
25 59 43 51 4 14 0 T 0.0 0 11.4 25 250 M M 10 1 43 260
26 53 32 43 -4 22 0 0.00 0.0 0 5.9 16 260 M M 2 23 300
27 58 29 44 -4 21 0 0.00 0.0 0 5.8 14 180 M M 1 18 180
28 69 33 51 3 14 0 0.00 0.0 0 10.9 22 160 M M 4 35 170
29 65 55 60 12 5 0 1.20 0.0 0 7.2 18 160 M M 8 1 27 170
30 61 50 56 8 9 0 0.03 0.0 0 5.4 10 350 M M 10 12 13 10
31 50 36 43 -5 22 0 0.25 0.0 0 7.7 15 350 M M 10 12 19 350
================================================================================
SM 1992 1343 368 28 6.97 0.0 244.8 M 165
================================================================================
AV 64.3 43.3 7.9 FASTST M M 5 MAX(MPH)
MISC ----> 30 180 43 260
================================================================================
NOTES:
# LAST OF SEVERAL OCCURRENCES
COLUMN 17 PEAK WIND IN M.P.H.
PRELIMINARY LOCAL CLIMATOLOGICAL DATA (WS FORM: F-6) , PAGE 2
STATION: JACKSON
MONTH: JANUARY
YEAR: 2023
LATITUDE: 32 19 N
LONGITUDE: 90 5 W
[TEMPERATURE DATA] [PRECIPITATION DATA] SYMBOLS USED IN COLUMN 16
AVERAGE MONTHLY: 53.8 TOTAL FOR MONTH: 6.97 1 = FOG OR MIST
DPTR FM NORMAL: 6.8 DPTR FM NORMAL: 1.55 2 = FOG REDUCING VISIBILITY
HIGHEST: 79 ON 18 GRTST 24HR 1.48 ON 18-19 TO 1/4 MILE OR LESS
LOWEST: 27 ON 14 3 = THUNDER
SNOW, ICE PELLETS, HAIL 4 = ICE PELLETS
TOTAL MONTH: 0.0 INCH 5 = HAIL
GRTST 24HR 0.0 6 = FREEZING RAIN OR DRIZZLE
GRTST DEPTH: 0 7 = DUSTSTORM OR SANDSTORM:
VSBY 1/2 MILE OR LESS
8 = SMOKE OR HAZE
[NO. OF DAYS WITH] [WEATHER - DAYS WITH] 9 = BLOWING SNOW
X = TORNADO
MAX 32 OR BELOW: 0 0.01 INCH OR MORE: 12
MAX 90 OR ABOVE: 0 0.10 INCH OR MORE: 10
MIN 32 OR BELOW: 4 0.50 INCH OR MORE: 5
MIN 0 OR BELOW: 0 1.00 INCH OR MORE: 4
[HDD (BASE 65) ]
TOTAL THIS MO. 368 CLEAR (SCALE 0-3) 10
DPTR FM NORMAL -194 PTCLDY (SCALE 4-7) 13
TOTAL FM JUL 1 1147 CLOUDY (SCALE 8-10) 8
DPTR FM NORMAL -306
[CDD (BASE 65) ]
TOTAL THIS MO. 28
DPTR FM NORMAL 24 [PRESSURE DATA]
TOTAL FM JAN 1 28 HIGHEST SLP 30.41 ON 27
DPTR FM NORMAL 24 LOWEST SLP 29.65 ON 25
[REMARKS]
#FINAL-01-23#