000
CXUS52 KJAX 010800
CF6JAX
PRELIMINARY LOCAL CLIMATOLOGICAL DATA (WS FORM: F-6)
STATION: JACKSONVILLE
MONTH: MAY
YEAR: 2023
LATITUDE: 30 30 N
LONGITUDE: 81 42 W
TEMPERATURE IN F: :PCPN: SNOW: WIND :SUNSHINE: SKY :PK WND
================================================================================
1 2 3 4 5 6A 6B 7 8 9 10 11 12 13 14 15 16 17 18
12Z AVG MX 2MIN
DY MAX MIN AVG DEP HDD CDD WTR SNW DPTH SPD SPD DIR MIN PSBL S-S WX SPD DR
================================================================================
1 85 53 69 -3 0 4 T 0.0 0 13.3 33 250 M M 2 3 44 240
2 84 59 72 0 0 7 0.00 0.0 0 11.8 25 270 M M 1 37 260
3 82 55 69 -3 0 4 0.00 0.0 0 10.2 24 280 M M 2 35 260
4 84 49 67 -5 0 2 0.00 0.0 0 3.3 15 290 M M 2 18 280
5 84 54 69 -3 0 4 0.00 0.0 0 5.2 14 70 M M 7 19 70
6 73 62 68 -5 0 3 0.10 0.0 0 6.9 20 100 M M 8 1 26 100
7 84 58 71 -2 0 6 0.00 0.0 0 7.0 17 120 M M 3 24 130
8 90 61 76 3 0 11 0.00 0.0 0 4.9 14 240 M M 5 20 210
9 89 67 78 5 0 13 0.00 0.0 0 5.4 13 250 M M 8 18 250
10 90 68 79 5 0 14 0.00 0.0 0 8.3 21 50 M M 7 1 29 60
11 87 71 79 5 0 14 0.00 0.0 0 8.4 17 60 M M 8 1 23 60
12 87 67 77 3 0 12 0.16 0.0 0 7.6 24 280 M M 8 1 32 270
13 86 64 75 1 0 10 T 0.0 0 4.6 16 70 M M 6 12 22 50
14 90 67 79 4 0 14 0.00 0.0 0 4.6 14 130 M M 4 20 70
15 86 69 78 3 0 13 0.00 0.0 0 5.9 16 70 M M 6 22 80
16 90 67 79 4 0 14 0.00 0.0 0 4.6 16 120 M M 6 12 21 130
17 89 67 78 3 0 13 0.20 0.0 0 7.3 24 330 M M 6 13 38 330
18 88 64 76 1 0 11 1.28 0.0 0 2.8 23 140 M M 7 13 53 140
19 85 69 77 1 0 12 T 0.0 0 6.1 16 60 M M 8 1 21 60
20 88 67 78 2 0 13 0.00 0.0 0 4.7 15 70 M M 5 18 50
21 90 66 78 2 0 13 1.01 0.0 0 4.5 28 80 M M 7 13 32 80
22 82 71 77 1 0 12 1.04 0.0 0 7.8 22 80 M M 9 13 28 70
23 82 70 76 -1 0 11 0.81 0.0 0 10.1 23 70 M M 9 13 34 70
24 80 65 73 -4 0 8 T 0.0 0 9.7 24 60 M M 9 3 31 40
25 82 63 73 -4 0 8 0.01 0.0 0 10.3 21 50 M M 7 26 40
26 76 65 71 -6 0 6 0.01 0.0 0 13.8 23 10 M M 10 1 31 360
27 74 62 68 -9 0 3 0.00 0.0 0 11.5 22 340 M M 9 31 320
28 79 60 70 -8 0 5 0.00 0.0 0 5.9 15 310 M M 7 22 290
29 89 59 74 -4 0 9 0.00 0.0 0 5.9 14 260 M M 5 18 340
30 86 68 77 -1 0 12 T 0.0 0 5.5 17 170 M M 9 23 170
31 85 69 77 -1 0 12 1.06 0.0 0 10.0 22 60 M M 9 1 30 70
================================================================================
SM 2626 1976 0 293 5.68 0.0 227.9 M 199
================================================================================
AV 84.7 63.7 7.4 FASTST M M 6 MAX(MPH)
MISC ----> 33 250 53 140
================================================================================
NOTES:
# LAST OF SEVERAL OCCURRENCES
COLUMN 17 PEAK WIND IN M.P.H.
PRELIMINARY LOCAL CLIMATOLOGICAL DATA (WS FORM: F-6) , PAGE 2
STATION: JACKSONVILLE
MONTH: MAY
YEAR: 2023
LATITUDE: 30 30 N
LONGITUDE: 81 42 W
[TEMPERATURE DATA] [PRECIPITATION DATA] SYMBOLS USED IN COLUMN 16
AVERAGE MONTHLY: 74.2 TOTAL FOR MONTH: 5.68 1 = FOG OR MIST
DPTR FM NORMAL: -0.7 DPTR FM NORMAL: 2.26 2 = FOG REDUCING VISIBILITY
HIGHEST: 90 ON 21,16 GRTST 24HR 1.73 ON 21-22 TO 1/4 MILE OR LESS
LOWEST: 49 ON 4 3 = THUNDER
SNOW, ICE PELLETS, HAIL 4 = ICE PELLETS
TOTAL MONTH: 0.0 INCH 5 = HAIL
GRTST 24HR 0.0 6 = FREEZING RAIN OR DRIZZLE
GRTST DEPTH: 0 7 = DUSTSTORM OR SANDSTORM:
VSBY 1/2 MILE OR LESS
8 = SMOKE OR HAZE
[NO. OF DAYS WITH] [WEATHER - DAYS WITH] 9 = BLOWING SNOW
X = TORNADO
MAX 32 OR BELOW: 0 0.01 INCH OR MORE: 10
MAX 90 OR ABOVE: 5 0.10 INCH OR MORE: 8
MIN 32 OR BELOW: 0 0.50 INCH OR MORE: 5
MIN 0 OR BELOW: 0 1.00 INCH OR MORE: 4
[HDD (BASE 65) ]
TOTAL THIS MO. 0 CLEAR (SCALE 0-3) 5
DPTR FM NORMAL -4 PTCLDY (SCALE 4-7) 17
TOTAL FM JUL 1 856 CLOUDY (SCALE 8-10) 9
DPTR FM NORMAL -368
[CDD (BASE 65) ]
TOTAL THIS MO. 293
DPTR FM NORMAL -18 [PRESSURE DATA]
TOTAL FM JAN 1 757 HIGHEST SLP 30.23 ON 6
DPTR FM NORMAL 207 LOWEST SLP 29.69 ON 1
[REMARKS]
#FINAL-05-23#