000
CXUS52 KJAX 020759
CF6JAX
PRELIMINARY LOCAL CLIMATOLOGICAL DATA (WS FORM: F-6)
STATION: JACKSONVILLE
MONTH: NOVEMBER
YEAR: 2022
LATITUDE: 30 30 N
LONGITUDE: 81 42 W
TEMPERATURE IN F: :PCPN: SNOW: WIND :SUNSHINE: SKY :PK WND
================================================================================
1 2 3 4 5 6A 6B 7 8 9 10 11 12 13 14 15 16 17 18
12Z AVG MX 2MIN
DY MAX MIN AVG DEP HDD CDD WTR SNW DPTH SPD SPD DIR MIN PSBL S-S WX SPD DR
================================================================================
1 86 63 75 9 0 10 0.00 0.0 0 3.8 10 80 M M 5 15 320
2 83 60 72 6 0 7 0.00 0.0 0 4.1 10 100 M M 4 1 10 100
3 80 59 70 5 0 5 0.00 0.0 0 7.0 18 20 M M 5 12 28 30
4 80 59 70 5 0 5 T 0.0 0 8.4 21 60 M M 4 1 25 60
5 85 65 75 10 0 10 0.04 0.0 0 7.4 21 130 M M 5 1 26 110
6 85 67 76 11 0 11 T 0.0 0 6.5 17 110 M M 6 24 140
7 84 63 74 10 0 9 0.00 0.0 0 8.7 21 50 M M 3 28 50
8 80 63 72 8 0 7 0.00 0.0 0 16.2 30 50 M M 4 41 40
9 69 60 65 1 0 0 0.06 0.0 0 19.5 28 20 M M 10 1 45 10
10 78 65 72 9 0 7 2.64 0.0 0 22.6 39 60 M M 10 1 60 40
11 79 68 74 11 0 9 0.00 0.0 0 13.1 23 170 M M 9 35 160
12 82 64 73 10 0 8 0.00 0.0 0 7.5 17 210 M M 5 1 26 220
13 67 48 58 -5 7 0 T 0.0 0 7.6 16 330 M M 6 24 340
14 67 47 57 -5 8 0 0.00 0.0 0 9.4 17 40 M M 7 23 40
15 81 61 71 9 0 6 0.00 0.0 0 5.2 16 190 M M 8 1 22 210
16 70 52 61 -1 4 0 0.00 0.0 0 7.0 13 300 M M 8 1 19 320
17 59 45 52 -10 13 0 0.00 0.0 0 6.9 18 340 M M 8 24 340
18 62 37 50 -12 15 0 0.00 0.0 0 5.1 10 50 M M 2 15 340
19 63 42 53 -8 12 0 0.01 0.0 0 5.7 14 10 M M 7 19 10
20 54 48 51 -10 14 0 T 0.0 0 6.0 12 10 M M 10 18 360
21 69 46 58 -3 7 0 0.00 0.0 0 9.2 17 20 M M 9 24 30
22 68 54 61 0 4 0 T 0.0 0 8.0 16 20 M M 10 1 21 30
23 72 58 65 4 0 0 0.00 0.0 0 8.0 15 40 M M 10 21 30
24 72 61 67 7 0 2 T 0.0 0 7.1 15 20 M M 10 12 18 30
25 80 64 72 12 0 7 0.00 0.0 0 4.3 12 60 M M 10 12 17 240
26 73 63 68 8 0 3 T 0.0 0 6.0 15 50 M M 10 1 20 50
27 84 59 72 12 0 7 0.00 0.0 0 9.8 24 250 M M 7 12 38 230
28 78 50 64 4 1 0 0.00 0.0 0 6.4 20 260 M M 5 28 260
29 78 49 64 5 1 0 0.00 0.0 0 3.9 14 120 M M 2 17 110
30 81 59 70 11 0 5 0.27 0.0 0 7.0 29 360 M M 6 12 43 360
================================================================================
SM 2249 1699 86 118 3.02 0.0 247.4 M 205
================================================================================
AV 75.0 56.6 8.2 FASTST M M 7 MAX(MPH)
MISC ----> 39 60 60 40
================================================================================
NOTES:
# LAST OF SEVERAL OCCURRENCES
COLUMN 17 PEAK WIND IN M.P.H.
PRELIMINARY LOCAL CLIMATOLOGICAL DATA (WS FORM: F-6) , PAGE 2
STATION: JACKSONVILLE
MONTH: NOVEMBER
YEAR: 2022
LATITUDE: 30 30 N
LONGITUDE: 81 42 W
[TEMPERATURE DATA] [PRECIPITATION DATA] SYMBOLS USED IN COLUMN 16
AVERAGE MONTHLY: 65.8 TOTAL FOR MONTH: 3.02 1 = FOG OR MIST
DPTR FM NORMAL: 3.5 DPTR FM NORMAL: 1.02 2 = FOG REDUCING VISIBILITY
HIGHEST: 86 ON 1 GRTST 24HR 2.70 ON 09-10 TO 1/4 MILE OR LESS
LOWEST: 37 ON 18 3 = THUNDER
SNOW, ICE PELLETS, HAIL 4 = ICE PELLETS
TOTAL MONTH: 0.0 INCH 5 = HAIL
GRTST 24HR 0.0 6 = FREEZING RAIN OR DRIZZLE
GRTST DEPTH: 0 7 = DUSTSTORM OR SANDSTORM:
VSBY 1/2 MILE OR LESS
8 = SMOKE OR HAZE
[NO. OF DAYS WITH] [WEATHER - DAYS WITH] 9 = BLOWING SNOW
X = TORNADO
MAX 32 OR BELOW: 0 0.01 INCH OR MORE: 5
MAX 90 OR ABOVE: 0 0.10 INCH OR MORE: 2
MIN 32 OR BELOW: 0 0.50 INCH OR MORE: 1
MIN 0 OR BELOW: 0 1.00 INCH OR MORE: 1
[HDD (BASE 65) ]
TOTAL THIS MO. 86 CLEAR (SCALE 0-3) 2
DPTR FM NORMAL -58 PTCLDY (SCALE 4-7) 16
TOTAL FM JUL 1 121 CLOUDY (SCALE 8-10) 12
DPTR FM NORMAL -48
[CDD (BASE 65) ]
TOTAL THIS MO. 118
DPTR FM NORMAL 57 [PRESSURE DATA]
TOTAL FM JAN 1 2831 HIGHEST SLP 30.34 ON 21
DPTR FM NORMAL 54 LOWEST SLP 29.54 ON 10
[REMARKS]
#FINAL-11-22#