349
CXUS52 KJAX 010900
CF6JAX
PRELIMINARY LOCAL CLIMATOLOGICAL DATA (WS FORM: F-6)
STATION: JACKSONVILLE
MONTH: NOVEMBER
YEAR: 2020
LATITUDE: 30 30 N
LONGITUDE: 81 42 W
TEMPERATURE IN F: :PCPN: SNOW: WIND :SUNSHINE: SKY :PK WND
================================================================================
1 2 3 4 5 6A 6B 7 8 9 10 11 12 13 14 15 16 17 18
12Z AVG MX 2MIN
DY MAX MIN AVG DEP HDD CDD WTR SNW DPTH SPD SPD DIR MIN PSBL S-S WX SPD DR
================================================================================
1 82 61 72 6 0 7 0.10 0.0 0 3.3 24 310 M M 6 1 32 310
2 63 43 53 -13 12 0 0.00 0.0 0 10.1 23 20 M M 0 30 30
3 70 42 56 -9 9 0 0.00 0.0 0 3.1 10 30 M M 0 14 30
4 76 46 61 -4 4 0 T 0.0 0 7.7 20 40 M M 4 24 50
5 77 62 70 5 0 5 0.15 0.0 0 9.4 20 50 M M 7 1 25 60
6 79 66 73 8 0 8 T 0.0 0 10.1 24 50 M M 6 1 30 50
7 82 67 75 11 0 10 0.12 0.0 0 9.4 24 80 M M 7 12 30 80
8 82 69 76 12 0 11 0.33 0.0 0 12.0 23 60 M M 9 1 36 60
9 81 72 77 13 0 12 T 0.0 0 17.1 28 60 M M 9 1 38 80
10 82 73 78 14 0 13 0.30 0.0 0 11.5 21 130 M M 9 1 30 110
11 82 76 79 16 0 14 0.20 0.0 0 9.9 23 130 M M 10 1 30 120
12 80 69 75 12 0 10 0.34 0.0 0 11.2 25 140 M M 9 1 35 140
13 80 64 72 9 0 7 0.00 0.0 0 3.5 12 300 M M 6 12 15 340
14 79 61 70 7 0 5 0.00 0.0 0 3.6 12 60 M M 5 12 14 90
15 85 62 74 12 0 9 0.10 0.0 0 3.7 16 180 M M 6 1 21 170
16 76 50 63 1 2 0 0.00 0.0 0 5.4 18 360 M M 1 1 24 360
17 73 43 58 -4 7 0 0.00 0.0 0 5.7 12 320 M M 0 17 350
18 65 45 55 -7 10 0 0.00 0.0 0 12.2 28 20 M M 1 35 30
19 66 46 56 -5 9 0 0.03 0.0 0 11.1 21 40 M M 6 1 28 10
20 74 58 66 5 0 1 0.01 0.0 0 9.5 20 40 M M 8 1 27 30
21 76 62 69 8 0 4 0.05 0.0 0 9.0 22 50 M M 8 12 27 50
22 74 61 68 7 0 3 0.04 0.0 0 6.0 12 20 M M 9 1 14 30
23 76 55 66 6 0 1 0.01 0.0 0 6.8 14 320 M M 3 1 19 310
24 73 52 63 3 2 0 T 0.0 0 8.0 21 50 M M 2 25 50
25 80 57 69 9 0 4 T 0.0 0 6.2 17 130 M M 4 1 23 140
26 83 59 71 11 0 6 0.00 0.0 0 4.6 14 210 M M 6 1 17 220
27 80 59 70 11 0 5 T 0.0 0 2.6 10 280 M M 7 1 14 280
28 75 61 68 9 0 3 0.11 0.0 0 4.9 16 20 M M 9 1 23 10
29 72 60 66 7 0 1 0.00 0.0 0 4.3 10 20 M M 9 1 13 30
30 69 46 58 -1 7 0 0.12 0.0 0 15.3 26 280 M M 8 1 33 280
================================================================================
SM 2292 1747 62 139 2.01 0.0 237.2 M 174
================================================================================
AV 76.4 58.2 7.9 FASTST M M 6 MAX(MPH)
MISC ----> # 28 60 38 80
================================================================================
NOTES:
# LAST OF SEVERAL OCCURRENCES
COLUMN 17 PEAK WIND IN M.P.H.
PRELIMINARY LOCAL CLIMATOLOGICAL DATA (WS FORM: F-6) , PAGE 2
STATION: JACKSONVILLE
MONTH: NOVEMBER
YEAR: 2020
LATITUDE: 30 30 N
LONGITUDE: 81 42 W
[TEMPERATURE DATA] [PRECIPITATION DATA] SYMBOLS USED IN COLUMN 16
AVERAGE MONTHLY: 67.3 TOTAL FOR MONTH: 2.01 1 = FOG OR MIST
DPTR FM NORMAL: 5.1 DPTR FM NORMAL: -0.10 2 = FOG REDUCING VISIBILITY
HIGHEST: 85 ON 15 GRTST 24HR 0.48 ON 31- 1 TO 1/4 MILE OR LESS
LOWEST: 42 ON 3 3 = THUNDER
SNOW, ICE PELLETS, HAIL 4 = ICE PELLETS
TOTAL MONTH: 0.0 INCH 5 = HAIL
GRTST 24HR 0.0 6 = FREEZING RAIN OR DRIZZLE
GRTST DEPTH: 0 7 = DUSTSTORM OR SANDSTORM:
VSBY 1/2 MILE OR LESS
8 = SMOKE OR HAZE
[NO. OF DAYS WITH] [WEATHER - DAYS WITH] 9 = BLOWING SNOW
X = TORNADO
MAX 32 OR BELOW: 0 0.01 INCH OR MORE: 15
MAX 90 OR ABOVE: 0 0.10 INCH OR MORE: 10
MIN 32 OR BELOW: 0 0.50 INCH OR MORE: 0
MIN 0 OR BELOW: 0 1.00 INCH OR MORE: 0
[HDD (BASE 65) ]
TOTAL THIS MO. 62 CLEAR (SCALE 0-3) 6
DPTR FM NORMAL -83 PTCLDY (SCALE 4-7) 15
TOTAL FM JUL 1 63 CLOUDY (SCALE 8-10) 9
DPTR FM NORMAL -111
[CDD (BASE 65) ]
TOTAL THIS MO. 139
DPTR FM NORMAL 78 [PRESSURE DATA]
TOTAL FM JAN 1 3231 HIGHEST SLP 30.50 ON 19
DPTR FM NORMAL 587 LOWEST SLP 29.68 ON 12
[REMARKS]
#FINAL-11-20#