399
CXUS52 KJAX 011822
CF6JAX
PRELIMINARY LOCAL CLIMATOLOGICAL DATA (WS FORM: F-6)
STATION: JACKSONVILLE
MONTH: MAY
YEAR: 2020
LATITUDE: 30 30 N
LONGITUDE: 81 42 W
TEMPERATURE IN F: :PCPN: SNOW: WIND :SUNSHINE: SKY :PK WND
================================================================================
1 2 3 4 5 6A 6B 7 8 9 10 11 12 13 14 15 16 17 18
12Z AVG MX 2MIN
DY MAX MIN AVG DEP HDD CDD WTR SNW DPTH SPD SPD DIR MIN PSBL S-S WX SPD DR
================================================================================
1 81 52 67 -3 0 2 0.00 0.0 0 7.3 22 300 M M 1 28 290
2 86 50 68 -2 0 3 0.00 0.0 0 3.1 13 120 M M 1 18 110
3 89 57 73 2 0 8 0.00 0.0 0 5.0 12 130 M M 2 15 250
4 90 60 75 4 0 10 0.00 0.0 0 5.5 14 250 M M 1 17 300
5 91 65 78 7 0 13 0.00 0.0 0 9.8 18 240 M M 3 1 24 220
6 86 65 76 4 0 11 0.00 0.0 0 9.7 17 280 M M 4 1 24 280
7 74 53 64 -8 1 0 0.00 0.0 0 7.7 17 350 M M 1 22 350
8 83 48 66 -6 0 1 0.00 0.0 0 8.3 18 200 M M 3 26 210
9 75 58 67 -5 0 2 0.00 0.0 0 9.3 18 80 M M 8 23 90
10 78 58 68 -5 0 3 0.00 0.0 0 6.8 17 70 M M 8 22 80
11 85 56 71 -2 0 6 0.00 0.0 0 6.4 18 320 M M 1 1 24 320
12 79 49 64 -9 1 0 0.00 0.0 0 6.3 20 70 M M 5 25 60
13 82 57 70 -3 0 5 0.00 0.0 0 8.4 20 100 M M 7 26 100
14 82 60 71 -3 0 6 0.00 0.0 0 9.7 22 100 M M 6 26 140
15 84 60 72 -2 0 7 0.00 0.0 0 7.8 20 110 M M 6 24 80
16 85 65 75 1 0 10 T 0.0 0 9.3 23 50 M M 6 28 50
17 87 67 77 3 0 12 0.00 0.0 0 8.5 18 40 M M 6 1 24 60
18 89 68 79 4 0 14 0.12 0.0 0 7.4 20 240 M M 8 1 26 240
19 90 69 80 5 0 15 0.00 0.0 0 7.9 18 250 M M 7 24 250
20 90 68 79 4 0 14 0.01 0.0 0 6.1 15 120 M M 6 20 260
21 92 70 81 6 0 16 T 0.0 0 7.0 20 50 M M 7 13 23 60
22 94 66 80 4 0 15 0.00 0.0 0 6.2 17 130 M M 6 3 22 130
23 95 69 82 6 0 17 T 0.0 0 7.8 28 360 M M 7 13 36 10
24 89 68 79 3 0 14 0.00 0.0 0 6.8 16 100 M M 8 1 21 110
25 82 76 79 3 0 14 0.08 0.0 0 10.4 21 80 M M 10 1 25 70
26 79 73 76 -1 0 11 0.72 0.0 0 11.4 24 70 M M 10 1 30 70
27 89 74 82 5 0 17 0.09 0.0 0 4.7 15 190 M M 8 13 20 250
28 91 73 82 5 0 17 0.30 0.0 0 5.8 20 250 M M 7 13 25 240
29 90 70 80 3 0 15 0.11 0.0 0 4.7 18 130 M M 8 13 22 150
30 92 69 81 4 0 16 T 0.0 0 4.6 16 300 M M 8 1 21 300
31 95 73 84 6 0 19 0.00 0.0 0 6.0 17 60 M M 5 1 21 60
================================================================================
SM 2674 1966 2 313 1.43 0.0 225.7 M 174
================================================================================
AV 86.3 63.4 7.3 FASTST M M 6 MAX(MPH)
MISC ----> 28 360 36 10
================================================================================
NOTES:
# LAST OF SEVERAL OCCURRENCES
COLUMN 17 PEAK WIND IN M.P.H.
PRELIMINARY LOCAL CLIMATOLOGICAL DATA (WS FORM: F-6) , PAGE 2
STATION: JACKSONVILLE
MONTH: MAY
YEAR: 2020
LATITUDE: 30 30 N
LONGITUDE: 81 42 W
[TEMPERATURE DATA] [PRECIPITATION DATA] SYMBOLS USED IN COLUMN 16
AVERAGE MONTHLY: 74.8 TOTAL FOR MONTH: 1.43 1 = FOG OR MIST
DPTR FM NORMAL: 0.7 DPTR FM NORMAL: -1.05 2 = FOG REDUCING VISIBILITY
HIGHEST: 95 ON 31,23 GRTST 24HR 0.80 ON 25-26 TO 1/4 MILE OR LESS
LOWEST: 48 ON 8 3 = THUNDER
SNOW, ICE PELLETS, HAIL 4 = ICE PELLETS
TOTAL MONTH: 0.0 INCH 5 = HAIL
GRTST 24HR 0.0 6 = FREEZING RAIN OR DRIZZLE
GRTST DEPTH: 0 7 = DUSTSTORM OR SANDSTORM:
VSBY 1/2 MILE OR LESS
8 = SMOKE OR HAZE
[NO. OF DAYS WITH] [WEATHER - DAYS WITH] 9 = BLOWING SNOW
X = TORNADO
MAX 32 OR BELOW: 0 0.01 INCH OR MORE: 7
MAX 90 OR ABOVE: 11 0.10 INCH OR MORE: 4
MIN 32 OR BELOW: 0 0.50 INCH OR MORE: 1
MIN 0 OR BELOW: 0 1.00 INCH OR MORE: 0
[HDD (BASE 65) ]
TOTAL THIS MO. 2 CLEAR (SCALE 0-3) 7
DPTR FM NORMAL -3 PTCLDY (SCALE 4-7) 21
TOTAL FM JUL 1 822 CLOUDY (SCALE 8-10) 3
DPTR FM NORMAL -525
[CDD (BASE 65) ]
TOTAL THIS MO. 313
DPTR FM NORMAL 25 [PRESSURE DATA]
TOTAL FM JAN 1 841 HIGHEST SLP 30.27 ON 13
DPTR FM NORMAL 357 LOWEST SLP 29.75 ON 19
[REMARKS]
#FINAL-05-20#