000
CXUS54 KMEG 011000
CF6JBR
PRELIMINARY LOCAL CLIMATOLOGICAL DATA (WS FORM: F-6)
STATION: JONESBORO
MONTH: FEBRUARY
YEAR: 2024
LATITUDE: 35 49 N
LONGITUDE: 90 39 W
TEMPERATURE IN F: :PCPN: SNOW: WIND :SUNSHINE: SKY :PK WND
================================================================================
1 2 3 4 5 6A 6B 7 8 9 10 11 12 13 14 15 16 17 18
12Z AVG MX 2MIN
DY MAX MIN AVG DEP HDD CDD WTR SNW DPTH SPD SPD DIR MIN PSBL S-S WX SPD DR
================================================================================
1 57 31 44 4 21 0 0.00 M M 4.9 15 220 M M 0 19 220
2 67 37 52 12 13 0 0.00 M M 2.4 7 50 M M 0 12 160
3 64 45 55 15 10 0 0.10 M M 8.7 14 20 M M 3 1 19 30
4 53 47 50 10 15 0 1.28 M M 14.0 22 70 M M 10 1 30 70
5 59 41 50 10 15 0 0.00 M M 9.9 16 360 M M 0 23 350
6 57 37 47 6 18 0 0.00 M M 6.0 15 60 M M 0 17 70
7 60 34 47 6 18 0 0.00 M M 3.8 12 150 M M 0 15 150
8 63 45 54 13 11 0 0.00 M M 14.5 30 200 M M 6 39 190
9 67 57 62 21 3 0 T M M 11.7 22 200 M M 7 3 27 200
10 65 43 54 13 11 0 0.12 M M 11.4 25 60 M M 8 31 50
11 51 40 46 4 19 0 0.03 M M 13.1 21 50 M M 9 30 40
12 47 33 40 -2 25 0 0.94 M M 11.7 24 50 M M 9 13 32 40
13 55 34 45 3 20 0 0.00 M M 5.2 13 230 M M 0 15 230
14 61 33 47 5 18 0 0.00 M M 5.8 16 210 M M 0 22 200
15 67 44 56 13 9 0 0.00 M M 6.7 15 50 M M 1 20 310
16 60 34 47 4 18 0 0.08 M M 11.6 28 360 M M 8 1 40 10
17 39 28 34 -9 31 0 0.00 M M 8.8 21 360 M M 2 32 20
18 48 24 36 -7 29 0 0.00 M M 5.8 15 230 M M 0 22 230
19 57 27 42 -2 23 0 0.00 M M 5.1 17 240 M M 2 24 250
20 65 38 52 8 13 0 0.00 M M 3.6 15 220 M M 3 21 200
21 70 41 56 12 9 0 0.00 M M 11.9 29 230 M M 1 38 210
22 67 53 60 16 5 0 0.15 M M 15.6 30 230 M M 5 13 41 210
23 65 48 57 12 8 0 0.00 M M 8.9 20 300 M M 1 28 300
24 58 40 49 4 16 0 0.00 M M 7.0 17 360 M M 0 26 360
25 74 40 57 12 8 0 0.00 M M 12.2 25 220 M M 1 36 230
26 68 55 62 16 3 0 0.00 M M 13.4 26 180 M M 3 34 190
27 77 63 70 24 0 5 0.00 M M 22.5 35 210 M M 1 44 210
28 72 37 55 9 10 0 0.01 M M 12.9 29 320 M M 1 3 41 320
29 50 32 41 -5 24 0 T M M 7.8 15 90 M M 2 21 80
================================================================================
SM 1763 1161 423 5 2.71 M 276.9 M 83
================================================================================
AV 60.8 40.0 9.5 FASTST M M 3 MAX(MPH)
MISC ----> 35 210 44 210
================================================================================
NOTES:
# LAST OF SEVERAL OCCURRENCES
COLUMN 17 PEAK WIND IN M.P.H.
PRELIMINARY LOCAL CLIMATOLOGICAL DATA (WS FORM: F-6) , PAGE 2
STATION: JONESBORO
MONTH: FEBRUARY
YEAR: 2024
LATITUDE: 35 49 N
LONGITUDE: 90 39 W
[TEMPERATURE DATA] [PRECIPITATION DATA] SYMBOLS USED IN COLUMN 16
AVERAGE MONTHLY: 50.4 TOTAL FOR MONTH: 2.71 1 = FOG OR MIST
DPTR FM NORMAL: 7.8 DPTR FM NORMAL: -1.08 2 = FOG REDUCING VISIBILITY
HIGHEST: 77 ON 27 GRTST 24HR 1.38 ON 3- 4 TO 1/4 MILE OR LESS
LOWEST: 24 ON 18 3 = THUNDER
SNOW, ICE PELLETS, HAIL 4 = ICE PELLETS
TOTAL MONTH: M 5 = HAIL
GRTST 24HR M ON M 6 = FREEZING RAIN OR DRIZZLE
GRTST DEPTH: M ON M 7 = DUSTSTORM OR SANDSTORM:
VSBY 1/2 MILE OR LESS
8 = SMOKE OR HAZE
[NO. OF DAYS WITH] [WEATHER - DAYS WITH] 9 = BLOWING SNOW
X = TORNADO
MAX 32 OR BELOW: 0 0.01 INCH OR MORE: 8
MAX 90 OR ABOVE: 0 0.10 INCH OR MORE: 5
MIN 32 OR BELOW: 5 0.50 INCH OR MORE: 2
MIN 0 OR BELOW: 0 1.00 INCH OR MORE: 1
[HDD (BASE 65) ]
TOTAL THIS MO. 423 CLEAR (SCALE 0-3) 20
DPTR FM NORMAL -205 PTCLDY (SCALE 4-7) 6
TOTAL FM JUL 1 2481 CLOUDY (SCALE 8-10) 3
DPTR FM NORMAL -355
[CDD (BASE 65) ]
TOTAL THIS MO. 5
DPTR FM NORMAL 4 [PRESSURE DATA]
TOTAL FM JAN 1 5 HIGHEST SLP 30.56 ON 29
DPTR FM NORMAL 4 LOWEST SLP 29.49 ON 27
[REMARKS]
#FINAL-02-24#