000
CXUS54 KMEG 041736
CLMJBR
CLIMATE REPORT
NATIONAL WEATHER SERVICE MEMPHIS TN
1136 AM CST MON MAR 04 2024
...................................
...THE JONESBORO CLIMATE SUMMARY FOR THE MONTH OF FEBRUARY 2024...
CLIMATE NORMAL PERIOD 1991 TO 2020
CLIMATE RECORD PERIOD 1897 TO 2024
WEATHER OBSERVED NORMAL DEPART LAST YEAR`S
VALUE DATE(S) VALUE FROM VALUE DATE(S)
NORMAL
................................................................
TEMPERATURE (F)
RECORD
HIGH 82 02/13/1962
02/25/1918
02/19/1913
LOW -13 02/13/1899
HIGHEST 77 02/27 52 25 75 02/22
02/28
LOWEST 24 02/18 31 -7 24 02/01
AVG. MAXIMUM 60.8 51.6 9.2 57.7
AVG. MINIMUM 40.0 33.6 6.4 40.3
MEAN 50.4 42.6 7.8 49.0
DAYS MAX >= 90 0 0.0 0.0 0
DAYS MAX <= 32 0 1.6 -1.6 1
DAYS MIN <= 32 5 15.0 -10.0 6
DAYS MIN <= 0 0 0.0 0.0 0
PRECIPITATION (INCHES)
RECORD
MAXIMUM 14.14 2018
MINIMUM 0.41 1968
TOTALS 2.71 3.79 -1.08 3.95
DAILY AVG. 0.09 NAN NAN 0.15
DAYS >= .01 8 10.0 -2.0 8
DAYS >= .10 5 6.4 -1.4 4
DAYS >= .50 2 2.6 -0.6 1
DAYS >= 1.00 1 1.2 -0.2 1
GREATEST
24 HR. TOTAL 1.38 02/03 TO 02/04
SNOWFALL (INCHES)
RECORDS
TOTAL 15.6 1929
TOTALS MM MM MM MM
SINCE 7/1 MM MM MM MM
SNOWDEPTH AVG. MM MM
DAYS >= 1.0 MM MM MM MM
GREATEST
SNOW DEPTH MM MM MM
24 HR TOTAL MM
DEGREE DAYS
HEATING TOTAL 423 628 -205 441
SINCE 7/1 2481 2836 -355 MM
COOLING TOTAL 5 1 4 0
SINCE 1/1 5 1 4 MM
................................................................
WIND (MPH)
AVERAGE WIND SPEED 9.5
HIGHEST WIND SPEED/DIRECTION 35/210 DATE 02/27
HIGHEST GUST SPEED/DIRECTION 44/210 DATE 02/27
SKY COVER
POSSIBLE SUNSHINE (PERCENT) MM
AVERAGE SKY COVER 0.29
NUMBER OF DAYS FAIR 21
NUMBER OF DAYS PC 3
NUMBER OF DAYS CLOUDY 5
AVERAGE RH (PERCENT) 66
WEATHER CONDITIONS. NUMBER OF DAYS WITH
THUNDERSTORM 4 MIXED PRECIP 0
HEAVY RAIN 1 RAIN 3
LIGHT RAIN 10 FREEZING RAIN 0
LT FREEZING RAIN 0 HAIL 0
HEAVY SNOW 0 SNOW 0
LIGHT SNOW 1 SLEET 0
FOG 5 FOG W/VIS <= 1/4 MILE 0
HAZE 0
- INDICATES NEGATIVE NUMBERS.
R INDICATES RECORD WAS SET OR TIED.
MM INDICATES DATA IS MISSING.
T INDICATES TRACE AMOUNT.
$$