000
CXUS53 KLSX 011400
CF6JEF
PRELIMINARY LOCAL CLIMATOLOGICAL DATA (WS FORM: F-6)
STATION: JEFFERSON CITY
MONTH: JULY
YEAR: 2021
LATITUDE: 38 35 N
LONGITUDE: 92 10 W
TEMPERATURE IN F: :PCPN: SNOW: WIND :SUNSHINE: SKY :PK WND
================================================================================
1 2 3 4 5 6A 6B 7 8 9 10 11 12 13 14 15 16 17 18
12Z AVG MX 2MIN
DY MAX MIN AVG DEP HDD CDD WTR SNW DPTH SPD SPD DIR MIN PSBL S-S WX SPD DR
================================================================================
1 85 73 79 1 0 14 0.90 0.0 0 5.0 13 50 M M 6 13 17 50
2 85 66 76 -2 0 11 0.00 0.0 0 3.2 10 60 M M 2 16 60
3 85 69 77 -1 0 12 0.00 0.0 0 3.3 9 130 M M 4 13 100
4 87 65 76 -2 0 11 0.00 0.0 0 3.1 10 170 M M 0 8 14 190
5 87 68 78 0 0 13 0.00 0.0 0 3.7 10 130 M M 0 8 17 150
6 89 69 79 1 0 14 0.00 0.0 0 3.8 12 190 M M 1 18 15 160
7 90 70 80 2 0 15 0.03 0.0 0 3.9 13 280 M M 2 18 17 250
8 85 71 78 -1 0 13 0.01 0.0 0 4.3 13 340 M M 6 16 330
9 92 67 80 1 0 15 M 0.0 0 5.7 28 20 M M 1 138 41 20
10 84 69 77 -2 0 12 0.17 0.0 0 5.9 20 310 M M 6 3 29 300
11 79 70 75 -4 0 10 0.00 0.0 0 5.4 14 330 M M 7 20 330
12 79 68 74 -5 0 9 0.44 0.0 0 5.3 14 310 M M 7 138 20 290
13 87 70 79 0 0 14 0.00 0.0 0 4.4 13 260 M M 4 8 17 270
14 92 68 80 1 0 15 0.00 0.0 0 7.0 15 200 M M 1 20 180
15 89 71 80 1 0 15 0.47 0.0 0 7.6 31 290 M M 3 13 45 290
16 85 70 78 -1 0 13 0.54 0.0 0 3.4 8 50 M M 7 18 13 40
17 85 71 78 -1 0 13 0.00 0.0 0 5.6 13 50 M M 4 18 18 40
18 86 70 78 -1 0 13 0.00 0.0 0 4.7 13 100 M M 3 17 100
19 86 68 77 -2 0 12 0.00 0.0 0 5.3 13 80 M M 2 18 19 80
20 88 67 78 -1 0 13 0.00 0.0 0 3.0 10 10 M M 1 18 14 20
21 87 67 77 -2 0 12 0.00 0.0 0 1.3 9 110 M M 3 128 12 120
22 89 68 79 0 0 14 0.00 0.0 0 3.6 9 160 M M 2 128 13 150
23 92 71 82 3 0 17 0.00 0.0 0 3.5 10 220 M M 1 18 13 180
24 95 76 86 7 0 21 0.00 0.0 0 4.8 13 260 M M 1 18 19 270
25 90 72 81 2 0 16 0.06 0.0 0 2.6 13 300 M M 3 38 22 310
26 91 69 80 1 0 15 0.00 0.0 0 3.3 9 90 M M 0 18 13 130
27 92 67 80 1 0 15 0.00 0.0 0 2.7 10 100 M M 0 18 14 80
28 97 72 85 6 0 20 0.00 0.0 0 1.3 7 340 M M 1 18 11 230
29 96 75 86 7 0 21 0.00 0.0 0 5.7 16 10 M M 0 138 25 20
30 89 76 83 4 0 18 0.01 0.0 0 4.9 14 110 M M 4 38 19 100
31 87 69 78 -1 0 13 0.09 0.0 0 6.7 24 10 M M 5 138 37 10
================================================================================
SM 2730 2162 0 439 2.72 0.0 134.0 M 87
================================================================================
AV 88.1 69.7 4.3 FASTST M M 3 MAX(MPH)
MISC ----> 31 290 45 290
================================================================================
NOTES:
# LAST OF SEVERAL OCCURRENCES
COLUMN 17 PEAK WIND IN M.P.H.
PRELIMINARY LOCAL CLIMATOLOGICAL DATA (WS FORM: F-6) , PAGE 2
STATION: JEFFERSON CITY
MONTH: JULY
YEAR: 2021
LATITUDE: 38 35 N
LONGITUDE: 92 10 W
[TEMPERATURE DATA] [PRECIPITATION DATA] SYMBOLS USED IN COLUMN 16
AVERAGE MONTHLY: 78.9 TOTAL FOR MONTH: 2.72 1 = FOG OR MIST
DPTR FM NORMAL: 0.2 DPTR FM NORMAL: -1.72 2 = FOG REDUCING VISIBILITY
HIGHEST: 97 ON 28 GRTST 24HR 1.15 ON 30- 1 TO 1/4 MILE OR LESS
LOWEST: 65 ON 4 3 = THUNDER
SNOW, ICE PELLETS, HAIL 4 = ICE PELLETS
TOTAL MONTH: 0.0 INCH 5 = HAIL
GRTST 24HR 0.0 6 = FREEZING RAIN OR DRIZZLE
GRTST DEPTH: 0 7 = DUSTSTORM OR SANDSTORM:
VSBY 1/2 MILE OR LESS
8 = SMOKE OR HAZE
[NO. OF DAYS WITH] [WEATHER - DAYS WITH] 9 = BLOWING SNOW
X = TORNADO
MAX 32 OR BELOW: 0 0.01 INCH OR MORE: 10
MAX 90 OR ABOVE: 10 0.10 INCH OR MORE: 5
MIN 32 OR BELOW: 0 0.50 INCH OR MORE: 2
MIN 0 OR BELOW: 0 1.00 INCH OR MORE: 0
[HDD (BASE 65) ]
TOTAL THIS MO. 0 CLEAR (SCALE 0-3) 20
DPTR FM NORMAL 0 PTCLDY (SCALE 4-7) 11
TOTAL FM JUL 1 0 CLOUDY (SCALE 8-10) 0
DPTR FM NORMAL 0
[CDD (BASE 65) ]
TOTAL THIS MO. 439
DPTR FM NORMAL 14 [PRESSURE DATA]
TOTAL FM JAN 1 949 HIGHEST SLP 30.14 ON 22
DPTR FM NORMAL 61 LOWEST SLP 29.74 ON 11
[REMARKS]
#FINAL-07-21#