000
CXUS55 KBOI 011002
CF6JER
PRELIMINARY LOCAL CLIMATOLOGICAL DATA (WS FORM: F-6)
STATION: JEROME ID
MONTH: DECEMBER
YEAR: 2022
LATITUDE: 42 43 N
LONGITUDE: 114 27 W
TEMPERATURE IN F: :PCPN: SNOW: WIND :SUNSHINE: SKY :PK WND
================================================================================
1 2 3 4 5 6A 6B 7 8 9 10 11 12 13 14 15 16 17 18
12Z AVG MX 2MIN
DY MAX MIN AVG DEP HDD CDD WTR SNW DPTH SPD SPD DIR MIN PSBL S-S WX SPD DR
================================================================================
1 46 26 36 4 29 0 0.04 M M 15.0 31 290 M M 10 1 43 280
2 28 15 22 -10 43 0 T M M 12.6 21 60 M M 4 1 26 50
3 30 11 21 -11 44 0 0.00 M M 24.0 32 70 M M 0 40 70
4 36 23 30 -1 35 0 0.08 M M 16.5 35 70 M M 8 16 46 70
5 39 24 32 1 33 0 0.00 M M 3.3 9 240 M M 2 12 240
6 34 24 29 -2 36 0 T M M 2.3 8 300 M M 9 128 10 210
7 31 15 23 -7 42 0 0.00 M M 11.4 18 70 M M 2 12 22 80
8 36 17 27 -3 38 0 0.00 M M 15.2 22 60 M M 3 128 28 60
9 34 20 27 -3 38 0 0.03 M M 11.5 24 230 M M 5 1 34 240
10 35 23 29 -1 36 0 T M M 20.7 28 60 M M 10 36 60
11 40 31 36 6 29 0 0.31 M M 11.7 25 60 M M 10 12 31 60
12 35 29 32 3 33 0 0.03 M M 5.0 13 270 M M 10 12 15 250
13 31 27 29 0 36 0 T M M 11.1 21 260 M M 10 12 27 260
14 30 25 28 -1 37 0 0.06 M M 10.7 17 270 M M 10 12 22 250
15 27 21 24 -5 41 0 T M M 9.0 18 270 M M 10 1268 23 270
16 22 14 18 -11 47 0 0.00 M M 4.3 12 60 M M 9 13 60
17 22 5 14 -15 51 0 0.00 M M 9.4 22 60 M M 4 26 60
18 20 4 12 -16 53 0 0.00 M M 10.5 18 90 M M 0 22 80
19 29 9 19 -9 46 0 0.00 M M 4.3 15 30 M M 2 19 30
20 32 16 24 -4 41 0 0.00 M M 10.2 23 60 M M 4 26 70
21 39 18 29 1 36 0 0.01 M M 20.3 32 250 M M 7 44 250
22 18 1 10 -18 55 0 0.00 M M 16.0 26 80 M M 2 34 260
23 20 7 14 -14 51 0 0.02 M M 16.6 24 80 M M 10 168 30 80
24 31 20 26 -2 39 0 T M M 10.7 22 60 M M 8 16 26 60
25 36 25 31 3 34 0 T M M 5.2 17 70 M M 8 1 21 70
26 39 31 35 7 30 0 0.00 M M 18.9 26 60 M M 1 1 31 60
27 49 32 41 13 24 0 0.19 M M 12.4 33 250 M M 8 50 250
28 37 28 33 5 32 0 0.00 M M 14.1 24 290 M M 2 33 280
29 32 23 28 0 37 0 0.00 M M 10.4 17 40 M M 3 21 50
30 35 28 32 4 33 0 0.33 M M 8.8 16 60 M M 10 12 20 80
31 36 31 34 6 31 0 0.15 M M 8.6 18 280 M M 6 12 25 270
================================================================================
SM 1009 623 1190 0 1.25 M 360.7 M 187
================================================================================
AV 32.5 20.1 11.6 FASTST M M 6 MAX(MPH)
MISC ----> 35 70 50 250
================================================================================
NOTES:
# LAST OF SEVERAL OCCURRENCES
COLUMN 17 PEAK WIND IN M.P.H.
PRELIMINARY LOCAL CLIMATOLOGICAL DATA (WS FORM: F-6) , PAGE 2
STATION: JEROME ID
MONTH: DECEMBER
YEAR: 2022
LATITUDE: 42 43 N
LONGITUDE: 114 27 W
[TEMPERATURE DATA] [PRECIPITATION DATA] SYMBOLS USED IN COLUMN 16
AVERAGE MONTHLY: 26.3 TOTAL FOR MONTH: 1.25 1 = FOG OR MIST
DPTR FM NORMAL: -3.0 DPTR FM NORMAL: -0.06 2 = FOG REDUCING VISIBILITY
HIGHEST: 49 ON 27 GRTST 24HR 0.48 ON 30-31 TO 1/4 MILE OR LESS
LOWEST: 1 ON 22 3 = THUNDER
SNOW, ICE PELLETS, HAIL 4 = ICE PELLETS
TOTAL MONTH: M 5 = HAIL
GRTST 24HR M ON M 6 = FREEZING RAIN OR DRIZZLE
GRTST DEPTH: M ON M 7 = DUSTSTORM OR SANDSTORM:
VSBY 1/2 MILE OR LESS
8 = SMOKE OR HAZE
[NO. OF DAYS WITH] [WEATHER - DAYS WITH] 9 = BLOWING SNOW
X = TORNADO
MAX 32 OR BELOW: 15 0.01 INCH OR MORE: 11
MAX 90 OR ABOVE: 0 0.10 INCH OR MORE: 4
MIN 32 OR BELOW: 31 0.50 INCH OR MORE: 0
MIN 0 OR BELOW: 0 1.00 INCH OR MORE: 0
[HDD (BASE 65) ]
TOTAL THIS MO. 1190 CLEAR (SCALE 0-3) 9
DPTR FM NORMAL 82 PTCLDY (SCALE 4-7) 8
TOTAL FM JUL 1 2610 CLOUDY (SCALE 8-10) 14
DPTR FM NORMAL 114
[CDD (BASE 65) ]
TOTAL THIS MO. 0
DPTR FM NORMAL 0 [PRESSURE DATA]
TOTAL FM JAN 1 1013 HIGHEST SLP 30.65 ON 24
DPTR FM NORMAL 298 LOWEST SLP 29.48 ON 27
[REMARKS]
#FINAL-12-22#