000
CXUS55 KBOI 011002
CF6JER
PRELIMINARY LOCAL CLIMATOLOGICAL DATA (WS FORM: F-6)
STATION: JEROME ID
MONTH: JUNE
YEAR: 2020
LATITUDE: 42 43 N
LONGITUDE: 114 27 W
TEMPERATURE IN F: :PCPN: SNOW: WIND :SUNSHINE: SKY :PK WND
================================================================================
1 2 3 4 5 6A 6B 7 8 9 10 11 12 13 14 15 16 17 18
12Z AVG MX 2MIN
DY MAX MIN AVG DEP HDD CDD WTR SNW DPTH SPD SPD DIR MIN PSBL S-S WX SPD DR
================================================================================
1 79 56 68 8 0 3 T M M 10.1 23 280 M M M 27 270
2 83 58 71 11 0 6 0.00 M M 6.2 14 290 M M M 19 300
3 87 59 73 13 0 8 0.00 M M 8.1 21 280 M M 0 26 280
4 82 59 71 11 0 6 0.00 M M 9.8 24 290 M M 1 29 290
5 92 55 74 13 0 9 T M M 6.9 20 240 M M 0 3 27 240
6 73 45 59 -2 6 0 0.07 M M 15.0 31 280 M M 5 1 37 290
7 53 39 46 -15 19 0 0.08 M M 14.3 30 250 M M 6 13 40 260
8 61 40 51 -11 14 0 0.04 M M 20.4 35 260 M M 4 41 290
9 71 41 56 -6 9 0 0.00 M M 10.8 25 260 M M 2 33 270
10 82 49 66 4 0 1 0.00 M M 5.3 15 300 M M 0 18 300
11 91 53 72 10 0 7 0.00 M M 12.9 20 60 M M 0 24 180
12 93 57 75 12 0 10 0.00 M M 9.7 21 180 M M 0 35 200
13 73 48 61 -2 4 0 T M M 14.5 30 260 M M 4 36 270
14 69 43 56 -7 9 0 0.00 M M 9.4 21 330 M M 3 25 330
15 80 48 64 0 1 0 0.06 M M 11.2 21 260 M M 2 28 270
16 65 47 56 -8 9 0 0.05 M M 10.5 25 270 M M 8 3 30 270
17 65 45 55 -9 10 0 0.01 M M 20.0 35 280 M M 7 45 280
18 72 43 58 -6 7 0 0.00 M M 4.7 12 70 M M 2 17 90
19 78 45 62 -3 3 0 0.00 M M 4.8 13 240 M M 0 16 270
20 86 54 70 5 0 5 0.00 M M 5.2 14 300 M M 1 17 300
21 84 59 72 7 0 7 0.00 M M 13.9 25 280 M M 1 33 300
22 85 57 71 5 0 6 0.00 M M 9.4 17 280 M M 0 23 280
23 90 57 74 8 0 9 0.00 M M 5.8 13 250 M M 0 15 260
24 95 58 77 11 0 12 0.00 M M 8.4 31 280 M M 0 41 290
25 87 62 75 9 0 10 0.00 M M 8.5 20 250 M M 0 26 280
26 91 53 72 5 0 7 0.00 M M 7.2 17 290 M M 0 22 290
27 88 61 75 8 0 10 T M M 8.6 18 270 M M 1 3 22 270
28 69 46 58 -9 7 0 0.03 M M 10.9 20 150 M M 7 24 150
29 53 43 48 -20 17 0 0.32 M M 10.0 21 230 M M 8 1 25 240
30 71 48 60 -8 5 0 0.00 M M 8.0 16 290 M M 5 1 24 270
================================================================================
SM 2348 1528 120 116 0.66 M 300.5 M 67
================================================================================
AV 78.3 50.9 10.0 FASTST M M 2 MAX(MPH)
MISC ----> # 35 260 45 280
================================================================================
NOTES:
# LAST OF SEVERAL OCCURRENCES
COLUMN 17 PEAK WIND IN M.P.H.
PRELIMINARY LOCAL CLIMATOLOGICAL DATA (WS FORM: F-6) , PAGE 2
STATION: JEROME ID
MONTH: JUNE
YEAR: 2020
LATITUDE: 42 43 N
LONGITUDE: 114 27 W
[TEMPERATURE DATA] [PRECIPITATION DATA] SYMBOLS USED IN COLUMN 16
AVERAGE MONTHLY: 64.6 TOTAL FOR MONTH: 0.66 1 = FOG OR MIST
DPTR FM NORMAL: 0.9 DPTR FM NORMAL: -0.11 2 = FOG REDUCING VISIBILITY
HIGHEST: 95 ON 24 GRTST 24HR 0.32 ON 29-29 TO 1/4 MILE OR LESS
LOWEST: 39 ON 7 3 = THUNDER
SNOW, ICE PELLETS, HAIL 4 = ICE PELLETS
TOTAL MONTH: M 5 = HAIL
GRTST 24HR M ON M 6 = FREEZING RAIN OR DRIZZLE
GRTST DEPTH: M ON M 7 = DUSTSTORM OR SANDSTORM:
VSBY 1/2 MILE OR LESS
8 = SMOKE OR HAZE
[NO. OF DAYS WITH] [WEATHER - DAYS WITH] 9 = BLOWING SNOW
X = TORNADO
MAX 32 OR BELOW: 0 0.01 INCH OR MORE: 8
MAX 90 OR ABOVE: 6 0.10 INCH OR MORE: 1
MIN 32 OR BELOW: 0 0.50 INCH OR MORE: 0
MIN 0 OR BELOW: 0 1.00 INCH OR MORE: 0
[HDD (BASE 65) ]
TOTAL THIS MO. 120 CLEAR (SCALE 0-3) 19
DPTR FM NORMAL 13 PTCLDY (SCALE 4-7) 8
TOTAL FM JUL 1 6090 CLOUDY (SCALE 8-10) 3
DPTR FM NORMAL -546
[CDD (BASE 65) ]
TOTAL THIS MO. 116
DPTR FM NORMAL 48 [PRESSURE DATA]
TOTAL FM JAN 1 165 HIGHEST SLP 30.22 ON 9
DPTR FM NORMAL 84 LOWEST SLP 29.40 ON 5
[REMARKS]
#FINAL-06-20#