000
CXUS53 KJKL 011610 CCA
CLSJKL
CLIMATE REPORT...CORRECTION
NATIONAL WEATHER SERVICE JACKSON KY
1152 AM EDT MON JUN 1 2020
...................................
...THE JACKSON KY CLIMATE SUMMARY FOR THE SEASON, FROM
3/1/2020 TO 5/31/2020...
CLIMATE NORMAL PERIOD 1981 TO 2010
CLIMATE RECORD PERIOD 1981 TO 2020
WEATHER OBSERVED NORMAL DEPART LAST YEAR`S
VALUE DATE(S) VALUE FROM VALUE DATE(S)
NORMAL
................................................................
TEMPERATURE (F)
RECORD
HIGH 92 04/27/1986
LOW 7 03/09/1996
HIGHEST 88 05/25 MM MM 89 05/24
LOWEST 29 03/01 MM MM 13 03/06
03/05
AVG. MAXIMUM 69.0 66.7 2.3 68.1
AVG. MINIMUM 48.8 46.2 2.6 47.5
MEAN 58.9 56.4 2.5 57.8
DAYS MAX >= 90 0 0.2 -0.2 0
DAYS MAX <= 32 0 0.6 -0.6 2
DAYS MIN <= 32 5 12.7 -7.7 15
DAYS MIN <= 0 0 0.0 0.0 0
PRECIPITATION (INCHES)
RECORD
MAXIMUM 21.63 2011
MINIMUM 4.93 1986
TOTALS 19.09 13.15 5.94 10.10
DAILY AVG. 0.21 0.14 0.07 0.11
DAYS >= .01 50 40.2 9.8 31
DAYS >= .10 34 26.4 7.6 23
DAYS >= .50 18 8.8 9.2 7
DAYS >= 1.00 4 3.0 1.0 0
GREATEST
24 HR. TOTAL 1.18 05/19 0.93
SNOWFALL (INCHES)
RECORDS
TOTAL 22.1 1993
24 HR TOTAL 19.8 03/13/1993 TO 03/13/1993
TOTALS 0.5 3.9 -3.4 2.3
SINCE 7/1 7.1 23.5 -16.4 10.4
SNOWDEPTH AVG. 0 MM MM 0
DAYS >= 1.0 0 1.0 -1.0 1
GREATEST
24 HR TOTAL 0.4 04/14 1.6
DEGREE_DAYS
HEATING TOTAL 851 923 -71 862
SINCE 7/1 3680 4222 -542 4012
COOLING TOTAL 161 136 25 222
SINCE 1/1 161 136 25 222
.................................................................
WIND (MPH)
AVERAGE WIND SPEED 4.1
RESULTANT WIND SPEED/DIRECTION 1/170
HIGHEST WIND SPEED/DIRECTION 23/300 DATE 04/29
23/280 03/03
HIGHEST GUST SPEED/DIRECTION 43/160 DATE 04/13
SKY COVER
POSSIBLE SUNSHINE (PERCENT) MM
NUMBER OF DAYS FAIR 21
NUMBER OF DAYS PC 24
NUMBER OF DAYS CLOUDY 16
AVERAGE RH (PERCENT) 68
WEATHER CONDITIONS. NUMBER OF DAYS WITH
THUNDERSTORM 16 MIXED PRECIP 0
HEAVY RAIN 20 RAIN 34
LIGHT RAIN 57 FREEZING RAIN 0
LT FREEZING RAIN 0 HAIL 1
HEAVY SNOW 0 SNOW 1
LIGHT SNOW 4 SLEET 0
FOG 54 FOG W/VIS <= 1/4 MILE 13
HAZE 1
- INDICATES NEGATIVE NUMBERS.
R INDICATES RECORD WAS SET OR TIED.
MM INDICATES DATA IS MISSING.
T INDICATES TRACE AMOUNT.
$$
JMW
CORRECTED AVG WIND SPEED AND DAILY AVG PRECIP