000
CXUS51 KCTP 011050
CLSJST
CLIMATE REPORT
NATIONAL WEATHER SERVICE STATE COLLEGE PA
550 AM EST THU DEC 01 2022
...................................
...THE JOHNSTOWN CLIMATE SUMMARY FOR THE SEASON, FROM
9/1/2022 TO 11/30/2022...
CLIMATE NORMAL PERIOD 1991 TO 2020
CLIMATE RECORD PERIOD 1892 TO 2022
WEATHER OBSERVED NORMAL DEPART LAST YEAR`S
VALUE DATE(S) VALUE FROM VALUE DATE(S)
NORMAL
................................................................
TEMPERATURE (F)
RECORD
HIGH 104 09/03/1953
LOW 1 11/29/1930
HIGHEST 80 09/03 81 09/18
LOWEST 16 11/19 22 11/23
11/20
11/21
11/24
11/27
AVG. MAXIMUM 59.1 59.1 -0.0 59.8
AVG. MINIMUM 43.0 42.7 0.3 45.7
MEAN 51.0 50.9 0.1 52.7
DAYS MAX >= 90 0 0.0 0.0 0
DAYS MAX <= 32 5 3.2 1.8 2
DAYS MIN <= 32 15 19.4 -4.4 20
DAYS MIN <= 0 0 0.0 0.0 0
PRECIPITATION (INCHES)
RECORD
MAXIMUM 18.76 2018
MINIMUM 1.59 1908
TOTALS 9.83 10.16 -0.33 12.88
DAILY AVG. 0.11 0.11 -0.00 0.14
DAYS >= .01 36 39.4 -3.4 36
DAYS >= .10 20 20.4 -0.4 19
DAYS >= .50 4 5.9 -1.9 8
DAYS >= 1.00 2 2.0 0.0 3
GREATEST
24 HR. TOTAL 2.47 3.29 08/31 TO 09/01
STORM TOTAL 2.40 3.29
(MM/DD(HH)) MM
DEGREE DAYS
HEATING TOTAL 1295 1333 -38 1147
SINCE 7/1 1303 1370 -67 MM
COOLING TOTAL 42 52 -10 55
SINCE 1/1 544 480 64 MM
FREEZE DATES
RECORD
EARLIEST 08/31/1894
LATEST 05/27/1915
EARLIEST 10/19
LATEST 04/29
................................................................
WIND (MPH)
AVERAGE WIND SPEED 9.0
RESULTANT WIND SPEED/DIRECTION 4/240
HIGHEST WIND SPEED/DIRECTION 37/250 DATE 11/30
HIGHEST GUST SPEED/DIRECTION 52/230 DATE 11/30
SKY COVER
POSSIBLE SUNSHINE (PERCENT) MM
AVERAGE SKY COVER 0.45
NUMBER OF DAYS FAIR 42
NUMBER OF DAYS PC 23
NUMBER OF DAYS CLOUDY 26
WEATHER CONDITIONS. NUMBER OF DAYS WITH
THUNDERSTORM 5 MIXED PRECIP 0
HEAVY RAIN 12 RAIN 20
LIGHT RAIN 37 FREEZING RAIN 0
LT FREEZING RAIN 1 HAIL 0
HEAVY SNOW 3 SNOW 4
LIGHT SNOW 9 SLEET 0
FOG 44 FOG W/VIS <= 1/4 MILE 13
HAZE 8
- INDICATES NEGATIVE NUMBERS.
R INDICATES RECORD WAS SET OR TIED.
MM INDICATES DATA IS MISSING.
T INDICATES TRACE AMOUNT.
$$