000
CXUS52 KTBW 040229
CF6LAL
PRELIMINARY LOCAL CLIMATOLOGICAL DATA (WS FORM: F-6)
STATION: LAKELAND LINDER
MONTH: FEBRUARY
YEAR: 2024
LATITUDE: 28 0 N
LONGITUDE: 82 3 W
TEMPERATURE IN F: :PCPN: SNOW: WIND :SUNSHINE: SKY :PK WND
================================================================================
1 2 3 4 5 6A 6B 7 8 9 10 11 12 13 14 15 16 17 18
12Z AVG MX 2MIN
DY MAX MIN AVG DEP HDD CDD WTR SNW DPTH SPD SPD DIR MIN PSBL S-S WX SPD DR
================================================================================
1 71 42 57 -5 8 0 0.00 0.0 0 2.3 8 320 M M 0 M M
2 72 48 60 -2 5 0 0.00 0.0 0 3.7 8 290 M M 0 M M
3 74 46 60 -2 5 0 0.00 0.0 0 3.8 12 80 M M 3 12 16 80
4 76 57 67 5 0 2 0.12 0.0 0 10.0 18 150 M M 5 27 150
5 74 52 63 1 2 0 0.10 0.0 0 6.8 15 20 M M 6 21 150
6 68 51 60 -2 5 0 0.00 0.0 0 12.7 17 10 M M 3 25 330
7 69 45 57 -6 8 0 0.00 0.0 0 7.3 12 20 M M 0 17 20
8 74 48 61 -2 4 0 0.00 0.0 0 5.2 10 150 M M 1 M M
9 78 53 66 3 0 1 0.00 0.0 0 3.9 10 150 M M 4 M M
10 81 60 71 8 0 6 0.00 0.0 0 5.5 15 170 M M 7 27 170
11 84 64 74 11 0 9 0.00 0.0 0 8.5 16 180 M M 4 24 180
12 84 65 75 12 0 10 0.00 0.0 0 13.9 25 220 M M 7 32 220
13 80 60 70 7 0 5 0.35 0.0 0 9.8 16 310 M M 2 23 300
14 72 46 59 -4 6 0 0.00 0.0 0 5.7 12 60 M M 0 M M
15 78 53 66 3 0 1 0.00 0.0 0 3.5 10 120 M M 2 M M
16 78 56 67 3 0 2 0.00 0.0 0 2.9 9 270 M M 5 17 250
17 77 58 68 4 0 3 0.07 0.0 0 6.8 18 40 M M 9 23 40
18 61 55 58 -6 7 0 1.72 0.0 0 9.5 15 40 M M 8 18 360
19 67 50 59 -5 6 0 0.30 0.0 0 8.9 14 330 M M 5 18 360
20 70 42 56 -8 9 0 0.00 0.0 0 3.5 13 290 M M 0 M M
21 69 43 56 -8 9 0 0.00 0.0 0 5.2 13 30 M M 0 22 20
22 77 43 60 -4 5 0 0.00 0.0 0 2.3 9 250 M M 0 M M
23 76 45 61 -3 4 0 0.00 0.0 0 11.4 24 230 M M 4 36 230
24 77 47 62 -2 3 0 0.10 0.0 0 8.0 17 290 M M 1 23 300
25 79 45 62 -3 3 0 0.02 0.0 0 1.5 10 280 M M 0 M M
26 78 45 62 -3 3 0 0.00 0.0 0 1.2 6 250 M M 0 M M
27 80 50 65 0 0 0 0.00 0.0 0 4.8 14 160 M M 0 23 190
28 85 58 72 7 0 7 0.00 0.0 0 7.4 18 200 M M 1 22 200
29 82 58 70 5 0 5 0.00 0.0 0 7.6 20 40 M M 4 1 24 40
================================================================================
SM 2191 1485 92 51 2.78 0.0 183.6 M 81
================================================================================
AV 75.6 51.2 6.3 FASTST M M 3 MAX(MPH)
MISC ----> 25 220 36 230
================================================================================
NOTES:
# LAST OF SEVERAL OCCURRENCES
COLUMN 17 PEAK WIND IN M.P.H.
PRELIMINARY LOCAL CLIMATOLOGICAL DATA (WS FORM: F-6) , PAGE 2
STATION: LAKELAND LINDER
MONTH: FEBRUARY
YEAR: 2024
LATITUDE: 28 0 N
LONGITUDE: 82 3 W
[TEMPERATURE DATA] [PRECIPITATION DATA] SYMBOLS USED IN COLUMN 16
AVERAGE MONTHLY: 63.4 TOTAL FOR MONTH: 2.78 1 = FOG OR MIST
DPTR FM NORMAL: -1.6 DPTR FM NORMAL: 0.45 2 = FOG REDUCING VISIBILITY
HIGHEST: 85 ON 28 GRTST 24HR 1.72 ON 18-18 TO 1/4 MILE OR LESS
LOWEST: 42 ON 20, 1 3 = THUNDER
SNOW, ICE PELLETS, HAIL 4 = ICE PELLETS
TOTAL MONTH: 0.0 INCH 5 = HAIL
GRTST 24HR 0.0 6 = FREEZING RAIN OR DRIZZLE
GRTST DEPTH: 0 7 = DUSTSTORM OR SANDSTORM:
VSBY 1/2 MILE OR LESS
8 = SMOKE OR HAZE
[NO. OF DAYS WITH] [WEATHER - DAYS WITH] 9 = BLOWING SNOW
X = TORNADO
MAX 32 OR BELOW: 0 0.01 INCH OR MORE: 8
MAX 90 OR ABOVE: 0 0.10 INCH OR MORE: 6
MIN 32 OR BELOW: 0 0.50 INCH OR MORE: 1
MIN 0 OR BELOW: 0 1.00 INCH OR MORE: 1
[HDD (BASE 65) ]
TOTAL THIS MO. 92 CLEAR (SCALE 0-3) 16
DPTR FM NORMAL 8 PTCLDY (SCALE 4-7) 11
TOTAL FM JUL 1 339 CLOUDY (SCALE 8-10) 2
DPTR FM NORMAL -95
[CDD (BASE 65) ]
TOTAL THIS MO. 51
DPTR FM NORMAL -25 [PRESSURE DATA]
TOTAL FM JAN 1 131 HIGHEST SLP M ON M
DPTR FM NORMAL -2 LOWEST SLP M ON M
[REMARKS]
#FINAL-02-24#