000
CXUS52 KTBW 142254
CF6LAL
PRELIMINARY LOCAL CLIMATOLOGICAL DATA (WS FORM: F-6)
STATION: LAKELAND LINDER
MONTH: FEBRUARY
YEAR: 2022
LATITUDE: 28 0 N
LONGITUDE: 82 3 W
TEMPERATURE IN F: :PCPN: SNOW: WIND :SUNSHINE: SKY :PK WND
================================================================================
1 2 3 4 5 6A 6B 7 8 9 10 11 12 13 14 15 16 17 18
12Z AVG MX 2MIN
DY MAX MIN AVG DEP HDD CDD WTR SNW DPTH SPD SPD DIR MIN PSBL S-S WX SPD DR
================================================================================
1 73 41 57 -5 8 0 0.00 0.0 0 6.0 16 140 M M 1 23 90
2 80 51 66 4 0 1 0.00 0.0 0 8.4 17 110 M M 2 25 120
3 83 62 73 11 0 8 0.00 0.0 0 9.8 18 120 M M 1 27 120
4 86 64 75 13 0 10 0.00 0.0 0 7.8 18 180 M M 3 20 170
5 80 56 68 6 0 3 T 0.0 0 7.9 14 10 M M 10 18 10
6 66 51 59 -3 6 0 0.02 0.0 0 5.7 9 290 M M 10 1 M M
7 66 52 59 -4 6 0 0.00 0.0 0 4.3 9 360 M M 7 1 M M
8 67 52 60 -3 5 0 0.20 0.0 0 6.7 9 350 M M 9 1 M M
9 67 47 57 -6 8 0 0.27 0.0 0 7.1 12 320 M M 3 18 350
10 70 48 59 -4 6 0 0.00 0.0 0 3.3 14 30 M M 0 16 50
11 80 53 67 4 0 2 0.00 0.0 0 4.4 12 100 M M 3 M M
12 84 48 66 3 0 1 0.00 0.0 0 2.4 10 320 M M 0 M M
13 82 60 71 8 0 6 0.22 0.0 0 6.5 14 300 M M 7 20 280
14 70 41 56 -7 9 0 0.00 0.0 0 8.3 16 30 M M 0 21 30
15 74 43 59 -4 6 0 0.00 0.0 0 9.1 17 100 M M 2 25 90
16 80 55 68 4 0 3 0.00 0.0 0 9.8 18 80 M M 2 27 120
17 85 60 73 9 0 8 0.00 0.0 0 9.5 17 150 M M 5 18 140
18 87 64 76 12 0 11 0.00 0.0 0 6.0 13 260 M M 6 1 18 280
19 78 68 73 9 0 8 0.00 0.0 0 6.2 10 350 M M 6 12 M M
20 80 65 73 9 0 8 0.00 0.0 0 9.9 16 100 M M 0 22 100
21 82 59 71 7 0 6 0.00 0.0 0 6.9 13 90 M M 1 17 120
22 84 61 73 9 0 8 0.00 0.0 0 7.4 12 160 M M 4 16 120
23 85 65 75 11 0 10 0.00 0.0 0 3.9 12 90 M M 5 1 M M
24 84 61 73 9 0 8 0.00 0.0 0 4.1 12 100 M M 2 M M
25 85 60 73 8 0 8 0.00 0.0 0 2.5 7 270 M M 2 1 M M
26 86 60 73 8 0 8 0.00 0.0 0 3.6 12 130 M M 2 18 130
27 86 60 73 8 0 8 0.00 0.0 0 3.2 8 260 M M 2 17 260
28 83 58 71 6 0 6 0.00 0.0 0 5.6 14 360 M M 8 12 18 320
================================================================================
SM 2213 1565 54 131 0.71 0.0 176.3 M 103
================================================================================
AV 79.0 55.9 6.3 FASTST M M 4 MAX(MPH)
MISC ----> # 18 120 # 27 120
================================================================================
NOTES:
# LAST OF SEVERAL OCCURRENCES
COLUMN 17 PEAK WIND IN M.P.H.
PRELIMINARY LOCAL CLIMATOLOGICAL DATA (WS FORM: F-6) , PAGE 2
STATION: LAKELAND LINDER
MONTH: FEBRUARY
YEAR: 2022
LATITUDE: 28 0 N
LONGITUDE: 82 3 W
[TEMPERATURE DATA] [PRECIPITATION DATA] SYMBOLS USED IN COLUMN 16
AVERAGE MONTHLY: 67.5 TOTAL FOR MONTH: 0.71 1 = FOG OR MIST
DPTR FM NORMAL: 2.5 DPTR FM NORMAL: -1.62 2 = FOG REDUCING VISIBILITY
HIGHEST: 87 ON 18 GRTST 24HR 0.27 ON 9- 9 TO 1/4 MILE OR LESS
LOWEST: 41 ON 14, 1 3 = THUNDER
SNOW, ICE PELLETS, HAIL 4 = ICE PELLETS
TOTAL MONTH: 0.0 INCH 5 = HAIL
GRTST 24HR 0.0 6 = FREEZING RAIN OR DRIZZLE
GRTST DEPTH: 0 7 = DUSTSTORM OR SANDSTORM:
VSBY 1/2 MILE OR LESS
8 = SMOKE OR HAZE
[NO. OF DAYS WITH] [WEATHER - DAYS WITH] 9 = BLOWING SNOW
X = TORNADO
MAX 32 OR BELOW: 0 0.01 INCH OR MORE: 4
MAX 90 OR ABOVE: 0 0.10 INCH OR MORE: 3
MIN 32 OR BELOW: 0 0.50 INCH OR MORE: 0
MIN 0 OR BELOW: 0 1.00 INCH OR MORE: 0
[HDD (BASE 65) ]
TOTAL THIS MO. 54 CLEAR (SCALE 0-3) 16
DPTR FM NORMAL -30 PTCLDY (SCALE 4-7) 9
TOTAL FM JUL 1 281 CLOUDY (SCALE 8-10) 3
DPTR FM NORMAL -147
[CDD (BASE 65) ]
TOTAL THIS MO. 131
DPTR FM NORMAL 55 [PRESSURE DATA]
TOTAL FM JAN 1 178 HIGHEST SLP M ON M
DPTR FM NORMAL 58 LOWEST SLP M ON M
[REMARKS]
#FINAL-02-22#