000
CXUS53 KGRR 010910
CF6LAN
PRELIMINARY LOCAL CLIMATOLOGICAL DATA (WS FORM: F-6)
STATION: LANSING
MONTH: JUNE
YEAR: 2021
LATITUDE: 42 46 N
LONGITUDE: 84 36 W
TEMPERATURE IN F: :PCPN: SNOW: WIND :SUNSHINE: SKY :PK WND
================================================================================
1 2 3 4 5 6A 6B 7 8 9 10 11 12 13 14 15 16 17 18
12Z AVG MX 2MIN
DY MAX MIN AVG DEP HDD CDD WTR SNW DPTH SPD SPD DIR MIN PSBL S-S WX SPD DR
================================================================================
1 77 47 62 -2 3 0 0.00 0.0 0 3.0 12 230 M M 1 18 200
2 77 50 64 0 1 0 T 0.0 0 5.6 17 140 M M 5 21 150
3 83 58 71 6 0 6 0.01 0.0 0 2.9 14 250 M M 3 1 19 270
4 88 65 77 12 0 12 0.00 0.0 0 10.8 25 260 M M 5 36 260
5 90 69 80 15 0 15 0.00 0.0 0 12.3 20 220 M M 0 29 210
6 91 70 81 15 0 16 0.00 0.0 0 12.1 20 230 M M 2 28 250
7 81 71 76 10 0 11 0.05 0.0 0 7.0 18 220 M M 4 1 24 220
8 86 68 77 11 0 12 T 0.0 0 4.2 14 230 M M 6 13 20 260
9 89 68 79 13 0 14 0.06 0.0 0 4.4 21 30 M M 4 13 25 30
10 88 65 77 10 0 12 0.01 0.0 0 4.5 15 170 M M 2 18 19 170
11 94 63 79 12 0 14 M 0.0 0 3.8 29 360 M M 2 13 40 350
12 90 63 77 10 0 12 0.16 0.0 0 4.5 18 30 M M 6 1238 24 40
13 86 64 75 7 0 10 0.00 0.0 0 7.4 14 300 M M 1 18 23 300
14 80 58 69 1 0 4 0.01 0.0 0 M M M M M 4 M M
15 78 55 67 -1 0 2 0.00 0.0 0 8.1 15 10 M M 0 23 330
16 78 47 63 -5 2 0 0.00 0.0 0 3.1 13 290 M M 0 8 19 360
17 86 50 68 -1 0 3 0.00 0.0 0 6.1 15 240 M M 1 22 210
18 83 64 74 5 0 9 0.32 0.0 0 9.2 20 240 M M 4 13 28 250
19 74 63 69 0 0 4 0.10 0.0 0 5.8 25 220 M M 6 18 35 320
20 86 60 73 4 0 8 0.26 0.0 0 4.4 25 190 M M 3 123 36 190
21 71 48 60 -10 5 0 0.32 0.0 0 12.3 31 270 M M 8 13 41 260
22 69 42 56 -14 9 0 0.08 0.0 0 4.5 21 280 M M 2 31 270
23 74 48 61 -9 4 0 0.13 0.0 0 9.2 21 190 M M 7 1 27 180
24 77 62 70 0 0 5 0.78 0.0 0 10.0 21 190 M M 4 13 29 200
25 73 68 71 1 0 6 2.16 0.0 0 10.5 21 260 M M 9 1 29 260
26 80 66 73 2 0 8 2.93 0.0 0 9.1 35 270 M M 8 123 48 260
27 86 70 78 7 0 13 0.18 0.0 0 12.3 24 220 M M 7 1 35 220
28 87 65 76 5 0 11 0.26 0.0 0 3.6 18 160 M M 6 138 26 160
29 86 71 79 8 0 14 0.27 0.0 0 7.7 18 250 M M 2 13 25 260
30 84 69 77 6 0 12 0.03 0.0 0 7.7 15 300 M M 4 1 20 290
================================================================================
SM 2472 1827 24 233 8.12 0.0 206.1 M 116
================================================================================
AV 82.4 60.9 7.1 FASTST M M 4 MAX(MPH)
MISC ----> 35 270 48 260
================================================================================
NOTES:
# LAST OF SEVERAL OCCURRENCES
COLUMN 17 PEAK WIND IN M.P.H.
PRELIMINARY LOCAL CLIMATOLOGICAL DATA (WS FORM: F-6) , PAGE 2
STATION: LANSING
MONTH: JUNE
YEAR: 2021
LATITUDE: 42 46 N
LONGITUDE: 84 36 W
[TEMPERATURE DATA] [PRECIPITATION DATA] SYMBOLS USED IN COLUMN 16
AVERAGE MONTHLY: 71.7 TOTAL FOR MONTH: 8.12 1 = FOG OR MIST
DPTR FM NORMAL: 3.7 DPTR FM NORMAL: 4.36 2 = FOG REDUCING VISIBILITY
HIGHEST: 94 ON 11 GRTST 24HR 2.93 ON 26-26 TO 1/4 MILE OR LESS
LOWEST: 42 ON 22 3 = THUNDER
SNOW, ICE PELLETS, HAIL 4 = ICE PELLETS
TOTAL MONTH: 0.0 INCH 5 = HAIL
GRTST 24HR 0.0 6 = FREEZING RAIN OR DRIZZLE
GRTST DEPTH: 0 7 = DUSTSTORM OR SANDSTORM:
VSBY 1/2 MILE OR LESS
8 = SMOKE OR HAZE
[NO. OF DAYS WITH] [WEATHER - DAYS WITH] 9 = BLOWING SNOW
X = TORNADO
MAX 32 OR BELOW: 0 0.01 INCH OR MORE: 19
MAX 90 OR ABOVE: 4 0.10 INCH OR MORE: 12
MIN 32 OR BELOW: 0 0.50 INCH OR MORE: 3
MIN 0 OR BELOW: 0 1.00 INCH OR MORE: 2
[HDD (BASE 65) ]
TOTAL THIS MO. 24 CLEAR (SCALE 0-3) 13
DPTR FM NORMAL -24 PTCLDY (SCALE 4-7) 16
TOTAL FM JUL 1 6272 CLOUDY (SCALE 8-10) 1
DPTR FM NORMAL -341
[CDD (BASE 65) ]
TOTAL THIS MO. 233
DPTR FM NORMAL 95 [PRESSURE DATA]
TOTAL FM JAN 1 290 HIGHEST SLP 30.25 ON 1
DPTR FM NORMAL 106 LOWEST SLP 29.41 ON 21
[REMARKS]
#FINAL-06-21#