174
CXUS54 KOUN 181618
CF6LAW
PRELIMINARY LOCAL CLIMATOLOGICAL DATA (WS FORM: F-6)
STATION: LAWTON
MONTH: DECEMBER
YEAR: 2020
LATITUDE: 34 34 N
LONGITUDE: 98 25 W
TEMPERATURE IN F: :PCPN: SNOW: WIND :SUNSHINE: SKY :PK WND
================================================================================
1 2 3 4 5 6A 6B 7 8 9 10 11 12 13 14 15 16 17 18
12Z AVG MX 2MIN
DY MAX MIN AVG DEP HDD CDD WTR SNW DPTH SPD SPD DIR MIN PSBL S-S WX SPD DR
================================================================================
1 60 24 42 -2 23 0 0.00 0.0 0 9.5 23 160 M M 0 28 170
2 44 37 41 -3 24 0 0.00 0.0 0 10.7 21 360 M M 7 26 360
3 41 27 34 -10 31 0 0.00 0.0 0 10.3 25 360 M M 8 1 31 340
4 58 24 41 -2 24 0 0.00 0.0 0 4.0 12 240 M M 0 15 240
5 61 24 43 0 22 0 0.00 0.0 0 2.2 13 360 M M 0 15 360
6 62 28 45 2 20 0 0.00 0.0 0 5.6 15 20 M M 0 20 330
7 68 28 48 6 17 0 0.00 0.0 0 3.8 13 10 M M 0 1 17 240
8 70 26 48 6 17 0 0.00 0.0 0 1.8 10 220 M M 0 13 220
9 73 27 50 8 15 0 0.00 0.0 0 3.2 12 200 M M 0 15 200
10 74 27 51 9 14 0 0.02 0.0 0 6.3 16 170 M M 1 22 200
11 59 38 49 8 16 0 0.03 0.0 0 7.0 17 350 M M 4 22 350
12 49 29 39 -2 26 0 0.00 0.0 0 6.6 21 350 M M 0 8 28 360
13 40 26 33 -8 32 0 0.29 T 0 12.7 28 10 M M 8 138 35 10
14 45 20 33 -8 32 0 0.00 0.0 0 5.0 14 130 M M 0 17 130
15 37 32 35 -5 30 0 0.05 T 0 9.2 20 110 M M 7 1 24 120
16 45 27 36 -4 29 0 0.00 0.0 0 4.5 14 350 M M 4 1 17 350
17 58 22 40 0 25 0 0.00 0.0 0 4.9 15 160 M M 0 21 160
18 61 38 50 10 15 0 0.00 0.0 0 9.8 24 190 M M 0 31 200
19 57 29 43 3 22 0 0.00 0.0 0 8.1 21 10 M M 1 26 10
20 64 26 45 5 20 0 0.00 0.0 0 3.3 13 230 M M 0 16 240
21 68 28 48 8 17 0 0.00 0.0 0 2.2 8 70 M M 0 10 80
22 72 28 50 10 15 0 0.00 0.0 0 10.3 26 190 M M 1 36 190
23 60 27 44 4 21 0 0.00 0.0 0 17.1 33 350 M M 0 44 340
24 56 20 38 -2 27 0 0.00 0.0 0 8.2 22 320 M M 0 34 310
25 62 23 43 3 22 0 0.00 0.0 0 4.0 12 210 M M 0 16 210
26 67 23 45 5 20 0 0.00 0.0 0 8.0 21 180 M M 0 26 170
27 70 32 51 12 14 0 0.00 0.0 0 9.5 18 340 M M 0 25 340
28 55 40 48 9 17 0 T 0.0 0 11.9 21 110 M M 3 24 110
29 62 48 55 15 10 0 0.11 0.0 0 15.7 25 150 M M 9 1 36 350
30 52 35 44 4 21 0 0.91 0.0 0 16.2 30 20 M M 7 13 40 360
31 37 29 33 -7 32 0 0.85 T 0 18.4 39 10 M M 6 1 47 20
================================================================================
SM 1787 892 670 0 2.26 T 250.0 M 66
================================================================================
AV 57.6 28.8 8.1 FASTST M M 2 MAX(MPH)
MISC ----> 39 10 47 20
================================================================================
NOTES:
# LAST OF SEVERAL OCCURRENCES
COLUMN 17 PEAK WIND IN M.P.H.
PRELIMINARY LOCAL CLIMATOLOGICAL DATA (WS FORM: F-6) , PAGE 2
STATION: LAWTON
MONTH: DECEMBER
YEAR: 2020
LATITUDE: 34 34 N
LONGITUDE: 98 25 W
[TEMPERATURE DATA] [PRECIPITATION DATA] SYMBOLS USED IN COLUMN 16
AVERAGE MONTHLY: 43.2 TOTAL FOR MONTH: 2.26 1 = FOG OR MIST
DPTR FM NORMAL: 2.3 DPTR FM NORMAL: 0.52 2 = FOG REDUCING VISIBILITY
HIGHEST: 74 ON 10 GRTST 24HR 1.02 ON 29-30 TO 1/4 MILE OR LESS
LOWEST: 20 ON 24,14 3 = THUNDER
SNOW, ICE PELLETS, HAIL 4 = ICE PELLETS
TOTAL MONTH: T 5 = HAIL
GRTST 24HR T ON 15-15 6 = FREEZING RAIN OR DRIZZLE
GRTST DEPTH: 0 7 = DUSTSTORM OR SANDSTORM:
VSBY 1/2 MILE OR LESS
8 = SMOKE OR HAZE
[NO. OF DAYS WITH] [WEATHER - DAYS WITH] 9 = BLOWING SNOW
X = TORNADO
MAX 32 OR BELOW: 0 0.01 INCH OR MORE: 7
MAX 90 OR ABOVE: 0 0.10 INCH OR MORE: 4
MIN 32 OR BELOW: 25 0.50 INCH OR MORE: 2
MIN 0 OR BELOW: 0 1.00 INCH OR MORE: 0
[HDD (BASE 65) ]
TOTAL THIS MO. 670 CLEAR (SCALE 0-3) 22
DPTR FM NORMAL -78 PTCLDY (SCALE 4-7) 6
TOTAL FM JUL 1 1222 CLOUDY (SCALE 8-10) 3
DPTR FM NORMAL -90
[CDD (BASE 65) ]
TOTAL THIS MO. 0
DPTR FM NORMAL 0 [PRESSURE DATA]
TOTAL FM JAN 1 2221 HIGHEST SLP 30.41 ON 14
DPTR FM NORMAL -99 LOWEST SLP 29.65 ON 31
[REMARKS]
#FINAL-12-20#