000
CXUS56 KLOX 011655
CF6LAX
PRELIMINARY LOCAL CLIMATOLOGICAL DATA (WS FORM: F-6)
STATION: LOS ANGELES INTL AIRPORT CA
MONTH: JULY
YEAR: 2020
LATITUDE: 33 55 N
LONGITUDE: 118 24 W
TEMPERATURE IN F: :PCPN: SNOW: WIND :SUNSHINE: SKY :PK WND
================================================================================
1 2 3 4 5 6A 6B 7 8 9 10 11 12 13 14 15 16 17 18
12Z AVG MX 2MIN
DY MAX MIN AVG DEP HDD CDD WTR SNW DPTH SPD SPD DIR MIN PSBL S-S WX SPD DR
================================================================================
1 71 63 67 -1 0 2 0.00 0.0 0 6.6 14 260 M M 7 19 260
2 74 62 68 0 0 3 0.00 0.0 0 8.5 17 260 M M 6 21 270
3 72 61 67 -1 0 2 0.00 0.0 0 9.8 16 260 M M 1 20 260
4 76 62 69 1 0 4 0.00 0.0 0 7.9 17 260 M M 1 23 260
5 80 63 72 4 0 7 0.00 0.0 0 6.5 16 250 M M 2 18 19 260
6 78 63 71 3 0 6 0.00 0.0 0 7.4 16 270 M M 2 128 20 280
7 76 64 70 2 0 5 0.00 0.0 0 7.2 16 250 M M 1 18 19 270
8 76 62 69 1 0 4 0.00 0.0 0 7.3 15 260 M M 3 18 20 280
9 75 63 69 1 0 4 0.00 0.0 0 7.3 16 260 M M 5 18 25 250
10 76 63 70 2 0 5 0.00 0.0 0 7.2 16 260 M M 5 18 21 260
11 79 63 71 2 0 6 0.00 0.0 0 8.1 20 260 M M 3 1 23 260
12 81 67 74 5 0 9 0.00 0.0 0 6.9 16 270 M M 3 20 260
13 78 64 71 2 0 6 0.00 0.0 0 8.7 15 260 M M 3 18 18 270
14 75 63 69 0 0 4 0.00 0.0 0 8.7 18 270 M M 6 8 22 260
15 72 62 67 -2 0 2 0.00 0.0 0 8.8 18 270 M M 6 23 260
16 72 62 67 -2 0 2 0.00 0.0 0 9.3 16 260 M M 5 21 260
17 74 63 69 0 0 4 0.00 0.0 0 9.6 18 270 M M 5 23 260
18 72 62 67 -2 0 2 0.00 0.0 0 10.5 20 260 M M 2 23 260
19 71 61 66 -3 0 1 0.00 0.0 0 10.1 22 260 M M 5 27 260
20 71 60 66 -3 0 1 0.00 0.0 0 8.2 16 260 M M 3 23 240
21 73 59 66 -3 0 1 0.00 0.0 0 8.1 16 250 M M 3 12 20 260
22 70 59 65 -4 0 0 0.00 0.0 0 7.9 16 240 M M 8 128 21 260
23 73 61 67 -2 0 2 0.00 0.0 0 8.0 17 280 M M 6 24 280
24 73 61 67 -2 0 2 0.00 0.0 0 8.1 16 260 M M 5 21 260
25 72 61 67 -2 0 2 0.00 0.0 0 7.7 18 260 M M 6 18 22 270
26 69 60 65 -4 0 0 0.00 0.0 0 9.1 20 260 M M 6 18 23 250
27 68 60 64 -5 1 0 0.00 0.0 0 9.1 18 260 M M 5 18 24 250
28 70 60 65 -4 0 0 0.00 0.0 0 8.9 16 270 M M 6 18 21 270
29 69 59 64 -5 1 0 0.00 0.0 0 8.7 17 280 M M 8 12 22 270
30 71 58 65 -4 0 0 0.00 0.0 0 7.9 21 270 M M 5 12 23 270
31 76 62 69 0 0 4 0.00 0.0 0 7.6 20 270 M M 1 26 290
================================================================================
SM 2283 1913 2 90 0.00 0.0 255.7 M 133
================================================================================
AV 73.7 61.7 8.2 FASTST M M 4 MAX(MPH)
MISC ----> # 22 260 # 27 260
================================================================================
NOTES:
# LAST OF SEVERAL OCCURRENCES
COLUMN 17 PEAK WIND IN M.P.H.
PRELIMINARY LOCAL CLIMATOLOGICAL DATA (WS FORM: F-6) , PAGE 2
STATION: LOS ANGELES INTL AIRPORT CA
MONTH: JULY
YEAR: 2020
LATITUDE: 33 55 N
LONGITUDE: 118 24 W
[TEMPERATURE DATA] [PRECIPITATION DATA] SYMBOLS USED IN COLUMN 16
AVERAGE MONTHLY: 67.7 TOTAL FOR MONTH: 0.00 1 = FOG OR MIST
DPTR FM NORMAL: -1.1 DPTR FM NORMAL: -0.03 2 = FOG REDUCING VISIBILITY
HIGHEST: 81 ON 12 GRTST 24HR 0.00 ON 31-31 TO 1/4 MILE OR LESS
LOWEST: 58 ON 30 3 = THUNDER
SNOW, ICE PELLETS, HAIL 4 = ICE PELLETS
TOTAL MONTH: 0.0 INCH 5 = HAIL
GRTST 24HR 0.0 6 = FREEZING RAIN OR DRIZZLE
GRTST DEPTH: 0 7 = DUSTSTORM OR SANDSTORM:
VSBY 1/2 MILE OR LESS
8 = SMOKE OR HAZE
[NO. OF DAYS WITH] [WEATHER - DAYS WITH] 9 = BLOWING SNOW
X = TORNADO
MAX 32 OR BELOW: 0 0.01 INCH OR MORE: 0
MAX 90 OR ABOVE: 0 0.10 INCH OR MORE: 0
MIN 32 OR BELOW: 0 0.50 INCH OR MORE: 0
MIN 0 OR BELOW: 0 1.00 INCH OR MORE: 0
[HDD (BASE 65) ]
TOTAL THIS MO. 2 CLEAR (SCALE 0-3) 11
DPTR FM NORMAL 0 PTCLDY (SCALE 4-7) 19
TOTAL FM JUL 1 2 CLOUDY (SCALE 8-10) 1
DPTR FM NORMAL 0
[CDD (BASE 65) ]
TOTAL THIS MO. 90
DPTR FM NORMAL -29 [PRESSURE DATA]
TOTAL FM JAN 1 315 HIGHEST SLP M ON M
DPTR FM NORMAL 114 LOWEST SLP 29.75 ON 21
[REMARKS]
#FINAL-07-20#