000
CXUS56 KLOX 011255
CF6LAX
PRELIMINARY LOCAL CLIMATOLOGICAL DATA (WS FORM: F-6)
STATION: LOS ANGELES INTL AIRPORT CA
MONTH: NOVEMBER
YEAR: 2023
LATITUDE: 33 55 N
LONGITUDE: 118 24 W
TEMPERATURE IN F: :PCPN: SNOW: WIND :SUNSHINE: SKY :PK WND
================================================================================
1 2 3 4 5 6A 6B 7 8 9 10 11 12 13 14 15 16 17 18
12Z AVG MX 2MIN
DY MAX MIN AVG DEP HDD CDD WTR SNW DPTH SPD SPD DIR MIN PSBL S-S WX SPD DR
================================================================================
1 86 59 73 8 0 8 0.00 M M 7.3 16 260 M M 3 19 260
2 80 55 68 3 0 3 0.00 M M 5.7 13 270 M M 1 16 250
3 77 54 66 1 0 1 0.00 M M 5.7 14 280 M M 4 1 17 280
4 70 52 61 -4 4 0 0.00 M M 5.9 14 250 M M 6 128 16 280
5 72 53 63 -2 2 0 0.00 M M 4.8 14 260 M M 2 128 16 270
6 71 58 65 1 0 0 0.00 M M 6.0 15 280 M M 5 128 18 260
7 71 61 66 2 0 1 0.00 M M 9.1 21 250 M M 4 28 360
8 77 54 66 2 0 1 0.00 M M 5.7 16 240 M M 1 8 19 220
9 78 51 65 1 0 0 0.00 M M 5.2 16 220 M M 2 22 230
10 74 50 62 -2 3 0 0.00 M M 5.1 13 270 M M 4 16 280
11 77 50 64 1 1 0 0.00 M M 5.4 13 250 M M 1 15 270
12 84 55 70 7 0 5 0.00 M M 6.0 16 250 M M 2 19 240
13 74 53 64 1 1 0 0.00 M M 5.8 14 270 M M 5 8 16 270
14 77 51 64 1 1 0 0.00 M M 4.5 14 270 M M 3 26 230
15 69 56 63 1 2 0 0.13 M M 7.3 16 60 M M 8 18 24 80
16 73 58 66 4 0 1 T M M 6.5 15 240 M M 6 23 230
17 72 55 64 2 1 0 T M M 6.9 18 270 M M 4 24 280
18 70 60 65 3 0 0 T M M 6.6 13 220 M M 8 1 19 180
19 72 59 66 4 0 1 0.00 M M 9.0 29 310 M M 3 36 300
20 73 50 62 1 3 0 0.00 M M 5.2 12 240 M M 1 18 190
21 82 51 67 6 0 2 0.00 M M 4.5 10 290 M M 3 18 290
22 83 55 69 8 0 4 0.00 M M 6.4 16 260 M M 5 20 260
23 70 55 63 2 2 0 0.00 M M 6.6 15 140 M M 6 23 150
24 71 57 64 4 1 0 0.00 M M 6.8 16 240 M M 4 22 240
25 69 53 61 1 4 0 0.00 M M 6.2 14 260 M M 2 20 280
26 72 47 60 0 5 0 0.00 M M 5.0 14 230 M M 7 18 190
27 73 50 62 2 3 0 0.00 M M 5.6 13 240 M M 6 19 240
28 71 53 62 2 3 0 0.00 M M 5.9 15 270 M M 4 17 270
29 65 51 58 -1 7 0 0.00 M M 6.4 15 250 M M 5 18 250
30 65 51 58 -1 7 0 0.00 M M 6.2 16 260 M M 5 8 21 280
================================================================================
SM 2218 1617 50 27 0.13 M 183.3 M 120
================================================================================
AV 73.9 53.9 6.1 FASTST M M 4 MAX(MPH)
MISC ----> 29 310 36 300
================================================================================
NOTES:
# LAST OF SEVERAL OCCURRENCES
COLUMN 17 PEAK WIND IN M.P.H.
PRELIMINARY LOCAL CLIMATOLOGICAL DATA (WS FORM: F-6) , PAGE 2
STATION: LOS ANGELES INTL AIRPORT CA
MONTH: NOVEMBER
YEAR: 2023
LATITUDE: 33 55 N
LONGITUDE: 118 24 W
[TEMPERATURE DATA] [PRECIPITATION DATA] SYMBOLS USED IN COLUMN 16
AVERAGE MONTHLY: 63.9 TOTAL FOR MONTH: 0.13 1 = FOG OR MIST
DPTR FM NORMAL: 1.6 DPTR FM NORMAL: -0.69 2 = FOG REDUCING VISIBILITY
HIGHEST: 86 ON 1 GRTST 24HR 0.13 ON 15-15 TO 1/4 MILE OR LESS
LOWEST: 47 ON 26 3 = THUNDER
SNOW, ICE PELLETS, HAIL 4 = ICE PELLETS
TOTAL MONTH: M 5 = HAIL
GRTST 24HR M ON M 6 = FREEZING RAIN OR DRIZZLE
GRTST DEPTH: M ON M 7 = DUSTSTORM OR SANDSTORM:
VSBY 1/2 MILE OR LESS
8 = SMOKE OR HAZE
[NO. OF DAYS WITH] [WEATHER - DAYS WITH] 9 = BLOWING SNOW
X = TORNADO
MAX 32 OR BELOW: 0 0.01 INCH OR MORE: 1
MAX 90 OR ABOVE: 0 0.10 INCH OR MORE: 1
MIN 32 OR BELOW: 0 0.50 INCH OR MORE: 0
MIN 0 OR BELOW: 0 1.00 INCH OR MORE: 0
[HDD (BASE 65) ]
TOTAL THIS MO. 50 CLEAR (SCALE 0-3) 11
DPTR FM NORMAL -61 PTCLDY (SCALE 4-7) 18
TOTAL FM JUL 1 61 CLOUDY (SCALE 8-10) 1
DPTR FM NORMAL -81
[CDD (BASE 65) ]
TOTAL THIS MO. 27
DPTR FM NORMAL -3 [PRESSURE DATA]
TOTAL FM JAN 1 567 HIGHEST SLP 30.29 ON 21
DPTR FM NORMAL -148 LOWEST SLP 29.76 ON 23
[REMARKS]
#FINAL-11-23#