000
CXUS54 KLUB 010730
CF6LBB
PRELIMINARY LOCAL CLIMATOLOGICAL DATA (WS FORM: F-6)
STATION: LUBBOCK
MONTH: MAY
YEAR: 2023
LATITUDE: 33 39 N
LONGITUDE: 101 49 W
TEMPERATURE IN F: :PCPN: SNOW: WIND :SUNSHINE: SKY :PK WND
================================================================================
1 2 3 4 5 6A 6B 7 8 9 10 11 12 13 14 15 16 17 18
12Z AVG MX 2MIN
DY MAX MIN AVG DEP HDD CDD WTR SNW DPTH SPD SPD DIR MIN PSBL S-S WX SPD DR
================================================================================
1 79 44 62 -3 3 0 0.00 0.0 0 10.7 20 140 M M 5 26 150
2 79 51 65 -1 0 0 0.14 0.0 0 11.5 24 290 M M 7 13 32 280
3 84 54 69 3 0 4 0.44 0.0 0 10.6 32 280 M M 7 13 41 270
4 85 58 72 6 0 7 0.01 0.0 0 11.0 24 250 M M 6 13 32 230
5 91 53 72 5 0 7 0.00 0.0 0 13.5 31 220 M M 0 45 240
6 89 53 71 4 0 6 0.00 0.0 0 6.9 21 230 M M 5 27 230
7 95 54 75 8 0 10 0.00 0.0 0 13.0 31 140 M M 2 38 120
8 95 65 80 12 0 15 0.00 0.0 0 13.7 23 180 M M 1 33 170
9 95 67 81 13 0 16 0.00 0.0 0 16.1 30 140 M M 4 39 130
10 88 59 74 6 0 9 0.00 0.0 0 18.7 31 130 M M 4 41 130
11 83 58 71 2 0 6 0.80 0.0 0 14.3 33 130 M M 2 13 53 120
12 92 53 73 4 0 8 0.00 0.0 0 8.9 32 160 M M 3 43 160
13 63 57 60 -9 5 0 0.55 0.0 0 15.0 26 10 M M 10 1 35 10
14 72 59 66 -4 0 1 0.19 0.0 0 7.7 17 360 M M 9 1 23 350
15 72 58 65 -5 0 0 T 0.0 0 10.8 24 10 M M 9 1 31 20
16 81 55 68 -2 0 3 0.00 0.0 0 5.5 16 290 M M 5 1 22 290
17 87 64 76 5 0 11 0.07 0.0 0 5.6 30 150 M M 7 34 160
18 85 63 74 3 0 9 0.07 0.0 0 11.9 33 170 M M 8 38 43 170
19 80 59 70 -2 0 5 0.09 0.0 0 14.8 29 30 M M 7 38 39 20
20 77 54 66 -6 0 1 0.00 0.0 0 8.3 24 40 M M 8 8 30 50
21 80 59 70 -2 0 5 0.03 0.0 0 11.2 30 230 M M 9 3 37 230
22 85 59 72 -1 0 7 0.40 0.0 0 11.8 28 160 M M 7 13 34 160
23 87 62 75 2 0 10 0.08 0.0 0 10.9 25 70 M M 5 13 38 80
24 80 60 70 -3 0 5 0.02 0.0 0 13.3 26 100 M M 6 3 37 90
25 80 59 70 -4 0 5 1.07 0.0 0 13.4 43 320 M M 6 13 52 320
26 75 58 67 -7 0 2 0.71 0.0 0 17.9 45 350 M M 8 13 62 350
27 70 58 64 -10 1 0 0.49 0.0 0 15.0 31 140 M M 9 13 40 140
28 81 61 71 -4 0 6 0.13 0.0 0 12.3 37 210 M M 8 123 46 210
29 83 58 71 -4 0 6 0.00 0.0 0 9.2 18 50 M M 4 24 140
30 86 62 74 -1 0 9 0.00 0.0 0 12.4 22 160 M M 2 27 150
31 84 64 74 -2 0 9 0.03 0.0 0 17.0 28 140 M M 7 3 37 150
================================================================================
SM 2563 1798 9 182 5.32 0.0 372.9 M 180
================================================================================
AV 82.7 58.0 12.0 FASTST M M 6 MAX(MPH)
MISC ----> 45 350 62 350
================================================================================
NOTES:
# LAST OF SEVERAL OCCURRENCES
COLUMN 17 PEAK WIND IN M.P.H.
PRELIMINARY LOCAL CLIMATOLOGICAL DATA (WS FORM: F-6) , PAGE 2
STATION: LUBBOCK
MONTH: MAY
YEAR: 2023
LATITUDE: 33 39 N
LONGITUDE: 101 49 W
[TEMPERATURE DATA] [PRECIPITATION DATA] SYMBOLS USED IN COLUMN 16
AVERAGE MONTHLY: 70.3 TOTAL FOR MONTH: 5.32 1 = FOG OR MIST
DPTR FM NORMAL: -0.1 DPTR FM NORMAL: 2.63 2 = FOG REDUCING VISIBILITY
HIGHEST: 95 ON 9, 8 GRTST 24HR 1.10 ON 26-27 TO 1/4 MILE OR LESS
LOWEST: 44 ON 1 3 = THUNDER
SNOW, ICE PELLETS, HAIL 4 = ICE PELLETS
TOTAL MONTH: 0.0 INCH 5 = HAIL
GRTST 24HR 0.0 6 = FREEZING RAIN OR DRIZZLE
GRTST DEPTH: 0 7 = DUSTSTORM OR SANDSTORM:
VSBY 1/2 MILE OR LESS
8 = SMOKE OR HAZE
[NO. OF DAYS WITH] [WEATHER - DAYS WITH] 9 = BLOWING SNOW
X = TORNADO
MAX 32 OR BELOW: 0 0.01 INCH OR MORE: 18
MAX 90 OR ABOVE: 5 0.10 INCH OR MORE: 10
MIN 32 OR BELOW: 0 0.50 INCH OR MORE: 4
MIN 0 OR BELOW: 0 1.00 INCH OR MORE: 1
[HDD (BASE 65) ]
TOTAL THIS MO. 9 CLEAR (SCALE 0-3) 6
DPTR FM NORMAL -33 PTCLDY (SCALE 4-7) 19
TOTAL FM JUL 1 3048 CLOUDY (SCALE 8-10) 6
DPTR FM NORMAL -192
[CDD (BASE 65) ]
TOTAL THIS MO. 182
DPTR FM NORMAL -28 [PRESSURE DATA]
TOTAL FM JAN 1 223 HIGHEST SLP M ON M
DPTR FM NORMAL -50 LOWEST SLP 29.60 ON 10
[REMARKS]
#FINAL-05-23#