000
CXUS54 KLUB 011333
CF6LBB
PRELIMINARY LOCAL CLIMATOLOGICAL DATA (WS FORM: F-6)
STATION: LUBBOCK
MONTH: FEBRUARY
YEAR: 2024
LATITUDE: 33 39 N
LONGITUDE: 101 49 W
TEMPERATURE IN F: :PCPN: SNOW: WIND :SUNSHINE: SKY :PK WND
================================================================================
1 2 3 4 5 6A 6B 7 8 9 10 11 12 13 14 15 16 17 18
12Z AVG MX 2MIN
DY MAX MIN AVG DEP HDD CDD WTR SNW DPTH SPD SPD DIR MIN PSBL S-S WX SPD DR
================================================================================
1 76 41 59 16 6 0 0.00 0.0 0 10.0 21 260 M M 4 27 240
2 75 42 59 16 6 0 0.00 0.0 0 13.6 39 260 M M 5 18 55 240
3 64 39 52 9 13 0 0.00 0.0 0 18.6 35 260 M M 3 47 260
4 62 38 50 7 15 0 0.00 0.0 0 18.4 32 340 M M 2 44 350
5 60 35 48 5 17 0 0.00 0.0 0 8.3 17 10 M M 5 25 10
6 62 34 48 5 17 0 0.00 0.0 0 11.0 22 180 M M 7 28 170
7 63 46 55 11 10 0 0.04 0.0 0 14.1 36 270 M M 8 8 46 270
8 65 39 52 8 13 0 0.00 0.0 0 18.7 32 280 M M 1 42 280
9 56 41 49 5 16 0 0.00 0.0 0 10.7 22 290 M M 8 27 290
10 53 40 47 3 18 0 0.01 0.0 0 12.0 20 80 M M 8 27 70
11 42 26 34 -10 31 0 0.47 3.6 0 16.9 25 10 M M 10 9 35 20
12 45 17 31 -13 34 0 0.00 0.0 2 8.1 17 290 M M 1 20 290
13 63 28 46 1 19 0 0.00 0.0 0 8.1 16 200 M M 1 21 200
14 71 35 53 8 12 0 0.00 0.0 0 11.0 24 240 M M 1 34 230
15 69 34 52 7 13 0 0.00 0.0 0 10.8 22 200 M M 7 26 200
16 57 30 44 -1 21 0 0.00 0.0 0 14.9 31 360 M M 6 42 360
17 36 25 31 -15 34 0 0.00 0.0 0 10.9 22 60 M M 8 27 50
18 55 20 38 -8 27 0 0.00 0.0 0 11.0 18 200 M M 3 24 220
19 74 31 53 7 12 0 0.00 0.0 0 7.9 20 300 M M 3 24 310
20 81 38 60 14 5 0 0.00 0.0 0 11.6 29 280 M M 6 36 280
21 85 33 59 13 6 0 0.00 0.0 0 14.4 32 250 M M 3 42 190
22 71 40 56 9 9 0 0.00 0.0 0 13.0 24 350 M M 1 31 350
23 67 34 51 4 14 0 0.00 0.0 0 5.7 15 270 M M 4 20 260
24 74 35 55 8 10 0 0.00 0.0 0 11.6 28 210 M M 3 36 220
25 84 44 64 17 1 0 0.00 0.0 0 16.2 33 300 M M 5 8 45 310
26 87 44 66 18 0 1 0.00 0.0 0 18.2 40 270 M M 6 51 240
27 77 42 60 12 5 0 0.00 0.0 0 24.3 43 250 M M 8 78 62 250
28 46 31 39 -9 26 0 0.00 0.0 0 11.6 29 20 M M 9 8 39 20
29 46 32 39 -9 26 0 0.04 0.1 0 9.8 17 190 M M 7 1468 23 190
================================================================================
SM 1866 1014 436 1 0.56 3.7 371.4 M 143
================================================================================
AV 64.3 35.0 12.8 FASTST M M 5 MAX(MPH)
MISC ----> 43 250 62 250
================================================================================
NOTES:
# LAST OF SEVERAL OCCURRENCES
COLUMN 17 PEAK WIND IN M.P.H.
PRELIMINARY LOCAL CLIMATOLOGICAL DATA (WS FORM: F-6) , PAGE 2
STATION: LUBBOCK
MONTH: FEBRUARY
YEAR: 2024
LATITUDE: 33 39 N
LONGITUDE: 101 49 W
[TEMPERATURE DATA] [PRECIPITATION DATA] SYMBOLS USED IN COLUMN 16
AVERAGE MONTHLY: 49.7 TOTAL FOR MONTH: 0.56 1 = FOG OR MIST
DPTR FM NORMAL: 4.6 DPTR FM NORMAL: -0.09 2 = FOG REDUCING VISIBILITY
HIGHEST: 87 ON 26 GRTST 24HR 0.47 ON 11-11 TO 1/4 MILE OR LESS
LOWEST: 17 ON 12 3 = THUNDER
SNOW, ICE PELLETS, HAIL 4 = ICE PELLETS
TOTAL MONTH: 3.7 INCHES 5 = HAIL
GRTST 24HR 3.6 ON 11-11 6 = FREEZING RAIN OR DRIZZLE
GRTST DEPTH: 2 ON 12 7 = DUSTSTORM OR SANDSTORM:
VSBY 1/2 MILE OR LESS
8 = SMOKE OR HAZE
[NO. OF DAYS WITH] [WEATHER - DAYS WITH] 9 = BLOWING SNOW
X = TORNADO
MAX 32 OR BELOW: 0 0.01 INCH OR MORE: 4
MAX 90 OR ABOVE: 0 0.10 INCH OR MORE: 1
MIN 32 OR BELOW: 9 0.50 INCH OR MORE: 0
MIN 0 OR BELOW: 0 1.00 INCH OR MORE: 0
[HDD (BASE 65) ]
TOTAL THIS MO. 436 CLEAR (SCALE 0-3) 11
DPTR FM NORMAL -120 PTCLDY (SCALE 4-7) 15
TOTAL FM JUL 1 2390 CLOUDY (SCALE 8-10) 3
DPTR FM NORMAL -295
[CDD (BASE 65) ]
TOTAL THIS MO. 1
DPTR FM NORMAL 1 [PRESSURE DATA]
TOTAL FM JAN 1 1 HIGHEST SLP 30.42 ON 17
DPTR FM NORMAL 1 LOWEST SLP 29.32 ON 3
[REMARKS]
#FINAL-02-24#